CREATE TABLE "public"."rewards" (
    "ownername" text NOT NULL,
    "membername" text,
    "referalCode" text,
    "amount" numeric NOT NULL,
    "createdAt" timestamp NOT NULL,
    "updatedAt" timestamp NOT NULL,
    "coin" text,
    "type" text,
    "locked" boolean DEFAULT true,
    "referalmount" numeric
) WITH (oids = false);

INSERT INTO "rewards" ("ownername", "membername", "referalCode", "amount", "createdAt", "updatedAt", "coin", "type", "locked", "referalmount") VALUES
('testpro5',	'testpro6',	'tesQtpZw',	0.011717849999999998,	'2024-12-24 18:14:04.710669',	'2024-12-24 18:14:04.710669',	'sbc',	'commission',	't',	NULL),
('testpro5',	'testpro6',	'tesQtpZw',	0.101995975,	'2024-12-27 19:36:29.877324',	'2024-12-27 19:36:29.877324',	'sbc',	'commission',	't',	NULL),
('testpro5',	'testpro6',	'tesQtpZw',	0.1264602,	'2024-12-27 19:37:41.640647',	'2024-12-27 19:37:41.640647',	'sbc',	'commission',	't',	NULL),
('testpro5',	'testpro6',	'tesQtpZw',	0.1509325,	'2024-12-27 19:42:23.085616',	'2024-12-27 19:42:23.085616',	'sbc',	'commission',	't',	NULL),
('testpro5',	'testpro6',	'tesQtpZw',	0.1753752,	'2024-12-27 20:50:57.042653',	'2024-12-27 20:50:57.042653',	'sbc',	'commission',	't',	NULL),
('testpro5',	'testpro6',	'tesQtpZw',	2.3201958,	'2024-12-28 23:06:30.556904',	'2024-12-28 23:06:30.556904',	'sbc',	'commission',	't',	NULL),
('testpro5',	'testpro6',	'tesQtpZw',	4.815722475,	'2024-12-28 23:07:24.211823',	'2024-12-28 23:07:24.211823',	'sbc',	'commission',	't',	NULL),
('testpro5',	'testpro6',	'tesQtpZw',	4.82329435,	'2025-01-03 20:59:24.796019',	'2025-01-03 20:59:24.796019',	'sbc',	'commission',	't',	NULL),
('testpro5',	'testpro6',	'tesQtpZw',	7.3727338,	'2025-01-03 21:07:10.934887',	'2025-01-03 21:07:10.934887',	'sbc',	'commission',	't',	NULL),
('testpro5',	'testpro6',	'tesQtpZw',	4.425553004999999,	'2025-01-31 18:05:00.289935',	'2025-01-31 18:05:00.289935',	'sbc',	'commission',	't',	NULL),
('testpro5',	'testpro6',	'tesQtpZw',	98.0,	'2024-12-24 08:07:27.370602',	'2024-12-24 08:07:27.370602',	'sbc',	'referral',	't',	100),
('zimbacolli',	'manojvar1289',	'zimXI8IX',	0.26882500000000004,	'2025-04-03 02:40:24.37873',	'2025-04-03 02:40:24.37873',	'bjb',	'commission',	't',	NULL),
('zimbacolli',	'manojvar1289',	'zimXI8IX',	0.006447175,	'2025-04-06 02:23:27.549729',	'2025-04-06 02:23:27.549729',	'bjb',	'commission',	't',	NULL),
('zimbacolli',	'manojvar1289',	'zimXI8IX',	0.256352175,	'2025-04-06 02:28:29.77532',	'2025-04-06 02:28:29.77532',	'bjb',	'commission',	't',	NULL),
('dareklawrence19',	'testpro55',	'dar1v9cI',	0.24989999999999998,	'2025-04-06 07:15:38.031467',	'2025-04-06 07:15:38.031467',	'bjb',	'commission',	't',	NULL),
('dareklawrence19',	'testpro55',	'dar1v9cI',	0.24989999999999998,	'2025-04-06 07:15:38.031467',	'2025-04-06 07:15:38.031467',	'bjb',	'commission',	't',	NULL),
('dareklawrence19',	'testpro55',	'dar1v9cI',	0.9995999999999999,	'2025-04-06 07:16:33.250451',	'2025-04-06 07:16:33.250451',	'bjb',	'commission',	't',	NULL),
('dareklawrence19',	'testpro55',	'dar1v9cI',	0.9995999999999999,	'2025-04-06 07:16:33.250451',	'2025-04-06 07:16:33.250451',	'bjb',	'commission',	't',	NULL),
('testpro20',	'testpro24',	'tesGhTN1',	7.6000000000000005,	'2025-05-19 19:35:50.944708',	'2025-05-19 19:35:50.944708',	'bjb',	'commission',	't',	NULL),
('testpro20',	'testpro24',	'tesGhTN1',	7.6000000000000005,	'2025-05-19 19:35:50.944708',	'2025-05-19 19:35:50.944708',	'bjb',	'commission',	't',	NULL),
('cacc17099',	'amjad_a17',	'cacN9esq',	100,	'2025-05-31 12:52:03.525079',	'2025-05-31 12:52:03.525079',	'bjb',	'referral',	't',	100),
('dareklawrence19',	'Sabbirpatel',	'dar1v9cI',	0.099962,	'2025-04-06 01:25:01.576359',	'2025-04-06 01:25:01.576359',	'bjb',	'commission',	't',	NULL),
('testpro20',	'testpro24',	'tesGhTN1',	99.0,	'2025-05-19 19:06:49.714327',	'2025-05-19 19:06:49.714327',	'bjb',	'referral',	't',	100),
('testpro5',	'testpro20',	'tesQtpZw',	0.76,	'2025-05-21 10:32:48.536781',	'2025-05-21 10:32:48.536781',	'bjb',	'commission',	't',	NULL),
('testpro5',	'testpro20',	'tesQtpZw',	8.26,	'2025-05-21 10:36:10.754371',	'2025-05-21 10:36:10.754371',	'bjb',	'commission',	't',	NULL),
('testpro5',	'testpro20',	'tesQtpZw',	8.26,	'2025-05-21 10:36:10.754371',	'2025-05-21 10:36:10.754371',	'bjb',	'commission',	't',	NULL),
('ankit',	'np1717',	'ank9ROh8',	100,	'2025-05-25 16:59:37.758618',	'2025-05-25 16:59:37.758618',	'bjb',	'referral',	't',	100),
('testpro5',	'testpro20',	'tesQtpZw',	99.0,	'2025-05-21 10:20:18.210229',	'2025-05-21 10:20:18.210229',	'bjb',	'referral',	't',	100),
('johnmcilroy',	'testpro100',	'johcII9O',	5,	'2025-05-21 13:00:15.585726',	'2025-05-21 13:00:15.585726',	'bjb',	'commission',	't',	NULL),
('zimbacolli',	'manojvar1289',	'zimXI8IX',	0.2962982,	'2025-04-06 11:49:56.317133',	'2025-04-06 11:49:56.317133',	'bjb',	'commission',	't',	NULL),
('zimbacolli',	'manojvar1289',	'zimXI8IX',	0.356266775,	'2025-04-06 11:50:16.489771',	'2025-04-06 11:50:16.489771',	'bjb',	'commission',	't',	NULL),
('zimbacolli',	'manojvar1289',	'zimXI8IX',	0.35616457500000004,	'2025-04-07 00:20:06.256194',	'2025-04-07 00:20:06.256194',	'bjb',	'commission',	't',	NULL),
('zimbacolli',	'manojvar1289',	'zimXI8IX',	0.35625022500000003,	'2025-04-07 12:08:52.578218',	'2025-04-07 12:08:52.578218',	'bjb',	'commission',	't',	NULL),
('zimbacolli',	'manojvar1289',	'zimXI8IX',	0.356247025,	'2025-04-07 12:10:38.033048',	'2025-04-07 12:10:38.033048',	'bjb',	'commission',	't',	NULL),
('zimbacolli',	'manojvar1289',	'zimXI8IX',	0.36124422500000003,	'2025-04-07 12:15:59.870437',	'2025-04-07 12:15:59.870437',	'bjb',	'commission',	't',	NULL),
('zimbacolli',	'manojvar1289',	'zimXI8IX',	0.36125104999999996,	'2025-04-07 13:12:37.100457',	'2025-04-07 13:12:37.100457',	'bjb',	'commission',	't',	NULL),
('johnmcilroy',	'Checking1211',	'johcII9O',	100,	'2025-05-23 06:50:33.966428',	'2025-05-23 06:50:33.966428',	'bjb',	'referral',	't',	100),
('Checking1211',	'jackymckay1476',	'CheBmhBw',	46.072350725,	'2025-05-23 08:09:15.289125',	'2025-05-23 08:09:15.289125',	'bjb',	'commission',	't',	NULL),
('Checking1211',	'jackymckay1476',	'CheBmhBw',	46.072350725,	'2025-05-23 08:09:15.289125',	'2025-05-23 08:09:15.289125',	'bjb',	'commission',	't',	NULL),
('Checking1211',	'jackymckay1476',	'CheBmhBw',	46.07414785,	'2025-05-23 12:08:57.818196',	'2025-05-23 12:08:57.818196',	'bjb',	'commission',	't',	NULL),
('Checking1211',	'jackymckay1476',	'CheBmhBw',	46.07414785,	'2025-05-23 12:08:57.818196',	'2025-05-23 12:08:57.818196',	'bjb',	'commission',	't',	NULL),
('cacc17099',	'amjad_a17',	'cacN9esq',	0.005,	'2025-06-01 01:40:46.894497',	'2025-06-01 01:40:46.894497',	'bjb',	'commission',	't',	NULL),
('Checking1211',	'jackymckay1476',	'CheBmhBw',	80,	'2025-05-23 07:18:16.472068',	'2025-05-23 07:18:16.472068',	'bjb',	'referral',	't',	100),
('vpau1211',	'cacc17099',	'vpajTyI2',	1.5,	'2025-05-24 01:01:03.728567',	'2025-05-24 01:01:03.728567',	'bjb',	'commission',	't',	NULL),
('vpau1211',	'cacc17099',	'vpajTyI2',	329.18,	'2025-05-24 01:05:42.763754',	'2025-05-24 01:05:42.763754',	'bjb',	'commission',	't',	NULL),
('vpau1211',	'cacc17099',	'vpajTyI2',	656.86,	'2025-05-24 01:42:52.745053',	'2025-05-24 01:42:52.745053',	'bjb',	'commission',	't',	NULL),
('sambaraodada',	'manekraobaba',	'samHKkqB',	460.14031462500003,	'2025-05-26 06:34:21.034168',	'2025-05-26 06:34:21.034168',	'bjb',	'commission',	't',	NULL),
('vpau1211',	'cacc17099',	'vpajTyI2',	0,	'2025-05-24 00:55:21.710613',	'2025-05-24 00:55:21.710613',	'bjb',	'referral',	't',	100),
('sambaraodada',	'manekraobaba',	'samHKkqB',	75,	'2025-05-26 06:31:00.295284',	'2025-05-26 06:31:00.295284',	'bjb',	'referral',	't',	100),
('cacc17099',	'amjad_a17',	'cacN9esq',	0.04,	'2025-06-01 01:58:15.423613',	'2025-06-01 01:58:15.423613',	'bjb',	'commission',	't',	NULL),
('ankit',	'np1717',	'ank9ROh8',	0.003959375,	'2025-05-26 10:28:18.526884',	'2025-05-26 10:28:18.526884',	'bjb',	'commission',	't',	NULL),
('ankit',	'np1717',	'ank9ROh8',	0.032994724999999996,	'2025-05-26 10:35:51.334523',	'2025-05-26 10:35:51.334523',	'bjb',	'commission',	't',	NULL),
('cacc17099',	'amjad_a17',	'cacN9esq',	0.0475,	'2025-06-01 02:03:03.004598',	'2025-06-01 02:03:03.004598',	'bjb',	'commission',	't',	NULL),
('cacc17099',	'amjad_a17',	'cacN9esq',	0.076,	'2025-06-01 02:09:10.862117',	'2025-06-01 02:09:10.862117',	'bjb',	'commission',	't',	NULL),
('Devang12345',	'Herry1234',	'Devi6HNG',	100,	'2025-06-01 03:23:52.668746',	'2025-06-01 03:23:52.668746',	'bjb',	'referral',	't',	100),
('ankit',	'Harshdeep',	'ank9ROh8',	100,	'2025-05-26 13:17:41.215093',	'2025-05-26 13:17:41.215093',	'bjb',	'referral',	't',	100),
('ankit',	'PRAGNESHKUMAR',	'ank9ROh8',	100,	'2025-05-26 15:35:33.082698',	'2025-05-26 15:35:33.082698',	'bjb',	'referral',	't',	100),
('vpau1211',	'cacc17099',	'vpajTyI2',	881.443098025,	'2025-06-02 01:25:49.023119',	'2025-06-02 01:25:49.023119',	'bjb',	'commission',	't',	NULL),
('vpau1211',	'Mayank patel',	'vpajTyI2',	100,	'2025-06-02 07:56:43.084972',	'2025-06-02 07:56:43.084972',	'bjb',	'referral',	't',	100),
('vpau1211',	'Parthpatel5758',	'vpajTyI2',	100,	'2025-06-02 08:12:18.949588',	'2025-06-02 08:12:18.949588',	'bjb',	'referral',	't',	100),
('vpau1211',	'Denisha2408',	'vpajTyI2',	100,	'2025-06-02 08:32:22.997666',	'2025-06-02 08:32:22.997666',	'bjb',	'referral',	't',	100),
('ankit',	'PRAGNESHKUMAR',	'ank9ROh8',	0.002936975,	'2025-05-27 06:48:24.836932',	'2025-05-27 06:48:24.836932',	'bjb',	'commission',	't',	NULL),
('ankit',	'Kavitmodi ',	'ank9ROh8',	100,	'2025-05-27 07:14:56.845072',	'2025-05-27 07:14:56.845072',	'bjb',	'referral',	't',	100),
('ankit',	'kavitmodi',	'ank9ROh8',	100,	'2025-05-27 07:28:27.788189',	'2025-05-27 07:28:27.788189',	'bjb',	'referral',	't',	100),
('ankit',	'dashing',	'ank9ROh8',	100,	'2025-05-27 07:39:06.23576',	'2025-05-27 07:39:06.23576',	'bjb',	'referral',	't',	100),
('ankit',	'kavitmodi',	'ank9ROh8',	0.003524375,	'2025-05-27 08:11:05.603527',	'2025-05-27 08:11:05.603527',	'bjb',	'commission',	't',	NULL),
('vpau1211',	'Glen Maxwell',	'vpajTyI2',	100,	'2025-06-02 08:33:54.515529',	'2025-06-02 08:33:54.515529',	'bjb',	'referral',	't',	100),
('testpro20',	'testpro24',	'tesGhTN1',	0.1,	'2025-05-19 19:30:44.647345',	'2025-05-19 19:30:44.647345',	'bjb',	'commission',	't',	NULL),
('regan9772',	'johnmcilroy',	'regP7OmX',	100,	'2025-05-21 04:50:35.474136',	'2025-05-21 04:50:35.474136',	'bjb',	'referral',	't',	100),
('zimbacolli',	'manojvar1289',	'zimXI8IX',	212.20955010000003,	'2025-05-02 02:05:53.798834',	'2025-05-02 02:05:53.798834',	'bjb',	'commission',	't',	NULL),
('ankit',	'kavitmodi',	'ank9ROh8',	0.00881095,	'2025-05-27 08:35:29.500908',	'2025-05-27 08:35:29.500908',	'bjb',	'commission',	't',	NULL),
('ankit',	'Harshdeep',	'ank9ROh8',	0.008846175,	'2025-05-27 08:36:57.524751',	'2025-05-27 08:36:57.524751',	'bjb',	'commission',	't',	NULL),
('ankit',	'Harshdeep',	'ank9ROh8',	0.011313249999999999,	'2025-05-27 08:40:51.760042',	'2025-05-27 08:40:51.760042',	'bjb',	'commission',	't',	NULL),
('ankit',	'Krupali Modi ',	'ank9ROh8',	100,	'2025-05-27 11:59:05.8357',	'2025-05-27 11:59:05.8357',	'bjb',	'referral',	't',	100),
('ankit',	'Harshdeep',	'ank9ROh8',	0.016256175,	'2025-05-27 12:51:28.126579',	'2025-05-27 12:51:28.126579',	'bjb',	'commission',	't',	NULL),
('ankit',	'Harshdeep',	'ank9ROh8',	0.02301125,	'2025-05-27 18:22:17.436951',	'2025-05-27 18:22:17.436951',	'bjb',	'commission',	't',	NULL),
('ankit',	'Harshdeep ',	'ank9ROh8',	100,	'2025-05-28 06:33:16.780752',	'2025-05-28 06:33:16.780752',	'bjb',	'referral',	't',	100),
('vpau1211',	'Parthpatel5758',	'vpajTyI2',	0.771000125,	'2025-06-02 08:39:23.859787',	'2025-06-02 08:39:23.859787',	'bjb',	'commission',	't',	NULL),
('vpau1211',	'Glen Maxwell',	'vpajTyI2',	0.082356825,	'2025-06-02 08:45:16.990575',	'2025-06-02 08:45:16.990575',	'bjb',	'commission',	't',	NULL),
('vpau1211',	'Glen Maxwell',	'vpajTyI2',	0.08673752500000001,	'2025-06-02 08:57:07.62845',	'2025-06-02 08:57:07.62845',	'bjb',	'commission',	't',	NULL),
('vpau1211',	'cacc17099',	'vpajTyI2',	0,	'2025-08-23 07:51:20.481523',	'2025-08-23 07:51:20.481523',	'bjb',	'commission',	't',	NULL),
('vpau1211',	'RahulA',	'vpajTyI2',	100,	'2025-06-03 12:50:52.22073',	'2025-06-03 12:50:52.22073',	'bjb',	'referral',	't',	100),
('vpau1211',	'cacc17099',	'vpajTyI2',	882.3651316250001,	'2025-06-03 23:24:24.717229',	'2025-06-03 23:24:24.717229',	'bjb',	'commission',	't',	NULL),
('johnmcilroy',	'testpro100',	'johcII9O',	99.5,	'2025-05-21 08:39:37.147475',	'2025-05-21 08:39:37.147475',	'bjb',	'referral',	't',	100),
('johnmcilroy',	'Georgem196060',	'johcII9O',	276.6675,	'2025-05-22 11:49:21.689858',	'2025-05-22 11:49:21.689858',	'bjb',	'commission',	't',	NULL),
('johnmcilroy',	'Georgem196060',	'johcII9O',	276.6675,	'2025-05-22 11:49:21.689858',	'2025-05-22 11:49:21.689858',	'bjb',	'commission',	't',	NULL),
('Devang12345',	'Chirag23',	'Devi6HNG',	100,	'2025-06-04 05:49:53.653708',	'2025-06-04 05:49:53.653708',	'bjb',	'referral',	't',	100),
('johnmcilroy',	'Georgem196060',	'johcII9O',	76,	'2025-05-22 11:45:42.112802',	'2025-05-22 11:45:42.112802',	'bjb',	'referral',	't',	100),
('vpau1211',	'cacc17099',	'vpajTyI2',	820.7,	'2025-05-24 01:45:08.163917',	'2025-05-24 01:45:08.163917',	'bjb',	'commission',	't',	NULL),
('vpau1211',	'YASH001',	'vpajTyI2',	100,	'2025-06-04 06:23:23.054693',	'2025-06-04 06:23:23.054693',	'bjb',	'referral',	't',	100),
('vpau1211',	'YASH001',	'vpajTyI2',	0.29170925000000003,	'2025-06-04 07:17:25.304049',	'2025-06-04 07:17:25.304049',	'bjb',	'commission',	't',	NULL),
('vpau1211',	'angelmila1989',	'vpajTyI2',	1.6297666000000002,	'2025-06-05 08:41:36.718408',	'2025-06-05 08:41:36.718408',	'bjb',	'commission',	't',	NULL),
('vpau1211',	'angelmila1989',	'vpajTyI2',	206.4297666,	'2025-06-05 08:42:31.975135',	'2025-06-05 08:42:31.975135',	'bjb',	'commission',	't',	NULL),
('vpau1211',	'angelmila1989',	'vpajTyI2',	28,	'2025-06-05 08:29:09.832136',	'2025-06-05 08:29:09.832136',	'bjb',	'referral',	't',	100),
('vpau1211',	'angelmila1989',	'vpajTyI2',	288.3497666,	'2025-06-05 08:43:33.531292',	'2025-06-05 08:43:33.531292',	'bjb',	'commission',	't',	NULL),
('vpau1211',	'angelmila1989',	'vpajTyI2',	298.5897666,	'2025-06-05 08:44:07.146695',	'2025-06-05 08:44:07.146695',	'bjb',	'commission',	't',	NULL),
('vpau1211',	'angelmila1989',	'vpajTyI2',	298.5897666,	'2025-06-05 08:44:07.146695',	'2025-06-05 08:44:07.146695',	'bjb',	'commission',	't',	NULL),
('vpau1211',	'angelmila1989',	'vpajTyI2',	299.5897666,	'2025-06-05 08:48:39.242732',	'2025-06-05 08:48:39.242732',	'bjb',	'commission',	't',	NULL),
('vpau1211',	'angelmila1989',	'vpajTyI2',	299.8404428,	'2025-06-06 00:56:58.443067',	'2025-06-06 00:56:58.443067',	'bjb',	'commission',	't',	NULL),
('ankit',	'Rajni',	'ank9ROh8',	100,	'2025-06-08 14:08:30.040008',	'2025-06-08 14:08:30.040008',	'bjb',	'referral',	't',	100),
('YASH001',	'Ashish6310',	'YASW4Jck',	100,	'2025-06-15 13:21:43.644909',	'2025-06-15 13:21:43.644909',	'bjb',	'referral',	't',	100),
('vpau1211',	'YASH001',	'vpajTyI2',	0.29070225,	'2025-06-15 13:46:58.244416',	'2025-06-15 13:46:58.244416',	'bjb',	'commission',	't',	NULL),
('vpau1211',	'cacc17099',	'vpajTyI2',	998.274392595,	'2025-06-22 01:55:49.190684',	'2025-06-22 01:55:49.190684',	'bjb',	'commission',	't',	NULL),
('ankit',	'nike1717',	'ank9ROh8',	10,	'2025-06-18 16:04:50.762373',	'2025-06-18 16:04:50.762373',	'bjb',	'referral',	't',	10),
('ankit',	'kavitmodi',	'ank9ROh8',	0.005192174999999999,	'2025-06-23 17:11:44.339242',	'2025-06-23 17:11:44.339242',	'bjb',	'commission',	't',	NULL),
('ankit',	'kavitmodi',	'ank9ROh8',	0.0052569,	'2025-07-02 06:47:47.461005',	'2025-07-02 06:47:47.461005',	'bjb',	'commission',	't',	NULL),
('vpau1211',	'sherwoodbradley',	'vpajTyI2',	10,	'2025-07-17 23:23:49.04377',	'2025-07-17 23:23:49.04377',	'bjb',	'referral',	't',	10),
('cacc17099',	'raojima98',	'cacN9esq',	539.2935,	'2025-07-18 07:57:46.665705',	'2025-07-18 07:57:46.665705',	'bjb',	'commission',	't',	NULL),
('cacc17099',	'raojima98',	'cacN9esq',	50,	'2025-07-18 07:55:25.340895',	'2025-07-18 07:55:25.340895',	'bjb',	'referral',	't',	100),
('vpau1211',	'sahab7890',	'vpajTyI2',	538.3358999999999,	'2025-07-18 08:16:24.471492',	'2025-07-18 08:16:24.471492',	'bjb',	'commission',	't',	NULL),
('vpau1211',	'sahab7890',	'vpajTyI2',	50,	'2025-07-18 08:10:42.314628',	'2025-07-18 08:10:42.314628',	'bjb',	'referral',	't',	100);

DROP SEQUENCE IF EXISTS roles_id_seq;
CREATE SEQUENCE roles_id_seq INCREMENT 1 MINVALUE 1 MAXVALUE 2147483647 START 1 CACHE 1;

CREATE TABLE "public"."roles" (
    "id" integer DEFAULT nextval('roles_id_seq') NOT NULL,
    "name" character varying(50) NOT NULL,
    "level" integer NOT NULL,
    "responsibilities" text,
    CONSTRAINT "roles_name_key" UNIQUE ("name"),
    CONSTRAINT "roles_pkey" PRIMARY KEY ("id")
) WITH (oids = false);

INSERT INTO "roles" ("id", "name", "level", "responsibilities") VALUES
(1,	'SuperAdmin',	0,	'Full platform control, infinite balance'),
(2,	'Admin',	1,	'Create SubAdmins, fund them, view total hierarchy'),
(3,	'SubAdmin',	2,	'Create Masters, fund them, view own tree'),
(4,	'Master',	3,	'Create Agents, fund them'),
(5,	'Agent',	4,	'Create SubAgents, fund them'),
(6,	'SubAgent',	5,	'Create Users (players), fund them'),
(7,	'User',	6,	'Play games only');

DROP SEQUENCE IF EXISTS roles_keys_id_seq;
CREATE SEQUENCE roles_keys_id_seq INCREMENT 1 MINVALUE 1 MAXVALUE 2147483647 START 1 CACHE 1;

CREATE TABLE "public"."roles_keys" (
    "id" integer DEFAULT nextval('roles_keys_id_seq') NOT NULL,
    "role_key" text NOT NULL,
    "role" text NOT NULL,
    CONSTRAINT "roles_keys_pkey" PRIMARY KEY ("id"),
    CONSTRAINT "roles_keys_role_key_key" UNIQUE ("role_key")
) WITH (oids = false);

INSERT INTO "roles_keys" ("id", "role_key", "role") VALUES
(1,	'8a37f45e02c57b489f9b5a9949154cf3b8c48540744185c463df5f79f25d9053',	'user'),
(2,	'3c95e1f2a6b8d740c9e3812f5d7694b0a2c8157e943fd6802b5e9c71m4a3h8p9',	'admin');

CREATE TABLE "public"."session_1m" (
    "sessionid" character varying(250),
    "status" character varying(250),
    "win" character varying(250)
) WITH (oids = false);


CREATE TABLE "public"."session_2m" (
    "sessionid" character varying(250),
    "status" character varying(250),
    "win" character varying(250)
) WITH (oids = false);


CREATE TABLE "public"."session_30s" (
    "sessionid" character varying(250),
    "status" character varying(250),
    "win" character varying(250)
) WITH (oids = false);


CREATE TABLE "public"."settings" (
    "bots" text,
    "id" numeric
) WITH (oids = false);


CREATE TABLE "public"."siteconfig" (
    "registerbonus" numeric NOT NULL,
    "createdat" timestamp NOT NULL,
    "updatedat" timestamp NOT NULL,
    "sports" boolean DEFAULT true,
    "affiliatebonus" numeric DEFAULT '20' NOT NULL,
    "comissionpercent" numeric DEFAULT '5' NOT NULL,
    "inr" boolean DEFAULT true,
    "mvr" boolean DEFAULT true,
    "aed" boolean DEFAULT true,
    "pkr" boolean DEFAULT true,
    "cryptocoin" boolean DEFAULT true,
    "bjb" boolean DEFAULT true,
    "casino" boolean DEFAULT true,
    "lotto" boolean DEFAULT true,
    "vipclub" boolean DEFAULT true,
    "clubmembership" boolean DEFAULT true,
    "bonus" boolean DEFAULT true,
    "affiliate" boolean DEFAULT true,
    "crash" boolean DEFAULT true,
    "originals" boolean DEFAULT true,
    "livegames" boolean DEFAULT true,
    "slotsgames" boolean DEFAULT true,
    "alllivegames" boolean DEFAULT true,
    "allslotsgames" boolean DEFAULT true,
    "lotterygames" boolean DEFAULT true,
    "indiangames" boolean DEFAULT true,
    "cards" boolean DEFAULT true,
    "jilli" boolean DEFAULT true,
    "bdt" boolean DEFAULT true,
    "clubrake" numeric,
    "instantgames" boolean DEFAULT true NOT NULL,
    "btc" boolean DEFAULT true NOT NULL,
    "eth" boolean DEFAULT true NOT NULL,
    "ltc" boolean DEFAULT true NOT NULL,
    "bch" boolean DEFAULT true NOT NULL,
    "usdt" boolean DEFAULT true NOT NULL,
    "trx" boolean DEFAULT true NOT NULL,
    "doge" boolean DEFAULT true NOT NULL,
    "ada" boolean DEFAULT true NOT NULL,
    "xrp" boolean DEFAULT true NOT NULL,
    "bnb" boolean DEFAULT true NOT NULL,
    "usdp" boolean DEFAULT true NOT NULL,
    "nexo" boolean DEFAULT true NOT NULL,
    "mkr" boolean DEFAULT true NOT NULL,
    "tusd" boolean DEFAULT true NOT NULL,
    "usdc" boolean DEFAULT true NOT NULL,
    "busd" boolean DEFAULT true NOT NULL,
    "nc" boolean DEFAULT true NOT NULL,
    "npr" boolean DEFAULT true NOT NULL,
    "shib" boolean DEFAULT true NOT NULL,
    "matic" boolean DEFAULT true NOT NULL,
    "sc" boolean DEFAULT true NOT NULL,
    "spribe" boolean DEFAULT true NOT NULL,
    "evolution" boolean DEFAULT true NOT NULL,
    "pragmaticslots" boolean DEFAULT true NOT NULL,
    "pragmaticlive" boolean DEFAULT true NOT NULL,
    "ideal" boolean DEFAULT true NOT NULL,
    "microgaming" boolean DEFAULT true NOT NULL,
    "pgsoft" boolean DEFAULT true NOT NULL,
    "hacksawgaming" boolean DEFAULT true NOT NULL,
    "jili" boolean DEFAULT true NOT NULL,
    "netent" boolean DEFAULT true NOT NULL,
    "esports" boolean DEFAULT true NOT NULL,
    "provablyfair" boolean DEFAULT true NOT NULL
) WITH (oids = false);

INSERT INTO "siteconfig" ("registerbonus", "createdat", "updatedat", "sports", "affiliatebonus", "comissionpercent", "inr", "mvr", "aed", "pkr", "cryptocoin", "bjb", "casino", "lotto", "vipclub", "clubmembership", "bonus", "affiliate", "crash", "originals", "livegames", "slotsgames", "alllivegames", "allslotsgames", "lotterygames", "indiangames", "cards", "jilli", "bdt", "clubrake", "instantgames", "btc", "eth", "ltc", "bch", "usdt", "trx", "doge", "ada", "xrp", "bnb", "usdp", "nexo", "mkr", "tusd", "usdc", "busd", "nc", "npr", "shib", "matic", "sc", "spribe", "evolution", "pragmaticslots", "pragmaticlive", "ideal", "microgaming", "pgsoft", "hacksawgaming", "jili", "netent", "esports", "provablyfair") VALUES
(0,	'2024-12-02 20:48:01.551046',	'2025-10-09 07:16:20.595889',	't',	100,	25,	't',	't',	't',	't',	't',	't',	't',	't',	't',	't',	't',	't',	't',	't',	't',	't',	't',	't',	't',	't',	't',	't',	't',	10,	't',	't',	't',	't',	't',	't',	't',	't',	't',	't',	't',	't',	't',	't',	't',	't',	't',	't',	't',	't',	't',	't',	't',	't',	't',	't',	't',	't',	't',	't',	't',	't',	't',	't');

CREATE TABLE "public"."sports_bet_result_cache" (
    "user_id" text NOT NULL,
    "eventid" text NOT NULL,
    "match_id" text NOT NULL,
    "bucket" text NOT NULL,
    "declared" boolean DEFAULT false NOT NULL,
    "is_match_over" boolean DEFAULT false NOT NULL,
    "winner_name" text,
    "winner_id" bigint,
    "market_id" text,
    "market_name" text,
    "provider" text,
    "betting_type" text,
    "declared_at" timestamptz,
    "api_snapshot" jsonb,
    "recorded_at" timestamptz DEFAULT now() NOT NULL,
    CONSTRAINT "sports_bet_result_cache_pk" PRIMARY KEY ("user_id", "eventid", "match_id", "bucket")
) WITH (oids = false);


CREATE TABLE "public"."sports_bets" (
    "id" integer DEFAULT GENERATED BY DEFAULT AS IDENTITY NOT NULL,
    "user_id" bigint NOT NULL,
    "game_type" character varying(100),
    "match_title" character varying(255),
    "team_one" character varying(255),
    "team_two" character varying(255),
    "selection_name" character varying(255),
    "category" character varying(100),
    "bet_type" character varying(100),
    "odds" numeric(10,4),
    "stake_amount" numeric(15,2),
    "original_currency" character varying(10),
    "original_amount" numeric(15,2),
    "usd_amount" numeric(15,2),
    "liability" numeric(15,2),
    "match_start_time" timestamp,
    "match_end_time" timestamp,
    "created_at" timestamp DEFAULT CURRENT_TIMESTAMP,
    "updated_at" timestamp DEFAULT CURRENT_TIMESTAMP,
    "match_id" character varying(100),
    "exposure_after_bet" numeric(15,2),
    "status" character varying(20),
    "eventid" text,
    "job_id" uuid,
    "ip_address" text,
    "fancy_name" text,
    "result_status" text DEFAULT 'pending',
    "fixed" integer DEFAULT '0',
    "counts" integer DEFAULT '2',
    "enddatemax" timestamp,
    CONSTRAINT "sports_bets_pkey" PRIMARY KEY ("id")
) WITH (oids = false);

CREATE INDEX "idx_sports_bets_created_at" ON "public"."sports_bets" USING btree ("created_at");

CREATE INDEX "idx_sports_bets_game_type" ON "public"."sports_bets" USING btree ("game_type");

CREATE INDEX "idx_sports_bets_match_start_time" ON "public"."sports_bets" USING btree ("match_start_time");

CREATE INDEX "idx_sports_bets_user_id" ON "public"."sports_bets" USING btree ("user_id");

INSERT INTO "sports_bets" ("id", "user_id", "game_type", "match_title", "team_one", "team_two", "selection_name", "category", "bet_type", "odds", "stake_amount", "original_currency", "original_amount", "usd_amount", "liability", "match_start_time", "match_end_time", "created_at", "updated_at", "match_id", "exposure_after_bet", "status", "eventid", "job_id", "ip_address", "fancy_name", "result_status", "fixed", "counts", "enddatemax") VALUES
(6,	2386483727,	'MO',	'Joburg Super Kings v Durban Super Giants',	'Joburg Super Kings',	'Durban Super Giants',	'Joburg Super Kings',	'1',	'back',	3.0000,	100.00,	'INR',	100.00,	1.20,	100.00,	'2026-01-01 19:17:21.689',	NULL,	'2026-01-01 20:17:21.857649',	'2026-01-01 20:44:20.977237',	'1.252203309',	100.00,	'closed',	'35100644',	'7b6ee001-5add-41d6-ab57-904d29befc85',	'117.99.254.165',	'NULL',	'won',	1,	2,	NULL),
(2,	2386483727,	'MO',	'Elena Pridankina v Anastasia Zakharova',	'Elena Pridankina',	'Anastasia Zakharova',	'Elena Pridankina',	'1',	'back',	1.4400,	100.00,	'INR',	100.00,	1.20,	100.00,	'2025-12-01 12:58:52.084',	NULL,	'2025-12-01 13:58:52.18094',	'2025-12-01 14:26:00.623113',	'1.251208341',	100.00,	'closed',	'35016170',	'600fde7d-520b-4aac-827e-4a71108bf79b',	'122.173.28.109',	'NULL',	'won',	1,	2,	NULL),
(3,	2386483727,	'MO',	'Freya Christie v Polina Iatcenko',	'Freya Christie',	'Polina Iatcenko',	'Polina Iatcenko',	'1',	'lay',	1.0100,	300.00,	'INR',	300.00,	3.61,	3.00,	'2025-12-01 13:21:19.991',	NULL,	'2025-12-01 14:21:20.080066',	'2025-12-01 14:55:50.9432',	'1.251208345',	3.00,	'closed',	'35016181',	'd5bafd4c-f811-4202-a563-deff88f3f854',	'122.173.28.109',	'NULL',	'loss',	1,	2,	NULL),
(4,	5234034987,	'MO',	'Artech CC v Stack CC',	'Artech CC',	'Stack CC',	'Stack CC',	'1',	'lay',	1.9900,	100.00,	'INR',	100.00,	1.20,	99.00,	'2025-12-24 19:40:58.285',	NULL,	'2025-12-24 20:40:58.390521',	'2025-12-27 15:52:50.914173',	'1.251997511',	99.00,	'closed',	'35083905',	'ae89370e-5f4a-49da-aead-47f5d60eebc9',	'122.173.28.211',	'NULL',	'won',	1,	2,	NULL),
(5,	2386483727,	'MO',	'Sunrisers Eastern Cape v Pretoria Capitals',	'Sunrisers Eastern Cape',	'Pretoria Capitals',	'Sunrisers Eastern Cape',	'1',	'lay',	1.1700,	10.00,	'INR',	10.00,	0.12,	1.70,	'2025-12-29 17:31:35.313',	NULL,	'2025-12-29 18:31:35.678276',	'2025-12-29 19:57:31.306827',	'1.252150067',	1.70,	'closed',	'35094187',	'a2b405ad-8db7-493d-8649-54a27638e0a7',	'223.228.143.195',	'NULL',	'loss',	1,	2,	NULL);

DROP SEQUENCE IF EXISTS sports_config_id_seq;
CREATE SEQUENCE sports_config_id_seq INCREMENT 1 MINVALUE 1 MAXVALUE 2147483647 START 1 CACHE 1;

CREATE TABLE "public"."sports_config" (
    "id" integer DEFAULT nextval('sports_config_id_seq') NOT NULL,
    "game_id" integer NOT NULL,
    "game_name" character varying(50) NOT NULL,
    "enabled" boolean DEFAULT false,
    "created_at" timestamp DEFAULT CURRENT_TIMESTAMP,
    "updated_at" timestamp DEFAULT CURRENT_TIMESTAMP,
    CONSTRAINT "sports_config_pkey" PRIMARY KEY ("id")
) WITH (oids = false);

INSERT INTO "sports_config" ("id", "game_id", "game_name", "enabled", "created_at", "updated_at") VALUES
(1,	4,	'Cricket',	't',	'2024-12-10 06:16:15.573013',	'2025-01-16 19:25:32.521181'),
(2,	2,	'Tennis',	't',	'2024-12-10 06:16:15.573013',	'2025-01-16 19:25:34.716463'),
(3,	1,	'Soccer',	't',	'2024-12-10 06:16:15.573013',	'2025-01-16 19:25:33.718986'),
(4,	6423,	'American Football',	't',	'2025-07-18 21:12:53.747042',	'2025-07-18 21:13:45.828678'),
(5,	7511,	'Baseball',	't',	'2025-07-18 21:12:53.747042',	'2025-07-18 21:13:45.828678'),
(6,	7522,	'Basketball',	't',	'2025-07-18 21:12:53.747042',	'2025-07-18 21:13:45.828678'),
(7,	6,	'Boxing',	't',	'2025-07-18 21:12:53.747042',	'2025-07-18 21:13:45.828678'),
(8,	3503,	'Darts',	't',	'2025-07-18 21:12:53.747042',	'2025-07-18 21:13:45.828678'),
(9,	2152880,	'Gaelic Games',	't',	'2025-07-18 21:12:53.747042',	'2025-07-18 21:13:45.828678'),
(10,	3,	'Golf',	't',	'2025-07-18 21:12:53.747042',	'2025-07-18 21:13:45.828678'),
(11,	4339,	'Greyhound Racing',	't',	'2025-07-18 21:12:53.747042',	'2025-07-18 21:13:45.828678'),
(12,	15,	'Greyhound Todays Card',	't',	'2025-07-18 21:12:53.747042',	'2025-07-18 21:13:45.828678'),
(13,	13,	'Horse Race Todays Card',	't',	'2025-07-18 21:12:53.747042',	'2025-07-18 21:13:45.828678'),
(14,	7,	'Horse Racing',	't',	'2025-07-18 21:12:53.747042',	'2025-07-18 21:13:45.828678'),
(15,	26420387,	'Mixed Martial Arts',	't',	'2025-07-18 21:12:53.747042',	'2025-07-18 21:13:45.828678'),
(16,	8,	'Motor Sport',	't',	'2025-07-18 21:12:53.747042',	'2025-07-18 21:13:45.828678'),
(17,	1477,	'Rugby League',	't',	'2025-07-18 21:12:53.747042',	'2025-07-18 21:13:45.828678'),
(18,	5,	'Rugby Union',	't',	'2025-07-18 21:12:53.747042',	'2025-07-18 21:13:45.828678'),
(19,	6422,	'Snooker',	't',	'2025-07-18 21:12:53.747042',	'2025-07-18 21:13:45.828678');

CREATE TABLE "public"."sports_event_result_scan" (
    "user_id" text NOT NULL,
    "eventid" text NOT NULL,
    "declared" boolean DEFAULT false NOT NULL,
    "counts" jsonb DEFAULT '{}' NOT NULL,
    "checked_at" timestamptz DEFAULT now() NOT NULL,
    CONSTRAINT "sports_event_result_scan_pk" PRIMARY KEY ("user_id", "eventid")
) WITH (oids = false);

INSERT INTO "sports_event_result_scan" ("user_id", "eventid", "declared", "counts", "checked_at") VALUES
('2386483727',	'35016181',	't',	'{"total": 1}',	'2025-12-01 14:55:44.563481+01'),
('5234034987',	'35083905',	't',	'{"total": 1}',	'2025-12-27 15:52:22.869629+01'),
('2386483727',	'35100644',	't',	'{"total": 1}',	'2026-01-01 20:44:01.373444+01'),
('2386483727',	'34988113',	'f',	'{"total": 1}',	'2025-12-01 14:20:44.571114+01'),
('2386483727',	'35016170',	't',	'{"total": 1}',	'2025-12-01 14:25:44.670163+01'),
('2386483727',	'35094187',	't',	'{"total": 1}',	'2025-12-29 19:57:24.784515+01');

DROP SEQUENCE IF EXISTS sports_event_result_summary_id_seq;
CREATE SEQUENCE sports_event_result_summary_id_seq INCREMENT 1 MINVALUE 1 MAXVALUE 9223372036854775807 START 1 CACHE 1;

CREATE TABLE "public"."sports_event_result_summary" (
    "id" bigint DEFAULT nextval('sports_event_result_summary_id_seq') NOT NULL,
    "user_id" text NOT NULL,
    "eventid" text NOT NULL,
    "declared" boolean NOT NULL,
    "counts" jsonb NOT NULL,
    "result_meta" jsonb,
    "sections" jsonb,
    "recorded_at" timestamptz DEFAULT now() NOT NULL,
    CONSTRAINT "sports_event_result_summary_pkey" PRIMARY KEY ("id")
) WITH (oids = false);


CREATE TABLE "public"."sports_event_settlement_jobs" (
    "job_id" uuid NOT NULL,
    "user_id" text NOT NULL,
    "eventid" text NOT NULL,
    "status" text DEFAULT 'queued' NOT NULL,
    "priority" integer DEFAULT '5' NOT NULL,
    "run_after" timestamptz DEFAULT now() NOT NULL,
    "payload" jsonb NOT NULL,
    "error_msg" text,
    "created_at" timestamptz DEFAULT now() NOT NULL,
    "updated_at" timestamptz DEFAULT now() NOT NULL,
    "bet_type" text,
    "bet_id" text,
    CONSTRAINT "settlement_jobs_unique" UNIQUE ("user_id", "eventid", "bet_id"),
    CONSTRAINT "sports_event_settlement_jobs_pkey" PRIMARY KEY ("job_id")
) WITH (oids = false);

INSERT INTO "sports_event_settlement_jobs" ("job_id", "user_id", "eventid", "status", "priority", "run_after", "payload", "error_msg", "created_at", "updated_at", "bet_type", "bet_id") VALUES
('7b6ee001-5add-41d6-ab57-904d29befc85',	'2386483727',	'35100644',	'done',	5,	'2026-01-01 20:44:01.377+01',	'{"bet": {"id": 6, "odds": 3, "status": "open", "eventid": "35100644", "user_id": "2386483727", "bet_type": "back", "match_id": "1.252203309", "game_type": "MO", "created_at": "2026-01-01T19:17:21.857Z", "enddatemax": null, "fancy_name": "NULL", "match_title": "Joburg Super Kings v Durban Super Giants", "stake_amount": 100, "selection_name": "Joburg Super Kings"}, "bet_id": "6", "eventid": "35100644", "user_id": "2386483727", "bet_type": "back", "match_over": true}',	NULL,	'2026-01-01 20:40:01.407163+01',	'2026-01-01 20:44:20.980414+01',	'back',	'6'),
('ae89370e-5f4a-49da-aead-47f5d60eebc9',	'5234034987',	'35083905',	'done',	5,	'2025-12-27 15:52:22.879+01',	'{"bet": {"id": 4, "odds": 1.99, "status": "manual", "eventid": "35083905", "user_id": "5234034987", "bet_type": "lay", "match_id": "1.251997511", "game_type": "MO", "created_at": "2025-12-24T19:40:58.390Z", "enddatemax": null, "fancy_name": "NULL", "match_title": "Artech CC v Stack CC", "stake_amount": 100, "selection_name": "Stack CC"}, "bet_id": "4", "eventid": "35083905", "user_id": "5234034987", "bet_type": "lay", "match_over": true}',	NULL,	'2025-12-27 15:52:22.879557+01',	'2025-12-27 15:52:50.918264+01',	'lay',	'4'),
('600fde7d-520b-4aac-827e-4a71108bf79b',	'2386483727',	'35016170',	'done',	5,	'2025-12-01 14:25:44.673+01',	'{"bet": {"id": 2, "odds": 1.44, "status": "open", "eventid": "35016170", "user_id": "2386483727", "bet_type": "back", "match_id": "1.251208341", "game_type": "MO", "created_at": "2025-12-01T12:58:52.180Z", "enddatemax": null, "fancy_name": "NULL", "match_title": "Elena Pridankina v Anastasia Zakharova", "stake_amount": 100, "selection_name": "Elena Pridankina"}, "bet_id": "2", "eventid": "35016170", "user_id": "2386483727", "bet_type": "back", "match_over": true}',	NULL,	'2025-12-01 14:23:44.560401+01',	'2025-12-01 14:26:00.626625+01',	'back',	'2'),
('d5bafd4c-f811-4202-a563-deff88f3f854',	'2386483727',	'35016181',	'done',	5,	'2025-12-01 14:55:44.565+01',	'{"bet": {"id": 3, "odds": 1.01, "status": "open", "eventid": "35016181", "user_id": "2386483727", "bet_type": "lay", "match_id": "1.251208345", "game_type": "MO", "created_at": "2025-12-01T13:21:20.080Z", "enddatemax": null, "fancy_name": "NULL", "match_title": "Freya Christie v Polina Iatcenko", "stake_amount": 300, "selection_name": "Polina Iatcenko"}, "bet_id": "3", "eventid": "35016181", "user_id": "2386483727", "bet_type": "lay", "match_over": true}',	NULL,	'2025-12-01 14:55:44.566174+01',	'2025-12-01 14:55:50.947708+01',	'lay',	'3'),
('a2b405ad-8db7-493d-8649-54a27638e0a7',	'2386483727',	'35094187',	'done',	5,	'2025-12-29 19:57:24.788+01',	'{"bet": {"id": 5, "odds": 1.17, "status": "open", "eventid": "35094187", "user_id": "2386483727", "bet_type": "lay", "match_id": "1.252150067", "game_type": "MO", "created_at": "2025-12-29T17:31:35.678Z", "enddatemax": null, "fancy_name": "NULL", "match_title": "Sunrisers Eastern Cape v Pretoria Capitals", "stake_amount": 10, "selection_name": "Sunrisers Eastern Cape"}, "bet_id": "5", "eventid": "35094187", "user_id": "2386483727", "bet_type": "lay", "match_over": true}',	NULL,	'2025-12-29 19:57:24.789117+01',	'2025-12-29 19:57:31.314698+01',	'lay',	'5');

DROP SEQUENCE IF EXISTS sports_settlement_report_id_seq;
CREATE SEQUENCE sports_settlement_report_id_seq INCREMENT 1 MINVALUE 1 MAXVALUE 9223372036854775807 START 1 CACHE 1;

CREATE TABLE "public"."sports_settlement_report" (
    "id" bigint DEFAULT nextval('sports_settlement_report_id_seq') NOT NULL,
    "job_id" uuid NOT NULL,
    "bet_id" bigint NOT NULL,
    "user_id" text NOT NULL,
    "eventid" text NOT NULL,
    "match_id" text,
    "game_type" text NOT NULL,
    "market_type" text,
    "fancy_name" text,
    "selection_name" text,
    "user_selection_yn" text,
    "resolved_winner" text,
    "resolved_team" text,
    "actual_numeric" numeric,
    "rule_op" text,
    "rule_threshold" numeric,
    "credit_amount" numeric DEFAULT '0' NOT NULL,
    "exposures_map" jsonb,
    "api_snapshot" jsonb,
    "decision_path" jsonb,
    "created_at" timestamptz DEFAULT now() NOT NULL,
    CONSTRAINT "sports_settlement_report_pkey" PRIMARY KEY ("id"),
    CONSTRAINT "ux_settlement_report_bet" UNIQUE ("bet_id")
) WITH (oids = false);

INSERT INTO "sports_settlement_report" ("id", "job_id", "bet_id", "user_id", "eventid", "match_id", "game_type", "market_type", "fancy_name", "selection_name", "user_selection_yn", "resolved_winner", "resolved_team", "actual_numeric", "rule_op", "rule_threshold", "credit_amount", "exposures_map", "api_snapshot", "decision_path", "created_at") VALUES
(1,	'600fde7d-520b-4aac-827e-4a71108bf79b',	2,	'2386483727',	'35016170',	'1.251208341',	'MO',	'odds',	NULL,	'Elena Pridankina',	NULL,	'team',	'Elena Pridankina',	NULL,	NULL,	NULL,	144,	'{"Elena Pridankina": 43.99999999999999, "Anastasia Zakharova": -100}',	'{}',	'"MO/BM per-bet; winner=\"Elena Pridankina\"; bet_type=back; selection=\"Elena Pridankina\"; credit=144"',	'2025-12-01 14:26:00.615636+01'),
(2,	'd5bafd4c-f811-4202-a563-deff88f3f854',	3,	'2386483727',	'35016181',	'1.251208345',	'MO',	'odds',	NULL,	'Polina Iatcenko',	NULL,	'team',	'Polina Iatcenko',	NULL,	NULL,	NULL,	0,	'{"Freya Christie": 300, "Polina Iatcenko": -3.0000000000000027}',	'{}',	'"MO/BM per-bet; winner=\"Polina Iatcenko\"; bet_type=lay; selection=\"Polina Iatcenko\"; credit=0"',	'2025-12-01 14:55:50.939548+01'),
(3,	'ae89370e-5f4a-49da-aead-47f5d60eebc9',	4,	'5234034987',	'35083905',	'1.251997511',	'MO',	'odds',	NULL,	'Stack CC',	NULL,	'team',	'Artech CC',	NULL,	NULL,	NULL,	199,	'{"Stack CC": -99, "Artech CC": 100}',	'{}',	'"MO/BM per-bet; winner=\"Artech CC\"; bet_type=lay; selection=\"Stack CC\"; credit=199"',	'2025-12-27 15:52:50.905854+01'),
(4,	'a2b405ad-8db7-493d-8649-54a27638e0a7',	5,	'2386483727',	'35094187',	'1.252150067',	'MO',	'odds',	NULL,	'Sunrisers Eastern Cape',	NULL,	'team',	'Sunrisers Eastern Cape',	NULL,	NULL,	NULL,	0,	'{"Pretoria Capitals": 10, "Sunrisers Eastern Cape": -1.6999999999999993}',	'{}',	'"MO/BM per-bet; winner=\"Sunrisers Eastern Cape\"; bet_type=lay; selection=\"Sunrisers Eastern Cape\"; credit=0"',	'2025-12-29 19:57:31.296153+01'),
(5,	'7b6ee001-5add-41d6-ab57-904d29befc85',	6,	'2386483727',	'35100644',	'1.252203309',	'MO',	'odds',	NULL,	'Joburg Super Kings',	NULL,	'team',	'Joburg Super Kings',	NULL,	NULL,	NULL,	300,	'{"Joburg Super Kings": 200, "Durban Super Giants": -100}',	'{}',	'"MO/BM per-bet; winner=\"Joburg Super Kings\"; bet_type=back; selection=\"Joburg Super Kings\"; credit=300"',	'2026-01-01 20:44:20.968069+01');

DROP SEQUENCE IF EXISTS staff_id_seq;
CREATE SEQUENCE staff_id_seq INCREMENT 1 MINVALUE 1 MAXVALUE 9223372036854775807 START 1 CACHE 1;

CREATE TABLE "public"."staff" (
    "id" bigint DEFAULT nextval('staff_id_seq') NOT NULL,
    "name" text NOT NULL,
    "email" text NOT NULL,
    "password" text NOT NULL,
    "password2" text,
    "phone" text,
    "country" text,
    "role_id" integer NOT NULL,
    "parent_id" bigint,
    "created_at" timestamptz DEFAULT now(),
    "percentage" numeric(5,2) DEFAULT '0',
    CONSTRAINT "staff_email_key" UNIQUE ("email"),
    CONSTRAINT "staff_pkey" PRIMARY KEY ("id"),
    CONSTRAINT "staff_parent_id_fkey" FOREIGN KEY (parent_id) REFERENCES staff(id) NOT DEFERRABLE,
    CONSTRAINT "staff_role_id_fkey" FOREIGN KEY (role_id) REFERENCES roles(id) NOT DEFERRABLE
) WITH (oids = false);

INSERT INTO "staff" ("id", "name", "email", "password", "password2", "phone", "country", "role_id", "parent_id", "created_at", "percentage") VALUES
(6,	'Testwork work',	'agentwork@gmail.com',	'$2b$10$YtVRUQz841lEDHbt7cB/Se4yOPSmURGT9ZtqtOi5OGq2poqHcfogC',	'Agent1234',	'7767327374',	'india',	5,	1,	'2025-07-30 11:18:37.681613+02',	0.00),
(45,	'test master1',	'testmaster1@gmail.com',	'$2b$10$iwxUONPASXEtVxpnra0ZVO421YVF42XzvAH.y/Jg2EcZAFSrQL2QK',	'testmaster1',	'9898989898',	'in',	4,	1,	'2025-09-04 14:30:44.574253+02',	0.00),
(46,	'master22 22',	'master22@gmail.com',	'$2b$10$4ORpCboUUmUW.ch8kAgCOO.k8PnOl3Ur5SQeOZgPj016M8COsi3ne',	'master@234',	'6387792354',	'IN',	4,	1,	'2025-09-04 14:33:57.404058+02',	10.00),
(58,	'water test',	'watertest@gmail.com',	'$2b$10$zHmBBM1EvqUJWn0R3W3zf.Q.KZyJ04AcNxAagEVLjs4LMhOmE3Wru',	'Water1211$',	'990987878498',	'in',	5,	1,	'2025-10-25 09:53:09.094013+02',	20.00),
(59,	'Sydney roosters',	'sydneyroosters@gmail.com',	'$2b$10$vOlPqzBYr.mjtrX/xbbjYuzJcwdbgElIRS9TjNfZCuUvi9O18ydki',	'Ashoka1211$',	'0469876527',	'India',	6,	1,	'2025-11-04 09:08:38.463941+01',	20.00),
(60,	'Sigma set',	'Sigmaset123@gmail.com',	'$2b$10$JnxBazk8nFyTEhLsAhWUhe2pgPbo51q09ad1EquALGY/idDmKFTge',	'Sigmaset@1211',	'045788989888',	'India',	6,	1,	'2025-11-23 13:09:19.337421+01',	20.00),
(1,	'Super Admin',	'superadmin@jackpot.com',	'$2b$10$PxcRn.eucClAZCxGHTaVieCiJaCpRiPEm4x9cpHuPTziYLGEjg1Wy',	'Jackpot@2025new',	'999999999',	'india',	1,	NULL,	'2025-07-15 11:47:05.052648+02',	100.00),
(2,	'adminjackopot',	'admin@jackopot.com',	'$2b$10$IR8G35kP53pUQzrqEKbj/.GOOh2D3tIimxE8H/oq1EL2k1NBVsrVu',	'Jackpot@admin22',	'7623615236',	'IN',	2,	1,	'2025-12-25 10:06:37.442239+01',	2.00);

CREATE TABLE "public"."staff_balances" (
    "staff_id" bigint NOT NULL,
    "inr" numeric DEFAULT '0' NOT NULL,
    CONSTRAINT "staff_balances_pkey" PRIMARY KEY ("staff_id"),
    CONSTRAINT "staff_balances_staff_id_fkey" FOREIGN KEY (staff_id) REFERENCES staff(id) ON DELETE CASCADE NOT DEFERRABLE
) WITH (oids = false);

INSERT INTO "staff_balances" ("staff_id", "inr") VALUES
(1,	54699734.31),
(58,	0),
(45,	0),
(46,	50),
(59,	0),
(6,	300),
(60,	10000000),
(2,	0);

CREATE TABLE "public"."staff_hierarchy" (
    "ancestor_id" bigint NOT NULL,
    "descendant_id" bigint NOT NULL,
    "depth" integer NOT NULL,
    CONSTRAINT "staff_hierarchy_pkey" PRIMARY KEY ("ancestor_id", "descendant_id"),
    CONSTRAINT "staff_hierarchy_ancestor_id_fkey" FOREIGN KEY (ancestor_id) REFERENCES staff(id) ON DELETE CASCADE NOT DEFERRABLE,
    CONSTRAINT "staff_hierarchy_descendant_id_fkey" FOREIGN KEY (descendant_id) REFERENCES staff(id) ON DELETE CASCADE NOT DEFERRABLE
) WITH (oids = false);

INSERT INTO "staff_hierarchy" ("ancestor_id", "descendant_id", "depth") VALUES
(1,	1,	0),
(6,	6,	0),
(1,	6,	1),
(45,	45,	0),
(1,	45,	1),
(46,	46,	0),
(1,	46,	1),
(58,	58,	0),
(1,	58,	1),
(59,	59,	0),
(1,	59,	1),
(60,	60,	0),
(1,	60,	1),
(2,	2,	0),
(1,	2,	1);

DROP SEQUENCE IF EXISTS staff_transfers_id_seq;
CREATE SEQUENCE staff_transfers_id_seq INCREMENT 1 MINVALUE 1 MAXVALUE 9223372036854775807 START 1 CACHE 1;

CREATE TABLE "public"."staff_transfers" (
    "id" bigint DEFAULT nextval('staff_transfers_id_seq') NOT NULL,
    "from_type" text NOT NULL,
    "from_id" bigint NOT NULL,
    "to_type" text NOT NULL,
    "to_id" bigint NOT NULL,
    "amount" numeric NOT NULL,
    "created_at" timestamptz DEFAULT now() NOT NULL,
    "direction" text,
    CONSTRAINT "staff_transfers_pkey" PRIMARY KEY ("id")
) WITH (oids = false);

CREATE INDEX "staff_transfers_from_id_idx" ON "public"."staff_transfers" USING btree ("from_type", "from_id");

CREATE INDEX "staff_transfers_to_id_idx" ON "public"."staff_transfers" USING btree ("to_type", "to_id");


CREATE TABLE "public"."staff_whatsapp_ref" (
    "staff_id" bigint NOT NULL,
    "slug" text NOT NULL,
    "phone" text NOT NULL,
    "created_at" timestamp DEFAULT now(),
    CONSTRAINT "staff_whatsapp_ref_pkey" PRIMARY KEY ("staff_id"),
    CONSTRAINT "staff_whatsapp_ref_slug_key" UNIQUE ("slug"),
    CONSTRAINT "staff_whatsapp_ref_staff_id_fkey" FOREIGN KEY (staff_id) REFERENCES staff(id) ON DELETE CASCADE NOT DEFERRABLE
) WITH (oids = false);

CREATE INDEX "staff_whatsapp_ref_slug_idx" ON "public"."staff_whatsapp_ref" USING btree ("slug");

INSERT INTO "staff_whatsapp_ref" ("staff_id", "slug", "phone", "created_at") VALUES
(6,	'0nuq5mi',	'7767327374',	'2025-07-30 09:18:37.681613'),
(45,	'ex3bzpt',	'9898989898',	'2025-09-04 12:30:44.574253'),
(46,	'jlmq9ns',	'6387792354',	'2025-09-04 12:33:57.404058'),
(58,	'v5ddbqi',	'990987878498',	'2025-10-25 07:53:09.094013'),
(59,	'vl2z4r5',	'0469876527',	'2025-11-04 08:08:38.463941'),
(60,	'nblnrgq',	'045788989888',	'2025-11-23 12:09:19.337421'),
(2,	'ft77bhl',	'7623615236',	'2025-12-25 10:06:37.442239');

DROP SEQUENCE IF EXISTS swap_history_id_seq;
CREATE SEQUENCE swap_history_id_seq INCREMENT 1 MINVALUE 1 MAXVALUE 9223372036854775807 START 1 CACHE 1;

CREATE TABLE "public"."swap_history" (
    "id" bigint DEFAULT nextval('swap_history_id_seq') NOT NULL,
    "uid" bigint NOT NULL,
    "from_currency" character varying(10) NOT NULL,
    "to_currency" character varying(10) NOT NULL,
    "from_amount" numeric(20,8) NOT NULL,
    "to_amount" numeric(20,8) NOT NULL,
    "fee_percentage" numeric(5,4) NOT NULL,
    "fee_amount" numeric(20,8) NOT NULL,
    "fee_currency" character varying(10) NOT NULL,
    "usd_rate_from" numeric(20,8) NOT NULL,
    "usd_rate_to" numeric(20,8) NOT NULL,
    "created_at" timestamp DEFAULT now() NOT NULL,
    CONSTRAINT "swap_history_pkey" PRIMARY KEY ("id")
) WITH (oids = false);

CREATE INDEX "idx_swap_history_uid" ON "public"."swap_history" USING btree ("uid");


CREATE TABLE "public"."team" (
    "ownername" text NOT NULL,
    "membername" text NOT NULL,
    "referalCode" text NOT NULL,
    "createdAt" timestamp NOT NULL,
    "updatedAt" timestamp NOT NULL
) WITH (oids = false);

INSERT INTO "team" ("ownername", "membername", "referalCode", "createdAt", "updatedAt") VALUES
('testpro5',	'testpro6',	'tesQtpZw',	'2024-12-24 08:07:27.369427',	'2024-12-24 08:07:27.369427'),
('Fasil',	'Timbul Jaya ',	'FasSJRrt',	'2025-02-04 17:55:42.742995',	'2025-02-04 17:55:42.742995'),
('janebelow23',	'sandeep',	'janXqqgt',	'2025-03-25 03:03:35.063615',	'2025-03-25 03:03:35.063615'),
('zimbacolli',	'manojvar1289',	'zimXI8IX',	'2025-04-03 02:32:26.733242',	'2025-04-03 02:32:26.733242'),
('marharetparker',	'alammakur2',	'mark32mB',	'2025-04-05 13:52:44.737757',	'2025-04-05 13:52:44.737757'),
('marharetparker',	'kumisasali',	'mark32mB',	'2025-04-05 14:36:48.945175',	'2025-04-05 14:36:48.945175'),
('dareklawrence19',	'Sabbirpatel',	'dar1v9cI',	'2025-04-06 01:15:27.801414',	'2025-04-06 01:15:27.801414'),
('dareklawrence19',	'testpro55',	'dar1v9cI',	'2025-04-06 07:12:17.099906',	'2025-04-06 07:12:17.099906'),
('Georgem196060',	'faypenfold11',	'GeonYUzh',	'2025-04-13 01:35:43.85854',	'2025-04-13 01:35:43.85854'),
('RushitPrajapati',	'Artist ',	'RusiA4Gv',	'2025-05-01 23:19:57.957802',	'2025-05-01 23:19:57.957802'),
('Kunal',	'Minesh Gandhi',	'KunEoFA6',	'2025-05-10 13:42:53.571765',	'2025-05-10 13:42:53.571765'),
('Kunal',	'Jainam_1684',	'KunEoFA6',	'2025-05-12 16:01:11.473929',	'2025-05-12 16:01:11.473929'),
('testpro20',	'testpro24',	'tesGhTN1',	'2025-05-19 19:06:49.713699',	'2025-05-19 19:06:49.713699'),
('regan9772',	'johnmcilroy',	'regP7OmX',	'2025-05-21 04:50:35.473607',	'2025-05-21 04:50:35.473607'),
('testpro5',	'testpro20',	'tesQtpZw',	'2025-05-21 10:20:18.209327',	'2025-05-21 10:20:18.209327'),
('johnmcilroy',	'Georgem196060',	'johcII9O',	'2025-05-22 11:45:42.11192',	'2025-05-22 11:45:42.11192'),
('johnmcilroy',	'Checking1211',	'johcII9O',	'2025-05-23 06:50:33.965923',	'2025-05-23 06:50:33.965923'),
('Checking1211',	'jackymckay1476',	'CheBmhBw',	'2025-05-23 07:18:16.471663',	'2025-05-23 07:18:16.471663'),
('vpau1211',	'cacc17099',	'vpajTyI2',	'2025-05-24 00:55:21.710138',	'2025-05-24 00:55:21.710138'),
('ankit',	'np1717',	'ank9ROh8',	'2025-05-25 16:59:37.757984',	'2025-05-25 16:59:37.757984'),
('sambaraodada',	'manekraobaba',	'samHKkqB',	'2025-05-26 06:31:00.294755',	'2025-05-26 06:31:00.294755'),
('ankit',	'Harshdeep',	'ank9ROh8',	'2025-05-26 13:17:41.214388',	'2025-05-26 13:17:41.214388'),
('ankit',	'PRAGNESHKUMAR',	'ank9ROh8',	'2025-05-26 15:35:33.082224',	'2025-05-26 15:35:33.082224'),
('ankit',	'Kavitmodi ',	'ank9ROh8',	'2025-05-27 07:14:56.844514',	'2025-05-27 07:14:56.844514'),
('ankit',	'kavitmodi',	'ank9ROh8',	'2025-05-27 07:28:27.787807',	'2025-05-27 07:28:27.787807'),
('ankit',	'dashing',	'ank9ROh8',	'2025-05-27 07:39:06.235127',	'2025-05-27 07:39:06.235127'),
('ankit',	'Krupali Modi ',	'ank9ROh8',	'2025-05-27 11:59:05.83502',	'2025-05-27 11:59:05.83502'),
('ankit',	'Harshdeep ',	'ank9ROh8',	'2025-05-28 06:33:16.780142',	'2025-05-28 06:33:16.780142'),
('cacc17099',	'amjad_a17',	'cacN9esq',	'2025-05-31 12:52:03.524474',	'2025-05-31 12:52:03.524474'),
('Devang12345',	'Herry1234',	'Devi6HNG',	'2025-06-01 03:23:52.668208',	'2025-06-01 03:23:52.668208'),
('vpau1211',	'Mayank patel',	'vpajTyI2',	'2025-06-02 07:56:43.084607',	'2025-06-02 07:56:43.084607'),
('vpau1211',	'Parthpatel5758',	'vpajTyI2',	'2025-06-02 08:12:18.949168',	'2025-06-02 08:12:18.949168'),
('vpau1211',	'Denisha2408',	'vpajTyI2',	'2025-06-02 08:32:22.997153',	'2025-06-02 08:32:22.997153'),
('vpau1211',	'Glen Maxwell',	'vpajTyI2',	'2025-06-02 08:33:54.514961',	'2025-06-02 08:33:54.514961'),
('vpau1211',	'RahulA',	'vpajTyI2',	'2025-06-03 12:50:52.220181',	'2025-06-03 12:50:52.220181'),
('Devang12345',	'Chirag23',	'Devi6HNG',	'2025-06-04 05:49:53.653148',	'2025-06-04 05:49:53.653148'),
('vpau1211',	'YASH001',	'vpajTyI2',	'2025-06-04 06:23:23.054268',	'2025-06-04 06:23:23.054268'),
('vpau1211',	'angelmila1989',	'vpajTyI2',	'2025-06-05 08:29:09.831747',	'2025-06-05 08:29:09.831747'),
('ankit',	'Rajni',	'ank9ROh8',	'2025-06-08 14:08:30.039443',	'2025-06-08 14:08:30.039443'),
('YASH001',	'Ashish6310',	'YASW4Jck',	'2025-06-15 13:21:43.644042',	'2025-06-15 13:21:43.644042'),
('ankit',	'nike1717',	'ank9ROh8',	'2025-06-18 16:04:50.762005',	'2025-06-18 16:04:50.762005'),
('vpau1211',	'sherwoodbradley',	'vpajTyI2',	'2025-07-17 23:23:49.043331',	'2025-07-17 23:23:49.043331'),
('cacc17099',	'raojima98',	'cacN9esq',	'2025-07-18 07:55:25.340481',	'2025-07-18 07:55:25.340481'),
('vpau1211',	'sahab7890',	'vpajTyI2',	'2025-07-18 08:10:42.31413',	'2025-07-18 08:10:42.31413');

CREATE TABLE "public"."tokens" (
    "uid" numeric NOT NULL,
    "key" text NOT NULL
) WITH (oids = false);


DROP SEQUENCE IF EXISTS transaction_live_id_seq;
CREATE SEQUENCE transaction_live_id_seq INCREMENT 1 MINVALUE 1 MAXVALUE 2147483647 START 1 CACHE 1;

CREATE TABLE "public"."transaction_live" (
    "id" integer DEFAULT nextval('transaction_live_id_seq') NOT NULL,
    "method" character varying(20),
    "user_code" character varying(50),
    "user_balance" bigint,
    "game_type" character varying(20),
    "provider_code" character varying(50),
    "game_code" character varying(50),
    "type" character varying(20),
    "bet_money" bigint,
    "win_money" bigint,
    "txn_id" character varying(50),
    "txn_type" character varying(20),
    CONSTRAINT "transaction_live_pkey" PRIMARY KEY ("id")
) WITH (oids = false);


DROP SEQUENCE IF EXISTS transaction_slot_id_seq;
CREATE SEQUENCE transaction_slot_id_seq INCREMENT 1 MINVALUE 1 MAXVALUE 2147483647 START 1 CACHE 1;

CREATE TABLE "public"."transaction_slot" (
    "id" integer DEFAULT nextval('transaction_slot_id_seq') NOT NULL,
    "method" character varying(20),
    "user_code" character varying(50),
    "user_balance" bigint,
    "game_type" character varying(20),
    "provider_code" character varying(50),
    "game_code" character varying(50),
    "type" character varying(20),
    "bet_money" bigint,
    "win_money" bigint,
    "txn_id" character varying(50),
    "txn_type" character varying(20),
    CONSTRAINT "transaction_slot_pkey" PRIMARY KEY ("id")
) WITH (oids = false);


DROP SEQUENCE IF EXISTS transactions_id_seq;
CREATE SEQUENCE transactions_id_seq INCREMENT 1 MINVALUE 1 MAXVALUE 2147483647 START 1 CACHE 1;

CREATE TABLE "public"."transactions" (
    "id" integer DEFAULT nextval('transactions_id_seq') NOT NULL,
    "login" character varying(255) NOT NULL,
    "session_id" character varying(255) NOT NULL,
    "trade_id" character varying(255) NOT NULL,
    "bet" numeric(12,2) NOT NULL,
    "win" numeric(12,2) NOT NULL,
    "balance_before" numeric(12,2) NOT NULL,
    "balance_after" numeric(12,2) NOT NULL,
    "action" character varying(255) NOT NULL,
    "game_name" character varying(255) NOT NULL,
    "bet_info" text,
    "matrix" text,
    "date" timestamp NOT NULL,
    "win_lines" text,
    CONSTRAINT "transactions_pkey" PRIMARY KEY ("id")
) WITH (oids = false);

INSERT INTO "transactions" ("id", "login", "session_id", "trade_id", "bet", "win", "balance_before", "balance_after", "action", "game_name", "bet_info", "matrix", "date", "win_lines") VALUES
(1,	'9799776287',	'22333427',	'9999',	100.00,	100.00,	29.24,	29.24,	'spin',	'7 Mojos',	'bet',	'',	'2015-02-11 16:35:02',	''),
(2,	'9799776287',	'45373163',	'63558102',	0.10,	0.00,	60.24,	60.14,	'',	'Aviator s',	'',	'{"id":63558102,"amount":10,"user":{"userid":166983,"username":"6476291","bot":false,"denomination":0.01},"infinity_cashout":true,"auto_cashout":0,"cashedout":false,"client_seed":"oJ6MKRF00LUEsaFpGQIQ","profit":0,"point_cashedout":0}',	'2024-06-23 22:01:03',	''),
(3,	'9799776287',	'45373163',	'63558103',	0.10,	0.00,	60.14,	60.04,	'',	'Aviator s',	'',	'{"id":63558103,"amount":10,"user":{"userid":166983,"username":"6476291","bot":false,"denomination":0.01},"infinity_cashout":true,"auto_cashout":0,"cashedout":false,"client_seed":"BlxXNJfRHhd7F84ihcMf","profit":0,"point_cashedout":0}',	'2024-06-23 22:01:16',	''),
(4,	'9799776287',	'45373163',	'63558103_w',	0.00,	0.12,	60.04,	60.16,	'',	'Aviator s',	'',	'{"id":63558103,"amount":10,"user":{"userid":166983,"username":"6476291","bot":false,"denomination":0.01},"infinity_cashout":true,"auto_cashout":0,"cashedout":true,"client_seed":"BlxXNJfRHhd7F84ihcMf","profit":2,"point_cashedout":123}',	'2024-06-23 22:01:25',	''),
(8,	'9799776287',	'45376375',	'63558117',	0.10,	0.00,	60.16,	60.06,	'',	'Aviator s',	'',	'{"id":63558117,"amount":10,"user":{"userid":166983,"username":"6476291","bot":false,"denomination":0.01},"infinity_cashout":true,"auto_cashout":0,"cashedout":false,"client_seed":"eGksSz2f3Dy2dlvOgI4U","profit":0,"point_cashedout":0}',	'2024-06-23 23:08:21',	''),
(9,	'9799776287',	'45376375',	'63558118',	0.10,	0.00,	60.06,	59.96,	'',	'Aviator s',	'',	'{"id":63558118,"amount":10,"user":{"userid":166983,"username":"6476291","bot":false,"denomination":0.01},"infinity_cashout":true,"auto_cashout":0,"cashedout":false,"client_seed":"y6aSS3N9rYDpqatuB16C","profit":0,"point_cashedout":0}',	'2024-06-23 23:08:22',	''),
(10,	'9799776287',	'45376375',	'63558117_w',	0.00,	0.14,	59.96,	60.10,	'',	'Aviator s',	'',	'{"id":63558117,"amount":10,"user":{"userid":166983,"username":"6476291","bot":false,"denomination":0.01},"infinity_cashout":true,"auto_cashout":0,"cashedout":true,"client_seed":"eGksSz2f3Dy2dlvOgI4U","profit":4,"point_cashedout":147}',	'2024-06-23 23:08:33',	''),
(11,	'9799776287',	'45376375',	'63558118_w',	0.00,	0.16,	60.10,	60.26,	'',	'Aviator s',	'',	'{"id":63558118,"amount":10,"user":{"userid":166983,"username":"6476291","bot":false,"denomination":0.01},"infinity_cashout":true,"auto_cashout":0,"cashedout":true,"client_seed":"y6aSS3N9rYDpqatuB16C","profit":6,"point_cashedout":167}',	'2024-06-23 23:08:35',	''),
(12,	'7753556335',	'45376992',	'f7957b0f6d3a47c0a0c7bd61243820fb23201123',	0.10,	0.00,	123.93,	123.83,	'bet',	'7 Mojos',	'',	'',	'2024-06-23 23:20:24',	''),
(13,	'7753556335',	'45376992',	'7e4390e738be4f2cb9b49b399ff178cf45201123',	0.00,	0.00,	123.83,	123.83,	'win',	'7 Mojos',	'',	'',	'2024-06-23 23:20:47',	''),
(14,	'9799776287',	'45377130',	'1i13mkej08vdim3573788',	1.00,	0.00,	60.26,	59.26,	'bet',	'69 Casino',	'',	'',	'2024-06-23 23:24:23',	''),
(15,	'9799776287',	'45377130',	'1i13mkrpv6uikf5344463',	0.00,	0.00,	59.26,	59.26,	'win',	'69 Casino',	'',	'',	'2024-06-23 23:24:37',	''),
(16,	'9799776287',	'45377130',	'1i13mlpjf28p7f4402225',	1.00,	0.00,	59.26,	58.26,	'bet',	'69 Casino',	'',	'',	'2024-06-23 23:25:07',	''),
(17,	'9799776287',	'45377130',	'1i13mm4tt3gt463008682',	0.00,	2.00,	58.26,	60.26,	'win',	'69 Casino',	'',	'',	'2024-06-23 23:25:19',	''),
(18,	'9799776287',	'45377301',	'c2478f2cdfa24c24a12aa1be649f366427261123',	1.00,	0.00,	60.26,	59.26,	'bet',	'7 Mojos',	'',	'',	'2024-06-23 23:26:28',	''),
(19,	'9799776287',	'45377301',	'fb63bceb6c924a49b978b1e09f2e7ac338261123',	0.00,	2.00,	59.26,	61.26,	'win',	'7 Mojos',	'',	'',	'2024-06-23 23:26:39',	''),
(20,	'9799776287',	'45377842',	'38c03c5110d64ed8964cc45d8a79338333361123',	0.20,	0.00,	61.26,	61.06,	'bet',	'7 Mojos',	'',	'',	'2024-06-23 23:36:34',	''),
(21,	'9799776287',	'45377842',	'085a0cef26cb408781ff1c3d730024e346361123',	0.00,	0.20,	61.06,	61.26,	'win',	'7 Mojos',	'',	'',	'2024-06-23 23:36:47',	''),
(22,	'9799776287',	'45377842',	'64532717bd8b4ba0b97b1ae66293833d11371123',	0.20,	0.00,	61.26,	61.06,	'bet',	'7 Mojos',	'',	'',	'2024-06-23 23:37:12',	''),
(23,	'9799776287',	'45377842',	'f0c935f8b1124d40a0bbc7e5d87464e227371123',	0.00,	0.30,	61.06,	61.36,	'win',	'7 Mojos',	'',	'',	'2024-06-23 23:37:28',	''),
(24,	'9799776287',	'45377842',	'da1fc7580aca4d22bc3a380ec881902652371123',	0.60,	0.00,	61.36,	60.76,	'bet',	'7 Mojos',	'',	'',	'2024-06-23 23:37:53',	''),
(25,	'9799776287',	'45377842',	'8166eb1d37084a20b92beb8b9228b59e09381123',	0.00,	0.70,	60.76,	61.46,	'win',	'7 Mojos',	'',	'',	'2024-06-23 23:38:09',	''),
(26,	'9799776287',	'45377842',	'abdba1caeb58417797eae016ee27a20333381123',	0.10,	0.00,	61.46,	61.36,	'bet',	'7 Mojos',	'',	'',	'2024-06-23 23:38:34',	''),
(27,	'9799776287',	'45377842',	'ac907ac0b5bc409280a7d27b663772e747381123',	0.00,	0.30,	61.36,	61.66,	'win',	'7 Mojos',	'',	'',	'2024-06-23 23:38:48',	''),
(28,	'9799776287',	'45377842',	'be5e49c11bec4db9930041300dd4dc3d12391123',	0.70,	0.00,	61.66,	60.96,	'bet',	'7 Mojos',	'',	'',	'2024-06-23 23:39:13',	''),
(29,	'9799776287',	'45377842',	'c9df46baada54d40b9695041853653a327391123',	0.00,	0.30,	60.96,	61.26,	'win',	'7 Mojos',	'',	'',	'2024-06-23 23:39:28',	''),
(30,	'9799776287',	'45377842',	'd09724603b5b444a9cd9934a9bb2461152391123',	1.10,	0.00,	61.26,	60.16,	'bet',	'7 Mojos',	'',	'',	'2024-06-23 23:39:53',	''),
(31,	'9799776287',	'45377842',	'd1bf466fa4084d5ea7e74c7ebab5669009401123',	0.00,	1.20,	60.16,	61.36,	'win',	'7 Mojos',	'',	'',	'2024-06-23 23:40:10',	''),
(32,	'9799776287',	'45377842',	'7f14c24d01cd42af913f5bb87805781b34401123',	0.30,	0.00,	61.36,	61.06,	'bet',	'7 Mojos',	'',	'',	'2024-06-23 23:40:35',	''),
(33,	'9799776287',	'45377842',	'0f4eb900689d4fe4968909a3b12ddcc300411123',	0.00,	0.30,	61.06,	61.36,	'win',	'7 Mojos',	'',	'',	'2024-06-23 23:41:01',	''),
(34,	'1119927389',	'45378678',	'aa19a94d76d548e7ab2cd57cea9d380114521123',	0.10,	0.00,	50.00,	49.90,	'bet',	'7 Mojos',	'',	'',	'2024-06-23 23:52:15',	''),
(35,	'1119927389',	'45378678',	'4053179ea6bb4fcf8414540a09505fb738521123',	0.00,	0.20,	49.90,	50.10,	'win',	'7 Mojos',	'',	'',	'2024-06-23 23:52:39',	''),
(36,	'1119927389',	'45378678',	'd488eb28cc46463481be94fbef00342702531123',	0.20,	0.00,	50.10,	49.90,	'bet',	'7 Mojos',	'',	'',	'2024-06-23 23:53:03',	''),
(37,	'1119927389',	'45378678',	'c388c4bfd32a4fe7b3f3fffd59061e4c24531123',	0.00,	0.00,	49.90,	49.90,	'win',	'7 Mojos',	'',	'',	'2024-06-23 23:53:25',	''),
(38,	'1119927389',	'45378678',	'd49997c0b2664dfd9add427d3c86a2b449531123',	0.40,	0.00,	49.90,	49.50,	'bet',	'7 Mojos',	'',	'',	'2024-06-23 23:53:50',	''),
(39,	'1119927389',	'45378678',	'e04eee56ac77410aa6c0f15c10c74b5b10541123',	0.00,	0.80,	49.50,	50.30,	'win',	'7 Mojos',	'',	'',	'2024-06-23 23:54:11',	''),
(40,	'9799776287',	'45396709',	'63704534',	1.00,	0.00,	350.96,	349.96,	'',	'Aviator s',	'',	'{"id":63704534,"amount":100,"user":{"userid":166983,"username":"6476291","bot":false,"denomination":0.01},"infinity_cashout":true,"auto_cashout":0,"cashedout":false,"client_seed":"NJVNuM9damu5Tkxkiokt","profit":0,"point_cashedout":0}',	'2024-06-24 04:21:59',	''),
(41,	'9799776287',	'45396709',	'63704534_w',	0.00,	2.19,	349.96,	352.15,	'',	'Aviator s',	'',	'{"id":63704534,"amount":100,"user":{"userid":166983,"username":"6476291","bot":false,"denomination":0.01},"infinity_cashout":true,"auto_cashout":0,"cashedout":true,"client_seed":"NJVNuM9damu5Tkxkiokt","profit":119,"point_cashedout":219}',	'2024-06-24 04:22:17',	''),
(42,	'7753556335',	'45410850',	'63704801_w',	0.05,	0.04,	213.23,	213.22,	'',	'Plinko',	'',	'[]',	'2024-06-24 07:19:19',	''),
(43,	'7753556335',	'45410850',	'63704802_w',	0.05,	0.04,	213.22,	213.21,	'',	'Plinko',	'',	'[]',	'2024-06-24 07:19:20',	''),
(44,	'7753556335',	'45410850',	'63704803_w',	0.05,	0.02,	213.21,	213.18,	'',	'Plinko',	'',	'[]',	'2024-06-24 07:19:30',	''),
(45,	'7753556335',	'45410850',	'63704804_w',	0.05,	0.05,	213.18,	213.18,	'',	'Plinko',	'',	'[]',	'2024-06-24 07:19:43',	''),
(46,	'7753556335',	'45410850',	'63704805_w',	0.05,	0.04,	213.18,	213.17,	'',	'Plinko',	'',	'[]',	'2024-06-24 07:19:51',	''),
(47,	'7753556335',	'45410850',	'63704806_w',	0.05,	0.04,	213.17,	213.16,	'',	'Plinko',	'',	'[]',	'2024-06-24 07:19:58',	''),
(48,	'7753556335',	'45410850',	'63704807_w',	0.05,	0.04,	213.16,	213.15,	'',	'Plinko',	'',	'[]',	'2024-06-24 07:20:00',	''),
(49,	'7753556335',	'45410850',	'63704808_w',	0.05,	0.02,	213.15,	213.12,	'',	'Plinko',	'',	'[]',	'2024-06-24 07:20:09',	''),
(50,	'7753556335',	'45410850',	'63704809_w',	0.05,	0.05,	213.12,	213.12,	'',	'Plinko',	'',	'[]',	'2024-06-24 07:20:10',	''),
(51,	'7753556335',	'45410850',	'63704810_w',	0.05,	0.05,	213.12,	213.12,	'',	'Plinko',	'',	'[]',	'2024-06-24 07:20:23',	''),
(52,	'7753556335',	'45410850',	'63704811_w',	0.05,	0.02,	213.12,	213.09,	'',	'Plinko',	'',	'[]',	'2024-06-24 07:20:24',	''),
(53,	'7753556335',	'45431443',	'63706387_w',	0.10,	0.00,	218.09,	217.99,	'',	'Mini Roulette',	'',	'[]',	'2024-06-24 11:12:13',	''),
(54,	'7753556335',	'45431443',	'63706388_w',	0.11,	0.00,	217.99,	217.88,	'',	'Mini Roulette',	'',	'[]',	'2024-06-24 11:12:44',	''),
(55,	'7753556335',	'45431443',	'63706389_w',	0.11,	0.19,	217.88,	217.96,	'',	'Mini Roulette',	'',	'[]',	'2024-06-24 11:12:57',	''),
(56,	'7753556335',	'45486995',	'63725399',	0.10,	0.00,	228.46,	228.36,	'',	'Aviator s',	'',	'{"id":63725399,"amount":10,"user":{"userid":166998,"username":"6480602","bot":false,"denomination":0.01},"infinity_cashout":true,"auto_cashout":0,"cashedout":false,"client_seed":"ViTls6SWZu1QWivOCTpv","profit":0,"point_cashedout":0}',	'2024-06-24 21:25:25',	''),
(57,	'7753556335',	'45486995',	'63725399_w',	0.00,	0.12,	228.36,	228.48,	'',	'Aviator s',	'',	'{"id":63725399,"amount":10,"user":{"userid":166998,"username":"6480602","bot":false,"denomination":0.01},"infinity_cashout":true,"auto_cashout":0,"cashedout":true,"client_seed":"ViTls6SWZu1QWivOCTpv","profit":2,"point_cashedout":127}',	'2024-06-24 21:25:35',	''),
(58,	'7753556335',	'45489269',	'63725400_w',	0.10,	0.18,	228.48,	228.56,	'',	'Mini Roulette',	'',	'[]',	'2024-06-24 22:08:22',	''),
(60,	'9799776287',	'45572560',	'69_D718174009359199853',	1.80,	0.00,	1594.65,	1592.85,	'place_bet',	'Evolution Live Dealers E',	'',	'{"roundID":"D718174009359199853","gameID":"58257","vendName":"Groove"}',	'2024-06-25 13:45:58',	''),
(61,	'9799776287',	'45572560',	'69_D718174009359199853',	1.80,	0.00,	1592.85,	1591.05,	'place_bet',	'Evolution Live Dealers E',	'',	'{"roundID":"D718174009359199853","gameID":"58257","vendName":"Groove"}',	'2024-06-25 13:46:01',	''),
(62,	'9799776287',	'45572560',	'69_D718174009359199853_win',	0.00,	1.20,	1591.05,	1592.25,	'add_wins',	'Evolution Live Dealers E',	'',	'{"roundID":"D718174009359199853","gameID":"58257","vendName":"Groove"}',	'2024-06-25 13:46:16',	''),
(63,	'9799776287',	'45572560',	'69_D718174009378301853',	0.80,	0.00,	1592.25,	1591.45,	'place_bet',	'Evolution Live Dealers E',	'',	'{"roundID":"D718174009378301853","gameID":"58257","vendName":"Groove"}',	'2024-06-25 13:52:45',	''),
(64,	'9799776287',	'45572560',	'69_D718174009378301853_win',	0.00,	1.20,	1591.45,	1592.65,	'add_wins',	'Evolution Live Dealers E',	'',	'{"roundID":"D718174009378301853","gameID":"58257","vendName":"Groove"}',	'2024-06-25 13:53:02',	''),
(65,	'9799776287',	'45572560',	'69_D718174009393792853',	1.50,	0.00,	1592.65,	1591.15,	'place_bet',	'Evolution Live Dealers E',	'',	'{"roundID":"D718174009393792853","gameID":"58257","vendName":"Groove"}',	'2024-06-25 13:58:06',	''),
(66,	'9799776287',	'45572560',	'69_D718174009393792853',	1.50,	0.00,	1591.15,	1589.65,	'place_bet',	'Evolution Live Dealers E',	'',	'{"roundID":"D718174009393792853","gameID":"58257","vendName":"Groove"}',	'2024-06-25 13:58:10',	''),
(67,	'9799776287',	'45572560',	'69_D718174009393792853_win',	0.00,	0.00,	1589.65,	1589.65,	'add_wins',	'Evolution Live Dealers E',	'',	'{"roundID":"D718174009393792853","gameID":"58257","vendName":"Groove"}',	'2024-06-25 15:52:22',	''),
(68,	'3426252686',	'45648785',	'69_D718174184861459585',	1.00,	0.00,	150.00,	149.00,	'place_bet',	'Evolution Live Dealers E',	'',	'{"roundID":"D718174184861459585","gameID":"58257","vendName":"Groove"}',	'2024-06-26 03:48:50',	''),
(69,	'3426252686',	'45648785',	'69_D718174184861459585_win',	0.00,	2.00,	149.00,	151.00,	'add_wins',	'Evolution Live Dealers E',	'',	'{"roundID":"D718174184861459585","gameID":"58257","vendName":"Groove"}',	'2024-06-26 03:49:02',	''),
(70,	'9799776287',	'45677538',	'69_D718174011869354853',	6.00,	0.00,	7586256.57,	7586250.57,	'place_bet',	'Evolution Live Dealers E',	'',	'{"roundID":"D718174011869354853","gameID":"58257","vendName":"Groove"}',	'2024-06-26 08:55:10',	''),
(71,	'9799776287',	'45677538',	'69_D718174011869354853_win',	0.00,	6.00,	7586250.57,	7586256.57,	'add_wins',	'Evolution Live Dealers E',	'',	'{"roundID":"D718174011869354853","gameID":"58257","vendName":"Groove"}',	'2024-06-26 08:55:34',	''),
(72,	'9799776287',	'45677538',	'69_D718174011877382853',	0.80,	0.00,	7586256.57,	7586255.77,	'place_bet',	'Evolution Live Dealers E',	'',	'{"roundID":"D718174011877382853","gameID":"58257","vendName":"Groove"}',	'2024-06-26 08:59:04',	''),
(73,	'9799776287',	'45677538',	'69_D718174011877382853_win',	0.00,	1.20,	7586255.77,	7586256.97,	'add_wins',	'Evolution Live Dealers E',	'',	'{"roundID":"D718174011877382853","gameID":"58257","vendName":"Groove"}',	'2024-06-26 08:59:25',	''),
(74,	'9799776287',	'45677538',	'69_D718174011881974853',	6.60,	0.00,	7586256.97,	7586250.37,	'place_bet',	'Evolution Live Dealers E',	'',	'{"roundID":"D718174011881974853","gameID":"58257","vendName":"Groove"}',	'2024-06-26 09:00:33',	''),
(75,	'9799776287',	'45677538',	'69_D718174011881974853_win',	0.00,	6.00,	7586250.37,	7586256.37,	'add_wins',	'Evolution Live Dealers E',	'',	'{"roundID":"D718174011881974853","gameID":"58257","vendName":"Groove"}',	'2024-06-26 09:00:52',	''),
(76,	'9799776287',	'45677538',	'69_D718174011883179853',	10.80,	0.00,	7586256.37,	7586245.57,	'place_bet',	'Evolution Live Dealers E',	'',	'{"roundID":"D718174011883179853","gameID":"58257","vendName":"Groove"}',	'2024-06-26 09:01:18',	''),
(77,	'3426252686',	'45737816',	'1i1amc21461f732985209',	0.70,	0.00,	151.00,	150.30,	'bet',	'69 Casino',	'',	'',	'2024-06-26 16:34:29',	''),
(78,	'3426252686',	'45737816',	'1i1amchm94q7h21164403',	0.00,	0.00,	150.30,	150.30,	'win',	'69 Casino',	'',	'',	'2024-06-26 16:34:47',	''),
(79,	'3426252686',	'45737816',	'1i1amdcus5fjia3374864',	0.50,	0.00,	150.30,	149.80,	'bet',	'69 Casino',	'',	'',	'2024-06-26 16:35:13',	''),
(80,	'3426252686',	'45737816',	'1i1amdpog5q2ih9700037',	0.00,	1.50,	149.80,	151.30,	'win',	'69 Casino',	'',	'',	'2024-06-26 16:35:26',	''),
(81,	'3426252686',	'45737816',	'1i1ameo203e0ue360983',	1.50,	0.00,	151.30,	149.80,	'bet',	'69 Casino',	'',	'',	'2024-06-26 16:35:57',	''),
(82,	'3426252686',	'45737816',	'1i1amf47j4t7n670137',	0.00,	0.00,	149.80,	149.80,	'win',	'69 Casino',	'',	'',	'2024-06-26 16:36:09',	''),
(83,	'9475934792',	'48348556',	'66005707_w',	0.05,	0.05,	10000.00,	10000.00,	'',	'Plinko',	'',	'[]',	'2024-07-16 13:16:07',	''),
(84,	'9475934792',	'48348556',	'66005708_w',	0.05,	0.04,	10000.00,	9999.99,	'',	'Plinko',	'',	'[]',	'2024-07-16 13:16:09',	''),
(85,	'9475934792',	'48348556',	'66005709_w',	0.05,	0.02,	9999.99,	9999.96,	'',	'Plinko',	'',	'[]',	'2024-07-16 13:16:11',	''),
(86,	'9475934792',	'48348556',	'66005710_w',	0.05,	0.04,	9999.96,	9999.95,	'',	'Plinko',	'',	'[]',	'2024-07-16 13:16:12',	''),
(87,	'9475934792',	'48348556',	'66005711_w',	0.05,	0.02,	9999.95,	9999.92,	'',	'Plinko',	'',	'[]',	'2024-07-16 13:16:22',	''),
(88,	'9475934792',	'48348556',	'66005712_w',	0.05,	0.02,	9999.92,	9999.89,	'',	'Plinko',	'',	'[]',	'2024-07-16 13:16:23',	''),
(89,	'9475934792',	'48348556',	'66005713_w',	0.05,	0.02,	9999.89,	9999.86,	'',	'Plinko',	'',	'[]',	'2024-07-16 13:16:34',	''),
(90,	'9475934792',	'48348556',	'66005714_w',	0.05,	0.09,	9999.86,	9999.90,	'',	'Plinko',	'',	'[]',	'2024-07-16 13:16:35',	''),
(91,	'9475934792',	'48348556',	'66005715_w',	0.05,	0.00,	9999.90,	9999.85,	'',	'Plinko',	'',	'[]',	'2024-07-16 13:16:37',	''),
(92,	'9475934792',	'48348556',	'66005716_w',	0.05,	0.65,	9999.85,	10000.45,	'',	'Plinko',	'',	'[]',	'2024-07-16 13:16:42',	''),
(93,	'9475934792',	'48348556',	'66005717_w',	0.05,	0.01,	10000.45,	10000.41,	'',	'Plinko',	'',	'[]',	'2024-07-16 13:16:43',	''),
(94,	'9475934792',	'48348556',	'66005718_w',	0.05,	0.01,	10000.41,	10000.37,	'',	'Plinko',	'',	'[]',	'2024-07-16 13:16:54',	''),
(95,	'9475934792',	'48348556',	'66005719_w',	0.05,	0.03,	10000.37,	10000.35,	'',	'Plinko',	'',	'[]',	'2024-07-16 13:16:55',	''),
(96,	'9475934792',	'48348898',	'66005722',	0.10,	0.00,	10000.35,	10000.25,	'',	'Aviator s',	'',	'{"id":66005722,"amount":10,"user":{"userid":171048,"username":"7464967","bot":false,"denomination":0.01},"infinity_cashout":true,"auto_cashout":0,"cashedout":false,"client_seed":"kwgswYWX3oaiY5e2WHzr","profit":0,"point_cashedout":0}',	'2024-07-16 13:19:16',	''),
(97,	'9475934792',	'48349159',	'66005725_w',	0.60,	0.00,	10000.25,	9999.65,	'',	'Mini Roulette',	'',	'[]',	'2024-07-16 13:20:42',	''),
(98,	'9475934792',	'48349159',	'66005726_w',	0.10,	0.00,	9999.65,	9999.55,	'',	'Mini Roulette',	'',	'[]',	'2024-07-16 13:20:52',	''),
(99,	'9475934792',	'48349159',	'66005727_w',	0.10,	0.18,	9999.55,	9999.63,	'',	'Mini Roulette',	'',	'[]',	'2024-07-16 13:20:58',	''),
(100,	'9475934792',	'48349159',	'66005728_w',	1.10,	0.00,	9999.63,	9998.53,	'',	'Mini Roulette',	'',	'[]',	'2024-07-16 13:21:07',	'');

DROP SEQUENCE IF EXISTS transactionscasino_id_seq;
CREATE SEQUENCE transactionscasino_id_seq INCREMENT 1 MINVALUE 1 MAXVALUE 2147483647 START 1 CACHE 1;

CREATE TABLE "public"."transactionscasino" (
    "id" integer DEFAULT nextval('transactionscasino_id_seq') NOT NULL,
    "transaction_id" integer NOT NULL,
    "round_id" integer NOT NULL,
    "user_id" bigint NOT NULL,
    "session" character varying(255) NOT NULL,
    "transaction_type" character varying(20) NOT NULL,
    "amount" numeric(18,2) NOT NULL,
    "currency_code" character varying(4) NOT NULL,
    "transaction_timestamp" timestamp NOT NULL,
    "reason" character varying(32),
    "created_at" timestamp DEFAULT CURRENT_TIMESTAMP,
    "updated_at" timestamp DEFAULT CURRENT_TIMESTAMP,
    "round_finished" boolean,
    "transaction_status" text NOT NULL,
    CONSTRAINT "transactionscasino_pkey" PRIMARY KEY ("id"),
    CONSTRAINT "transactionscasino_user_id_fkey" FOREIGN KEY (user_id) REFERENCES users(id) ON DELETE CASCADE NOT DEFERRABLE
) WITH (oids = false);


DROP SEQUENCE IF EXISTS unlocked_rewards_id_seq;
CREATE SEQUENCE unlocked_rewards_id_seq INCREMENT 1 MINVALUE 1 MAXVALUE 2147483647 START 1 CACHE 1;

CREATE TABLE "public"."unlocked_rewards" (
    "id" integer DEFAULT nextval('unlocked_rewards_id_seq') NOT NULL,
    "uid" bigint NOT NULL,
    "ownername" text NOT NULL,
    "membername" text NOT NULL,
    "referalCode" text NOT NULL,
    "amount" numeric NOT NULL,
    "cointype" text DEFAULT 'sbc',
    "wager_amount" numeric NOT NULL,
    "createdAt" timestamptz DEFAULT now(),
    "claimed" boolean DEFAULT false,
    CONSTRAINT "unlocked_rewards_pkey" PRIMARY KEY ("id")
) WITH (oids = false);

INSERT INTO "unlocked_rewards" ("id", "uid", "ownername", "membername", "referalCode", "amount", "cointype", "wager_amount", "createdAt", "claimed") VALUES
(3,	5664694811,	'testpro5',	'testpro6',	'tesQtpZw',	0.5,	'sbc',	1926.28899,	'2024-12-29 00:07:24.211823+01',	't'),
(4,	5664694811,	'testpro5',	'testpro6',	'tesQtpZw',	0.5,	'sbc',	1929.31774,	'2025-01-03 21:59:24.796019+01',	't'),
(5,	5664694811,	'testpro5',	'testpro6',	'tesQtpZw',	0.5,	'sbc',	2949.09352,	'2025-01-03 22:07:10.934887+01',	't'),
(6,	5664694811,	'testpro5',	'testpro6',	'tesQtpZw',	0.5,	'sbc',	2950.36867,	'2025-01-31 19:05:00.289935+01',	't'),
(7,	5664694811,	'testpro5',	'testpro20',	'tesQtpZw',	0.5,	'sbc',	3304,	'2025-05-21 12:36:10.754371+02',	't'),
(8,	5664694811,	'testpro5',	'testpro20',	'tesQtpZw',	0.5,	'sbc',	3304,	'2025-05-21 12:36:10.754371+02',	't'),
(16,	2316169451,	'vpau1211',	'cacc17099',	'vpajTyI2',	25,	'sbc',	131672,	'2025-05-24 03:05:42.763754+02',	't'),
(17,	2316169451,	'vpau1211',	'cacc17099',	'vpajTyI2',	25,	'sbc',	262744,	'2025-05-24 03:42:52.745053+02',	't'),
(18,	2316169451,	'vpau1211',	'cacc17099',	'vpajTyI2',	50,	'sbc',	328280,	'2025-05-24 03:45:08.163917+02',	't'),
(20,	2316169451,	'vpau1211',	'angelmila1989',	'vpajTyI2',	12,	'sbc',	82571.90664,	'2025-06-05 10:42:31.975135+02',	't'),
(21,	2316169451,	'vpau1211',	'angelmila1989',	'vpajTyI2',	12,	'sbc',	115339.90664,	'2025-06-05 10:43:33.531292+02',	't'),
(22,	2316169451,	'vpau1211',	'angelmila1989',	'vpajTyI2',	12,	'sbc',	119435.90664,	'2025-06-05 10:44:07.146695+02',	't'),
(23,	2316169451,	'vpau1211',	'angelmila1989',	'vpajTyI2',	12,	'sbc',	119435.90664,	'2025-06-05 10:44:07.146695+02',	't'),
(24,	2316169451,	'vpau1211',	'angelmila1989',	'vpajTyI2',	12,	'sbc',	119835.90664,	'2025-06-05 10:48:39.242732+02',	't'),
(25,	2316169451,	'vpau1211',	'angelmila1989',	'vpajTyI2',	12,	'sbc',	119936.17712,	'2025-06-06 02:56:58.443067+02',	't'),
(26,	2579393191,	'cacc17099',	'raojima98',	'cacN9esq',	50,	'sbc',	359529,	'2025-07-18 09:57:46.665705+02',	'f'),
(27,	2316169451,	'vpau1211',	'sahab7890',	'vpajTyI2',	50,	'sbc',	358890.6,	'2025-07-18 10:16:24.471492+02',	'f');

DROP SEQUENCE IF EXISTS upideposit_id_seq;
CREATE SEQUENCE upideposit_id_seq INCREMENT 1 MINVALUE 1 MAXVALUE 2147483647 START 1 CACHE 1;

CREATE TABLE "public"."upideposit" (
    "id" integer DEFAULT nextval('upideposit_id_seq') NOT NULL,
    "uid" character varying(255) NOT NULL,
    "transactioniduser" character varying(255) NOT NULL,
    "transactionidgateway" character varying(255),
    "transactiondate" character varying(255),
    "amount" text NOT NULL,
    "status" character varying(50),
    CONSTRAINT "upideposit_pkey" PRIMARY KEY ("id")
) WITH (oids = false);

INSERT INTO "upideposit" ("id", "uid", "transactioniduser", "transactionidgateway", "transactiondate", "amount", "status") VALUES
(6,	'5622472729',	'8e00eccd-1bf4-4345-a96b-2062b9639e28',	'96853732',	'20-10-2024',	'1',	'success'),
(7,	'5622472729',	'eeef18fd-41f0-48fa-a807-4f1d7554a853',	'96853811',	'20-10-2024',	'1',	'failed'),
(8,	'5622472729',	'd4062352-fa4d-4323-98fb-97b92da601d4',	'96854068',	'20-10-2024',	'1',	'success'),
(9,	'5622472729',	'06d6343f-894e-4c9b-9a6b-99e291c12617',	'96854121',	'20-10-2024',	'1',	'failed'),
(10,	'5622472729',	'91668b88-f0fb-423d-842a-41e332047273',	'96854133',	'20-10-2024',	'1',	'pending'),
(11,	'5622472729',	'12c3bbca-19a1-43e3-957c-2d9c6907adbc',	'96854156',	'20-10-2024',	'1',	'success'),
(12,	'5622472729',	'b8a5815f-de80-4db0-9828-a9a8a2972bc7',	'96854198',	'20-10-2024',	'1',	'pending'),
(13,	'5622472729',	'5d1059da-ca00-44f6-b5ae-3202fab2c9c5',	'96854241',	'20-10-2024',	'1',	'pending'),
(14,	'5622472729',	'784de071-fdfa-4ed8-841e-3aa47d945f56',	'96884587',	'20-10-2024',	'1',	'pending'),
(15,	'5622472729',	'a7f5a264-d52c-42c7-95df-526e31d93359',	'96888124',	'20-10-2024',	'1',	'pending'),
(16,	'7565738583',	'4b671e1c-a0e9-48f1-9798-1d9fb247731d',	'96894899',	'20-10-2024',	'1000',	'pending'),
(17,	'5622472729',	'312705b7-4f98-4581-bb09-50b61b652d1a',	'97048676',	'21-10-2024',	'1',	'failed'),
(18,	'7565738583',	'b18a846a-a37d-48d2-977e-e13c9f9edfab',	'97554841',	'26-10-2024',	'100',	'pending'),
(19,	'5622472729',	'300d86db-522d-4fa7-95c2-64ea798bd55d',	'97822701',	'29-10-2024',	'1',	'pending'),
(20,	'5622472729',	'77112411-71e6-4d5a-83b9-cddcae52382b',	'98077118',	'1-11-2024',	'1',	'pending'),
(1,	'NaN',	'24d4eb37-d4a9-488a-a5ae-ccd0718e636e',	'98155087',	'1-11-2024',	'100',	'pending'),
(2,	'5622472729',	'789797e4-7ae4-4da8-8a11-70ea824a0ef5',	'98168497',	'1-11-2024',	'100',	'pending'),
(3,	'NaN',	'47d64cc8-7a8f-4154-877d-12cec8ca3140',	'98255373',	'2-11-2024',	'100',	'pending');

CREATE TABLE "public"."user_2fa" (
    "uid" character varying(255) NOT NULL,
    "is_enabled" boolean DEFAULT false,
    "secret_key" character varying(255),
    "created_at" timestamp DEFAULT CURRENT_TIMESTAMP,
    "updated_at" timestamp DEFAULT CURRENT_TIMESTAMP,
    CONSTRAINT "user_2fa_pkey" PRIMARY KEY ("uid")
) WITH (oids = false);

INSERT INTO "user_2fa" ("uid", "is_enabled", "secret_key", "created_at", "updated_at") VALUES
('4947991324',	'f',	'KJ3U2U26KAXEA5CWNFBW4NSYGRKCS5ZFGEYWIT3DLNCHWKBFNM4Q',	'2025-03-18 23:15:09.120138',	'2025-03-18 23:15:09.120138'),
('7588699862',	't',	'LJWVQM22HJIXI4LXKRDDSI2JFI6GCKKSH54DQM3LGVMHAKJEMNQQ',	'2025-04-19 23:36:41.834034',	'2025-04-19 23:36:41.834034'),
('5664694811',	'f',	'GNSVMPC2FYYEQQZ6EMRVKPCULBQUYKKVME3DSLR3N5ECCUCRMIYA',	'2024-12-28 21:39:12.786656',	'2024-12-28 23:01:26.206408'),
('4341712412',	'f',	'HJTDAW2WHQRW6LTTFJASCLSUGMUEO3RQMQSWMQJMKNYV2MZIEQ5A',	'2025-05-14 05:02:22.969697',	'2025-05-14 05:02:22.969697'),
('5211394534',	'f',	'OJ5GEY2QOIUVAZKKG5NDMMCTLJGD6MBPIQUTW3SQH5UEIWTRM52A',	'2025-05-15 13:26:53.4842',	'2025-05-15 13:26:53.4842'),
('7148754439',	'f',	'K5PGQ3CMFZGEEJCNFAYG4VC3KYSVA5CQHR5GYSSFOASXWVS2LIRQ',	'2025-11-07 15:00:23.899294',	'2025-11-07 15:00:23.899294'),
('2386483727',	'f',	'PVNXA5BBJNIUMWRSGN6XK4JDMNJVUORBJVSUWYZQOVQUONJFNR3Q',	'2025-11-25 17:16:16.496132',	'2025-11-25 17:16:16.496132');

DROP SEQUENCE IF EXISTS user_exposures_id_seq;
CREATE SEQUENCE user_exposures_id_seq INCREMENT 1 MINVALUE 1 MAXVALUE 2147483647 START 1 CACHE 1;

CREATE TABLE "public"."user_exposures" (
    "id" integer DEFAULT nextval('user_exposures_id_seq') NOT NULL,
    "user_id" bigint NOT NULL,
    "match_id" character varying NOT NULL,
    "team_name" character varying NOT NULL,
    "exposure_amount" numeric NOT NULL,
    "created_at" timestamp DEFAULT now() NOT NULL,
    "updated_at" timestamp DEFAULT now() NOT NULL,
    "match_title" character varying(255),
    CONSTRAINT "user_exposures_pkey" PRIMARY KEY ("id"),
    CONSTRAINT "user_exposures_unique_user_match_team" UNIQUE ("user_id", "match_id", "team_name")
) WITH (oids = false);

INSERT INTO "user_exposures" ("id", "user_id", "match_id", "team_name", "exposure_amount", "created_at", "updated_at", "match_title") VALUES
(12,	2386483727,	'1.250877745',	'Academico de Viseu U23',	29.000000000000004,	'2025-11-25 13:20:54.002706',	'2025-11-25 13:20:54.002706',	'Leixoes U23 v Academico de Viseu U23'),
(13,	2386483727,	'1.250877745',	'Leixoes U23',	-100,	'2025-11-25 13:20:54.002706',	'2025-11-25 13:20:54.002706',	'Leixoes U23 v Academico de Viseu U23'),
(14,	2386483727,	'1.250877745',	'The Draw',	-100,	'2025-11-25 13:20:54.002706',	'2025-11-25 13:20:54.002706',	'Leixoes U23 v Academico de Viseu U23');

DROP SEQUENCE IF EXISTS user_fcm_tokens_id_seq;
CREATE SEQUENCE user_fcm_tokens_id_seq INCREMENT 1 MINVALUE 1 MAXVALUE 2147483647 START 1 CACHE 1;

CREATE TABLE "public"."user_fcm_tokens" (
    "id" integer DEFAULT nextval('user_fcm_tokens_id_seq') NOT NULL,
    "user_id" bigint,
    "token" text NOT NULL,
    "device_type" text,
    "platform" text,
    "is_active" boolean DEFAULT true,
    "last_used" timestamp DEFAULT CURRENT_TIMESTAMP,
    "created_at" timestamp DEFAULT CURRENT_TIMESTAMP,
    CONSTRAINT "user_fcm_tokens_pkey" PRIMARY KEY ("id"),
    CONSTRAINT "user_fcm_tokens_user_id_token_key" UNIQUE ("user_id", "token"),
    CONSTRAINT "user_fcm_tokens_user_id_fkey" FOREIGN KEY (user_id) REFERENCES users(id) ON DELETE CASCADE NOT DEFERRABLE
) WITH (oids = false);

INSERT INTO "user_fcm_tokens" ("id", "user_id", "token", "device_type", "platform", "is_active", "last_used", "created_at") VALUES
(134,	NULL,	'c-wGcghXF5M1gT7tFFbYNy:APA91bEdGl3_d_eKyNFBfFAULwbuAKYpm-1JreemVhlACNRr_haEuhjXRHhQsKwSaydbsj_p9O4ZoSqdghAAAbWOyz0G-a2RaWq_kaR0NHXTML8_dgVNBSo',	'Mozilla/5.0 (Linux; Android 10; K) AppleWebKit/537.36 (KHTML, like Gecko) Chrome/136.0.0.0 Mobile Safari/537.36',	'web',	't',	'2025-05-04 08:09:54.322997',	'2025-05-04 08:09:54.322997'),
(153,	NULL,	'ewPJOcrSvYJJMo4QwRuQqy:APA91bHHu0yAXunE8gcMjY8_ReYkTgupaOmGb97cTAj0l79B83fMpvcwGhPa54tkGITQUQ1q0zcgwdDgRNf1xV17flpTLw0pNam0hfq1OghJcsYretTHBJ4',	'Mozilla/5.0 (Windows NT 10.0; Win64; x64) AppleWebKit/537.36 (KHTML, like Gecko) Chrome/135.0.0.0 Safari/537.36',	'web',	't',	'2025-05-05 22:31:13.283497',	'2025-05-05 22:31:13.283497'),
(13,	NULL,	'fjCRi3UugXgu18qhojA2b2:APA91bGum1sQA-gSSIW-Ku-2PVQrUtVS0qnj9_PCKbSojxBsnmdHyRMeEvPUtgkPoJ6HfEskOSCaRlgEfgiWSYhAhsuhcWDGgi84XAJZ45-lWCxtu0GsSOU',	'Mozilla/5.0 (Windows NT 10.0; Win64; x64) AppleWebKit/537.36 (KHTML, like Gecko) Chrome/134.0.0.0 Safari/537.36',	'web',	't',	'2025-03-25 18:09:50.148395',	'2025-03-25 18:09:50.148395'),
(155,	NULL,	'fE-Wh2cgnvVgfQTUYwkZ2H:APA91bGCNiL5p-gT_Vvyq_-J0ZyhkWpV_mywND0F_0xCY-2qpcHa97iHqcJmflokVQuvBmTkaHMHLCm8f4rt0QNDpe04qDnqZBOczGcwRO-FXOQJOjOPJJs',	'Mozilla/5.0 (Windows NT 10.0; Win64; x64) AppleWebKit/537.36 (KHTML, like Gecko) Chrome/123.0.0.0 Safari/537.36',	'web',	't',	'2025-05-06 18:44:55.230274',	'2025-05-06 18:44:55.230274'),
(15,	NULL,	'e7OBRRN23TQ8lAfVEqEZ6y:APA91bHZYQt-OmyqfkoETje_FZnmxP-ckCU471WpGKhk2XHZ1AARWCMe6f2u9ktcbWdo0WAAgHLTL3f52LJZY3312TVx3EwSNegxYhJKVtqp2BtYeSrLnxA',	'Mozilla/5.0 (Windows NT 10.0; Win64; x64) AppleWebKit/537.36 (KHTML, like Gecko) Chrome/134.0.0.0 Safari/537.36',	'web',	't',	'2025-03-26 01:28:54.999404',	'2025-03-26 01:28:54.999404'),
(156,	NULL,	'fE-Wh2cgnvVgfQTUYwkZ2H:APA91bGCNiL5p-gT_Vvyq_-J0ZyhkWpV_mywND0F_0xCY-2qpcHa97iHqcJmflokVQuvBmTkaHMHLCm8f4rt0QNDpe04qDnqZBOczGcwRO-FXOQJOjOPJJs',	'Mozilla/5.0 (Windows NT 10.0; Win64; x64) AppleWebKit/537.36 (KHTML, like Gecko) Chrome/123.0.0.0 Safari/537.36',	'web',	't',	'2025-05-06 18:45:52.731113',	'2025-05-06 18:45:52.731113'),
(47,	NULL,	'fjCRi3UugXgu18qhojA2b2:APA91bGum1sQA-gSSIW-Ku-2PVQrUtVS0qnj9_PCKbSojxBsnmdHyRMeEvPUtgkPoJ6HfEskOSCaRlgEfgiWSYhAhsuhcWDGgi84XAJZ45-lWCxtu0GsSOU',	'Mozilla/5.0 (Windows NT 10.0; Win64; x64) AppleWebKit/537.36 (KHTML, like Gecko) Chrome/135.0.0.0 Safari/537.36',	'web',	't',	'2025-04-15 17:00:38.674904',	'2025-04-15 17:00:38.674904'),
(157,	NULL,	'fE-Wh2cgnvVgfQTUYwkZ2H:APA91bGCNiL5p-gT_Vvyq_-J0ZyhkWpV_mywND0F_0xCY-2qpcHa97iHqcJmflokVQuvBmTkaHMHLCm8f4rt0QNDpe04qDnqZBOczGcwRO-FXOQJOjOPJJs',	'Mozilla/5.0 (Windows NT 10.0; Win64; x64) AppleWebKit/537.36 (KHTML, like Gecko) Chrome/123.0.0.0 Safari/537.36',	'web',	't',	'2025-05-06 18:45:56.72855',	'2025-05-06 18:45:56.72855'),
(49,	NULL,	'fjCRi3UugXgu18qhojA2b2:APA91bGum1sQA-gSSIW-Ku-2PVQrUtVS0qnj9_PCKbSojxBsnmdHyRMeEvPUtgkPoJ6HfEskOSCaRlgEfgiWSYhAhsuhcWDGgi84XAJZ45-lWCxtu0GsSOU',	'Mozilla/5.0 (Windows NT 10.0; Win64; x64) AppleWebKit/537.36 (KHTML, like Gecko) Chrome/135.0.0.0 Safari/537.36',	'web',	't',	'2025-04-15 21:07:19.669753',	'2025-04-15 21:07:19.669753'),
(10,	NULL,	'fjCRi3UugXgu18qhojA2b2:APA91bGum1sQA-gSSIW-Ku-2PVQrUtVS0qnj9_PCKbSojxBsnmdHyRMeEvPUtgkPoJ6HfEskOSCaRlgEfgiWSYhAhsuhcWDGgi84XAJZ45-lWCxtu0GsSOU',	'Mozilla/5.0 (Windows NT 10.0; Win64; x64) AppleWebKit/537.36 (KHTML, like Gecko) Chrome/134.0.0.0 Safari/537.36',	'web',	't',	'2025-03-25 17:44:24.188834',	'2025-03-25 17:44:24.188834'),
(12,	NULL,	'fjCRi3UugXgu18qhojA2b2:APA91bGum1sQA-gSSIW-Ku-2PVQrUtVS0qnj9_PCKbSojxBsnmdHyRMeEvPUtgkPoJ6HfEskOSCaRlgEfgiWSYhAhsuhcWDGgi84XAJZ45-lWCxtu0GsSOU',	'Mozilla/5.0 (Windows NT 10.0; Win64; x64) AppleWebKit/537.36 (KHTML, like Gecko) Chrome/134.0.0.0 Safari/537.36',	'web',	't',	'2025-03-25 17:54:00.493707',	'2025-03-25 17:54:00.493707'),
(18,	NULL,	'd50bFzxK70E8Ra1QP5HYxn:APA91bGkZFeoHTaJI5DA-994jiXuHplWDtqwOyCTQFlzsODmHGCM9baJfKnkg_gHXsMTv7d3KfDF8v2-CPftJbo8N9tDwNB3vVtxjQGqL99dyPG0e7Dovmc',	'Mozilla/5.0 (Windows NT 10.0; Win64; x64) AppleWebKit/537.36 (KHTML, like Gecko) Chrome/134.0.0.0 Safari/537.36',	'web',	't',	'2025-03-30 06:34:25.191373',	'2025-03-30 06:34:25.191373'),
(25,	NULL,	'emOZJbyKKGBlCIQt8aMKAH:APA91bFMftpGUjoIvx23xIcxAxvSBHI-lcVtpGAjM49IZYGMXAY9uAm_tyEINe1cg3AFQZlIAl9cohuDF32WwnxWZ5YR8wXymk-Qiap8u91TvY396i0XYxo',	'Mozilla/5.0 (Linux; Android 10; K) AppleWebKit/537.36 (KHTML, like Gecko) Chrome/134.0.0.0 Mobile Safari/537.36',	'web',	't',	'2025-04-03 04:31:53.603562',	'2025-04-03 04:31:53.603562'),
(20,	NULL,	'fquK98ESiLudxmRCrLyN15:APA91bF77I2Fuh13ghdwyheFDq_KB1Vtsn3esaMOpNl-OMbSHRe59dcx7TpAy2csu2TXZi-4ajb8jjPV_JazrHsTrBj1anw5tzNYIhogjmBImY7HxfZINX4',	'Mozilla/5.0 (Windows NT 10.0; Win64; x64) AppleWebKit/537.36 (KHTML, like Gecko) Chrome/134.0.0.0 Safari/537.36',	'web',	't',	'2025-03-30 16:08:34.988974',	'2025-03-30 16:08:34.988974'),
(26,	NULL,	'fSqekishUAhXecpxdp4hNm:APA91bG9gWOwKI5aqeTExhLwk4hqi4WiG3_jaV72MyJm5RvkOnT3v3UfI2K3ENaLSXHqHSsp-6EsEjkl4MV512TnyXXSjPkbgQyUR1-3rGp9W-EV5gnAGG0',	'Mozilla/5.0 (Linux; Android 10; K) AppleWebKit/537.36 (KHTML, like Gecko) Chrome/134.0.0.0 Mobile Safari/537.36',	'web',	't',	'2025-04-03 13:09:09.747023',	'2025-04-03 13:09:09.747023'),
(31,	NULL,	'fquK98ESiLudxmRCrLyN15:APA91bF77I2Fuh13ghdwyheFDq_KB1Vtsn3esaMOpNl-OMbSHRe59dcx7TpAy2csu2TXZi-4ajb8jjPV_JazrHsTrBj1anw5tzNYIhogjmBImY7HxfZINX4',	'Mozilla/5.0 (Windows NT 10.0; Win64; x64) AppleWebKit/537.36 (KHTML, like Gecko) Chrome/135.0.0.0 Safari/537.36',	'web',	't',	'2025-04-03 23:29:34.443657',	'2025-04-03 23:29:34.443657'),
(27,	NULL,	'db_V-F5fkB8FKETmomApSG:APA91bHhGqaFm64Yh_yJmN7hNfcTBDhP997gzISi3oKOgZ8g3eLu02zAZJnlcgWrOBOyxoBXs-aV5VS3VpjHG6tYLyqyK4WPa8moLidVZTH7yFraGEgRMFM',	'Mozilla/5.0 (Linux; Android 10; K) AppleWebKit/537.36 (KHTML, like Gecko) Chrome/134.0.0.0 Mobile Safari/537.36',	'web',	't',	'2025-04-03 13:25:36.899607',	'2025-04-03 13:25:36.899607'),
(29,	NULL,	'fSqekishUAhXecpxdp4hNm:APA91bG9gWOwKI5aqeTExhLwk4hqi4WiG3_jaV72MyJm5RvkOnT3v3UfI2K3ENaLSXHqHSsp-6EsEjkl4MV512TnyXXSjPkbgQyUR1-3rGp9W-EV5gnAGG0',	'Mozilla/5.0 (Linux; Android 10; K) AppleWebKit/537.36 (KHTML, like Gecko) Chrome/134.0.0.0 Mobile Safari/537.36',	'web',	't',	'2025-04-03 13:30:59.108476',	'2025-04-03 13:30:59.108476'),
(7,	5234034987,	'dGGpUnCzd2maW6VICtHxXT:APA91bEsAHc_-bzIASDGxG0xRGrBrUeHbKepFcUmH2PhvfNwLLWK9kh8foCL6gCF9HP_1JBumUh_rc4j6mMI8WZJqxzWNcB7x9B6JcoxZ-tgOZdDd-Y-uK0',	'Mozilla/5.0 (iPhone; CPU iPhone OS 18_5 like Mac OS X) AppleWebKit/605.1.15 (KHTML, like Gecko) Version/18.5 Mobile/15E148 Safari/604.1',	'web',	't',	'2025-12-24 20:40:43.815642',	'2025-12-19 09:22:51.585337'),
(40,	NULL,	'c7tbgxX6CAbNpg0eBt85mu:APA91bG4Vi6LTRAJApFQ7TWPXTnCa0SI9VqDVqLLCetiY7qkdeXcYiQJwWVkN2W2vhPHYbz5NXbgfF2_67812zJ4TYhVTV-K3Wzd89mJbCQWm290AU0S6i0',	'Mozilla/5.0 (Linux; Android 10; K) AppleWebKit/537.36 (KHTML, like Gecko) Chrome/134.0.0.0 Mobile Safari/537.36',	'web',	't',	'2025-04-08 01:23:27.893511',	'2025-04-08 01:23:27.893511'),
(41,	NULL,	'f6va1qWHTaaZe_ta8d_2m8:APA91bFs6684Hmoc6bu_-ZljrV8b9DrEdBGWC-LVMHg1nBu3F-c-LhOOpYIqQ3840kI5h6zNKUCyxT5XG2CQf-lVlY_jaRCs-fgfOgQbQ-p6vQ9PCqpfVyk',	'Mozilla/5.0 (Linux; Android 10; K) AppleWebKit/537.36 (KHTML, like Gecko) Chrome/134.0.0.0 Mobile Safari/537.36',	'web',	't',	'2025-04-10 00:12:10.903519',	'2025-04-10 00:12:10.903519'),
(43,	NULL,	'fquK98ESiLudxmRCrLyN15:APA91bF77I2Fuh13ghdwyheFDq_KB1Vtsn3esaMOpNl-OMbSHRe59dcx7TpAy2csu2TXZi-4ajb8jjPV_JazrHsTrBj1anw5tzNYIhogjmBImY7HxfZINX4',	'Mozilla/5.0 (Windows NT 10.0; Win64; x64) AppleWebKit/537.36 (KHTML, like Gecko) Chrome/135.0.0.0 Safari/537.36',	'web',	't',	'2025-04-10 17:10:23.314445',	'2025-04-10 17:10:23.314445'),
(44,	NULL,	'fjCRi3UugXgu18qhojA2b2:APA91bGum1sQA-gSSIW-Ku-2PVQrUtVS0qnj9_PCKbSojxBsnmdHyRMeEvPUtgkPoJ6HfEskOSCaRlgEfgiWSYhAhsuhcWDGgi84XAJZ45-lWCxtu0GsSOU',	'Mozilla/5.0 (Windows NT 10.0; Win64; x64) AppleWebKit/537.36 (KHTML, like Gecko) Chrome/135.0.0.0 Safari/537.36',	'web',	't',	'2025-04-11 19:16:08.832225',	'2025-04-11 19:16:08.832225'),
(37,	NULL,	'fA4dVAWBXWlruGC89lYljc:APA91bE-XBLhhaPOJBSVnpLp-82BHA1MhK3DUrIDzk3jDrZN-eggLRPHYmFUmPpN_a0K68I7SNxnlpqCHsyphZSMi-EgQ2TjltlCLFidTiQ1Diwb-fuWE5A',	'Mozilla/5.0 (Linux; Android 10; K) AppleWebKit/537.36 (KHTML, like Gecko) Chrome/135.0.0.0 Mobile Safari/537.36',	'web',	't',	'2025-04-07 16:48:45.641755',	'2025-04-07 16:48:45.641755'),
(39,	NULL,	'c7tbgxX6CAbNpg0eBt85mu:APA91bG4Vi6LTRAJApFQ7TWPXTnCa0SI9VqDVqLLCetiY7qkdeXcYiQJwWVkN2W2vhPHYbz5NXbgfF2_67812zJ4TYhVTV-K3Wzd89mJbCQWm290AU0S6i0',	'Mozilla/5.0 (Linux; Android 10; K) AppleWebKit/537.36 (KHTML, like Gecko) Chrome/134.0.0.0 Mobile Safari/537.36',	'web',	't',	'2025-04-08 00:29:54.476907',	'2025-04-08 00:29:54.476907'),
(68,	NULL,	'cNgp6cJB2wZpdQWIDYxzaf:APA91bEYsvsrwFf5GkjYDBbi7YfVJSVUExHEEKAmupeQpfYQZiPaPr6OfxpR6s9HYSiVWdhxW9go_TxfXx7G-6GZ9Iexq2tnC1L3uaAPQ6kGtwiJjRb2Wtw',	'Mozilla/5.0 (Linux; Android 10; K) AppleWebKit/537.36 (KHTML, like Gecko) Chrome/135.0.0.0 Mobile Safari/537.36',	'web',	't',	'2025-05-02 02:06:21.684196',	'2025-05-02 02:06:21.684196'),
(62,	NULL,	'd5UWM0jYYC2i6xLYaFQZZy:APA91bHVDzU6Oo8qJjnPmRidplRMleOOh7Dr4_5D53oaPy2fyzNudDlhNH3ATTFIsondp7gxD5BjwoXEUGohVy8-ht4WpLBVFJjBfT6c7YcLMsLsQa4w1w0',	'Mozilla/5.0 (Linux; Android 13; Pixel 7) AppleWebKit/537.36 (KHTML, like Gecko) Chrome/135.0.0.0 Mobile Safari/537.36',	'web',	't',	'2025-05-01 19:42:32.766021',	'2025-05-01 19:42:32.766021'),
(63,	NULL,	'd83_UREc_S1L713d3AC2yx:APA91bGuSMbYX8LRFO79YJS8GAM_K8gkoQatCrbGpwwlfe1H9jGut8OlJ5uo-L5PJRTx0TTAx8LBEz8bHikgPXeHOsPtz3VAsJHiRQJzG7MzxrG2KIUXG7I',	'Mozilla/5.0 (Linux; Android 13; Pixel 7) AppleWebKit/537.36 (KHTML, like Gecko) Chrome/135.0.0.0 Mobile Safari/537.36',	'web',	't',	'2025-05-01 19:44:35.990324',	'2025-05-01 19:44:35.990324'),
(64,	NULL,	'd83_UREc_S1L713d3AC2yx:APA91bGuSMbYX8LRFO79YJS8GAM_K8gkoQatCrbGpwwlfe1H9jGut8OlJ5uo-L5PJRTx0TTAx8LBEz8bHikgPXeHOsPtz3VAsJHiRQJzG7MzxrG2KIUXG7I',	'Mozilla/5.0 (Linux; Android 13; Pixel 7) AppleWebKit/537.36 (KHTML, like Gecko) Chrome/135.0.0.0 Mobile Safari/537.36',	'web',	't',	'2025-05-01 19:44:58.296117',	'2025-05-01 19:44:58.296117'),
(65,	NULL,	'd83_UREc_S1L713d3AC2yx:APA91bGuSMbYX8LRFO79YJS8GAM_K8gkoQatCrbGpwwlfe1H9jGut8OlJ5uo-L5PJRTx0TTAx8LBEz8bHikgPXeHOsPtz3VAsJHiRQJzG7MzxrG2KIUXG7I',	'Mozilla/5.0 (Linux; Android 13; Pixel 7) AppleWebKit/537.36 (KHTML, like Gecko) Chrome/135.0.0.0 Mobile Safari/537.36',	'web',	't',	'2025-05-01 19:44:59.048245',	'2025-05-01 19:44:59.048245'),
(66,	NULL,	'd83_UREc_S1L713d3AC2yx:APA91bGuSMbYX8LRFO79YJS8GAM_K8gkoQatCrbGpwwlfe1H9jGut8OlJ5uo-L5PJRTx0TTAx8LBEz8bHikgPXeHOsPtz3VAsJHiRQJzG7MzxrG2KIUXG7I',	'Mozilla/5.0 (Linux; Android 13; Pixel 7) AppleWebKit/537.36 (KHTML, like Gecko) Chrome/135.0.0.0 Mobile Safari/537.36',	'web',	't',	'2025-05-01 19:59:12.501574',	'2025-05-01 19:59:12.501574'),
(67,	NULL,	'eOKDJ2zYRtPq49m3WeF798:APA91bGgBSBc1yaUWTafOsxv4IqJ020H6kcsGx_Io6Kp_gI2oa14rUJxg4EGdtf_KnLxoW2fDdQhN908mZW1FMz6QRIELTJnW5pkXBfxoUR7ctGDb51Ovlk',	'Mozilla/5.0 (Windows NT 10.0; Win64; x64) AppleWebKit/537.36 (KHTML, like Gecko) Chrome/135.0.0.0 Safari/537.36',	'web',	't',	'2025-05-01 20:26:31.77004',	'2025-05-01 20:26:31.77004'),
(70,	NULL,	'eAACnoS21GLZrF6D46oFQ3:APA91bFB1kKlTuVYF2rUwwzSkjr0uzKYQofh0r5yrvV50ZMXo_mW1vw8dvIE3fbAIGuVdLt2of5TwAQC4XHBEbP_rF_UlSQ4JkRyxxNaAi5r75aBH_2E7DQ',	'Mozilla/5.0 (Macintosh; Intel Mac OS X 10_15_7) AppleWebKit/537.36 (KHTML, like Gecko) Chrome/135.0.0.0 Safari/537.36',	'web',	't',	'2025-05-02 07:43:37.111264',	'2025-05-02 07:43:37.111264'),
(72,	NULL,	'd83_UREc_S1L713d3AC2yx:APA91bGuSMbYX8LRFO79YJS8GAM_K8gkoQatCrbGpwwlfe1H9jGut8OlJ5uo-L5PJRTx0TTAx8LBEz8bHikgPXeHOsPtz3VAsJHiRQJzG7MzxrG2KIUXG7I',	'Mozilla/5.0 (Macintosh; Intel Mac OS X 10_15_7) AppleWebKit/537.36 (KHTML, like Gecko) Chrome/135.0.0.0 Safari/537.36',	'web',	't',	'2025-05-02 09:16:49.864383',	'2025-05-02 09:16:49.864383'),
(73,	NULL,	'cmHQIDhRKxE9DxDqXj1Tt3:APA91bG4wDrPtzJBbk-tHaoElpqnVIqSsrh7D5Omt5eTNSgECTVUHY7rfiFXf75Ff4EGtBCj_Kv83cF3cNbWNdrNmywYFyFzAJKDB9a3p9Yi2UwnePu-QBM',	'Mozilla/5.0 (Windows NT 10.0; Win64; x64) AppleWebKit/537.36 (KHTML, like Gecko) Chrome/135.0.0.0 Safari/537.36',	'web',	't',	'2025-05-02 09:53:40.988197',	'2025-05-02 09:53:40.988197'),
(74,	NULL,	'csV55jSudfboQ6XOWBezSF:APA91bHSuXa5iSMqGGc24NBZn4I-fopCp66pkwEQiFjX8GgQrOCbDKTgdBXhafIzFmiS99sPTWCPVECayRloUJ0AzVGOEGEip1DTV3IacjTjdzo8UrTTeYU',	'Mozilla/5.0 (Windows NT 10.0; Win64; x64) AppleWebKit/537.36 (KHTML, like Gecko) Chrome/135.0.0.0 Safari/537.36',	'web',	't',	'2025-05-02 10:05:15.079497',	'2025-05-02 10:05:15.079497'),
(75,	NULL,	'csV55jSudfboQ6XOWBezSF:APA91bHSuXa5iSMqGGc24NBZn4I-fopCp66pkwEQiFjX8GgQrOCbDKTgdBXhafIzFmiS99sPTWCPVECayRloUJ0AzVGOEGEip1DTV3IacjTjdzo8UrTTeYU',	'Mozilla/5.0 (Windows NT 10.0; Win64; x64) AppleWebKit/537.36 (KHTML, like Gecko) Chrome/135.0.0.0 Safari/537.36',	'web',	't',	'2025-05-02 10:05:16.33422',	'2025-05-02 10:05:16.33422'),
(76,	NULL,	'd83_UREc_S1L713d3AC2yx:APA91bGuSMbYX8LRFO79YJS8GAM_K8gkoQatCrbGpwwlfe1H9jGut8OlJ5uo-L5PJRTx0TTAx8LBEz8bHikgPXeHOsPtz3VAsJHiRQJzG7MzxrG2KIUXG7I',	'Mozilla/5.0 (Macintosh; Intel Mac OS X 10_15_7) AppleWebKit/537.36 (KHTML, like Gecko) Chrome/135.0.0.0 Safari/537.36',	'web',	't',	'2025-05-02 11:52:32.820002',	'2025-05-02 11:52:32.820002'),
(77,	NULL,	'cmHQIDhRKxE9DxDqXj1Tt3:APA91bG4wDrPtzJBbk-tHaoElpqnVIqSsrh7D5Omt5eTNSgECTVUHY7rfiFXf75Ff4EGtBCj_Kv83cF3cNbWNdrNmywYFyFzAJKDB9a3p9Yi2UwnePu-QBM',	'Mozilla/5.0 (Windows NT 10.0; Win64; x64) AppleWebKit/537.36 (KHTML, like Gecko) Chrome/135.0.0.0 Safari/537.36',	'web',	't',	'2025-05-03 09:17:50.914361',	'2025-05-03 09:17:50.914361'),
(137,	NULL,	'dVah5b-K_DCHb_iw7vxJnx:APA91bFWDacNU0hW24l0ZvIGRXNBcRYLvaF_kFGriVL2ls8Pw4XfM8uDt2JZ6lG-UpuPXtehfIfLOxwMMhojcx-qRO0qV61HiC2n6iFsF3ew9JZKxnQxYKc',	'Mozilla/5.0 (Linux; Android 10; K) AppleWebKit/537.36 (KHTML, like Gecko) Chrome/135.0.0.0 Mobile Safari/537.36',	'web',	't',	'2025-05-04 18:24:34.699619',	'2025-05-04 18:24:34.699619'),
(79,	NULL,	'c0DspYg8eZcDVxJ9eqPYES:APA91bHo6jEc-NRa0uVmCXgc8O9FXW28pqnRj2zYRsNbBgimuhgRv7HUeF7-RIM1whsr_VHLWVjjQiYxZLj_Hoxbdfmjq1RB5e9KOjdyC4VVjnIz8hR5mWo',	'Mozilla/5.0 (Windows NT 10.0; Win64; x64) AppleWebKit/537.36 (KHTML, like Gecko) Chrome/135.0.0.0 Safari/537.36',	'web',	't',	'2025-05-03 19:09:59.423256',	'2025-05-03 19:09:59.423256'),
(80,	NULL,	'c0DspYg8eZcDVxJ9eqPYES:APA91bHo6jEc-NRa0uVmCXgc8O9FXW28pqnRj2zYRsNbBgimuhgRv7HUeF7-RIM1whsr_VHLWVjjQiYxZLj_Hoxbdfmjq1RB5e9KOjdyC4VVjnIz8hR5mWo',	'Mozilla/5.0 (Windows NT 10.0; Win64; x64) AppleWebKit/537.36 (KHTML, like Gecko) Chrome/135.0.0.0 Safari/537.36',	'web',	't',	'2025-05-03 19:10:25.63618',	'2025-05-03 19:10:25.63618'),
(81,	NULL,	'c0DspYg8eZcDVxJ9eqPYES:APA91bHo6jEc-NRa0uVmCXgc8O9FXW28pqnRj2zYRsNbBgimuhgRv7HUeF7-RIM1whsr_VHLWVjjQiYxZLj_Hoxbdfmjq1RB5e9KOjdyC4VVjnIz8hR5mWo',	'Mozilla/5.0 (Windows NT 10.0; Win64; x64) AppleWebKit/537.36 (KHTML, like Gecko) Chrome/135.0.0.0 Safari/537.36',	'web',	't',	'2025-05-03 19:20:00.944402',	'2025-05-03 19:20:00.944402'),
(82,	NULL,	'c0DspYg8eZcDVxJ9eqPYES:APA91bHo6jEc-NRa0uVmCXgc8O9FXW28pqnRj2zYRsNbBgimuhgRv7HUeF7-RIM1whsr_VHLWVjjQiYxZLj_Hoxbdfmjq1RB5e9KOjdyC4VVjnIz8hR5mWo',	'Mozilla/5.0 (Windows NT 10.0; Win64; x64) AppleWebKit/537.36 (KHTML, like Gecko) Chrome/135.0.0.0 Safari/537.36',	'web',	't',	'2025-05-03 19:24:26.928775',	'2025-05-03 19:24:26.928775'),
(83,	NULL,	'c0DspYg8eZcDVxJ9eqPYES:APA91bHo6jEc-NRa0uVmCXgc8O9FXW28pqnRj2zYRsNbBgimuhgRv7HUeF7-RIM1whsr_VHLWVjjQiYxZLj_Hoxbdfmjq1RB5e9KOjdyC4VVjnIz8hR5mWo',	'Mozilla/5.0 (Windows NT 10.0; Win64; x64) AppleWebKit/537.36 (KHTML, like Gecko) Chrome/135.0.0.0 Safari/537.36',	'web',	't',	'2025-05-03 19:25:32.221938',	'2025-05-03 19:25:32.221938'),
(84,	NULL,	'c0DspYg8eZcDVxJ9eqPYES:APA91bHo6jEc-NRa0uVmCXgc8O9FXW28pqnRj2zYRsNbBgimuhgRv7HUeF7-RIM1whsr_VHLWVjjQiYxZLj_Hoxbdfmjq1RB5e9KOjdyC4VVjnIz8hR5mWo',	'Mozilla/5.0 (Windows NT 10.0; Win64; x64) AppleWebKit/537.36 (KHTML, like Gecko) Chrome/135.0.0.0 Safari/537.36',	'web',	't',	'2025-05-03 19:29:22.177229',	'2025-05-03 19:29:22.177229'),
(85,	NULL,	'c0DspYg8eZcDVxJ9eqPYES:APA91bHo6jEc-NRa0uVmCXgc8O9FXW28pqnRj2zYRsNbBgimuhgRv7HUeF7-RIM1whsr_VHLWVjjQiYxZLj_Hoxbdfmjq1RB5e9KOjdyC4VVjnIz8hR5mWo',	'Mozilla/5.0 (Windows NT 10.0; Win64; x64) AppleWebKit/537.36 (KHTML, like Gecko) Chrome/135.0.0.0 Safari/537.36',	'web',	't',	'2025-05-03 19:31:24.948387',	'2025-05-03 19:31:24.948387'),
(86,	NULL,	'c0DspYg8eZcDVxJ9eqPYES:APA91bHo6jEc-NRa0uVmCXgc8O9FXW28pqnRj2zYRsNbBgimuhgRv7HUeF7-RIM1whsr_VHLWVjjQiYxZLj_Hoxbdfmjq1RB5e9KOjdyC4VVjnIz8hR5mWo',	'Mozilla/5.0 (Windows NT 10.0; Win64; x64) AppleWebKit/537.36 (KHTML, like Gecko) Chrome/135.0.0.0 Safari/537.36',	'web',	't',	'2025-05-03 19:32:44.389165',	'2025-05-03 19:32:44.389165'),
(87,	NULL,	'c0DspYg8eZcDVxJ9eqPYES:APA91bHo6jEc-NRa0uVmCXgc8O9FXW28pqnRj2zYRsNbBgimuhgRv7HUeF7-RIM1whsr_VHLWVjjQiYxZLj_Hoxbdfmjq1RB5e9KOjdyC4VVjnIz8hR5mWo',	'Mozilla/5.0 (Windows NT 10.0; Win64; x64) AppleWebKit/537.36 (KHTML, like Gecko) Chrome/135.0.0.0 Safari/537.36',	'web',	't',	'2025-05-03 19:33:55.631789',	'2025-05-03 19:33:55.631789'),
(138,	NULL,	'fE-Wh2cgnvVgfQTUYwkZ2H:APA91bGCNiL5p-gT_Vvyq_-J0ZyhkWpV_mywND0F_0xCY-2qpcHa97iHqcJmflokVQuvBmTkaHMHLCm8f4rt0QNDpe04qDnqZBOczGcwRO-FXOQJOjOPJJs',	'Mozilla/5.0 (Windows NT 10.0; Win64; x64) AppleWebKit/537.36 (KHTML, like Gecko) Chrome/123.0.0.0 Safari/537.36',	'web',	't',	'2025-05-04 21:02:58.897467',	'2025-05-04 21:02:58.897467'),
(139,	NULL,	'fE-Wh2cgnvVgfQTUYwkZ2H:APA91bGCNiL5p-gT_Vvyq_-J0ZyhkWpV_mywND0F_0xCY-2qpcHa97iHqcJmflokVQuvBmTkaHMHLCm8f4rt0QNDpe04qDnqZBOczGcwRO-FXOQJOjOPJJs',	'Mozilla/5.0 (Windows NT 10.0; Win64; x64) AppleWebKit/537.36 (KHTML, like Gecko) Chrome/123.0.0.0 Safari/537.36',	'web',	't',	'2025-05-04 21:06:29.404883',	'2025-05-04 21:06:29.404883'),
(140,	NULL,	'fE-Wh2cgnvVgfQTUYwkZ2H:APA91bGCNiL5p-gT_Vvyq_-J0ZyhkWpV_mywND0F_0xCY-2qpcHa97iHqcJmflokVQuvBmTkaHMHLCm8f4rt0QNDpe04qDnqZBOczGcwRO-FXOQJOjOPJJs',	'Mozilla/5.0 (Windows NT 10.0; Win64; x64) AppleWebKit/537.36 (KHTML, like Gecko) Chrome/123.0.0.0 Safari/537.36',	'web',	't',	'2025-05-04 21:08:01.480011',	'2025-05-04 21:08:01.480011'),
(91,	NULL,	'c0DspYg8eZcDVxJ9eqPYES:APA91bHo6jEc-NRa0uVmCXgc8O9FXW28pqnRj2zYRsNbBgimuhgRv7HUeF7-RIM1whsr_VHLWVjjQiYxZLj_Hoxbdfmjq1RB5e9KOjdyC4VVjnIz8hR5mWo',	'Mozilla/5.0 (Windows NT 10.0; Win64; x64) AppleWebKit/537.36 (KHTML, like Gecko) Chrome/135.0.0.0 Safari/537.36',	'web',	't',	'2025-05-03 19:51:21.972279',	'2025-05-03 19:51:21.972279'),
(92,	NULL,	'c0DspYg8eZcDVxJ9eqPYES:APA91bHo6jEc-NRa0uVmCXgc8O9FXW28pqnRj2zYRsNbBgimuhgRv7HUeF7-RIM1whsr_VHLWVjjQiYxZLj_Hoxbdfmjq1RB5e9KOjdyC4VVjnIz8hR5mWo',	'Mozilla/5.0 (Windows NT 10.0; Win64; x64) AppleWebKit/537.36 (KHTML, like Gecko) Chrome/135.0.0.0 Safari/537.36',	'web',	't',	'2025-05-03 19:52:14.736831',	'2025-05-03 19:52:14.736831'),
(141,	NULL,	'fE-Wh2cgnvVgfQTUYwkZ2H:APA91bGCNiL5p-gT_Vvyq_-J0ZyhkWpV_mywND0F_0xCY-2qpcHa97iHqcJmflokVQuvBmTkaHMHLCm8f4rt0QNDpe04qDnqZBOczGcwRO-FXOQJOjOPJJs',	'Mozilla/5.0 (Windows NT 10.0; Win64; x64) AppleWebKit/537.36 (KHTML, like Gecko) Chrome/123.0.0.0 Safari/537.36',	'web',	't',	'2025-05-04 21:08:02.770337',	'2025-05-04 21:08:02.770337'),
(95,	NULL,	'c0DspYg8eZcDVxJ9eqPYES:APA91bHo6jEc-NRa0uVmCXgc8O9FXW28pqnRj2zYRsNbBgimuhgRv7HUeF7-RIM1whsr_VHLWVjjQiYxZLj_Hoxbdfmjq1RB5e9KOjdyC4VVjnIz8hR5mWo',	'Mozilla/5.0 (Windows NT 10.0; Win64; x64) AppleWebKit/537.36 (KHTML, like Gecko) Chrome/135.0.0.0 Safari/537.36',	'web',	't',	'2025-05-03 19:59:27.839154',	'2025-05-03 19:59:27.839154'),
(98,	NULL,	'c0DspYg8eZcDVxJ9eqPYES:APA91bHo6jEc-NRa0uVmCXgc8O9FXW28pqnRj2zYRsNbBgimuhgRv7HUeF7-RIM1whsr_VHLWVjjQiYxZLj_Hoxbdfmjq1RB5e9KOjdyC4VVjnIz8hR5mWo',	'Mozilla/5.0 (Windows NT 10.0; Win64; x64) AppleWebKit/537.36 (KHTML, like Gecko) Chrome/135.0.0.0 Safari/537.36',	'web',	't',	'2025-05-03 20:01:34.108651',	'2025-05-03 20:01:34.108651'),
(99,	NULL,	'c0DspYg8eZcDVxJ9eqPYES:APA91bHo6jEc-NRa0uVmCXgc8O9FXW28pqnRj2zYRsNbBgimuhgRv7HUeF7-RIM1whsr_VHLWVjjQiYxZLj_Hoxbdfmjq1RB5e9KOjdyC4VVjnIz8hR5mWo',	'Mozilla/5.0 (Windows NT 10.0; Win64; x64) AppleWebKit/537.36 (KHTML, like Gecko) Chrome/135.0.0.0 Safari/537.36',	'web',	't',	'2025-05-03 20:03:00.809534',	'2025-05-03 20:03:00.809534'),
(263,	NULL,	'cBndsftYJ9kKoHqGhr5kEO:APA91bGGJmG-JBFh_RdRYFXr65cDCZZxMYeluRvMYQl-BDs-13TVf4rEVc515CUrzOCjmhGbiPSV37U8SsPSuLo1MR210biFHoPUbN90GTwsWiu_dopSb8U',	'Mozilla/5.0 (Windows NT 10.0; Win64; x64) AppleWebKit/537.36 (KHTML, like Gecko) Chrome/136.0.0.0 Safari/537.36',	'web',	't',	'2025-05-20 12:40:39.909514',	'2025-05-20 12:40:39.909514'),
(102,	NULL,	'c0DspYg8eZcDVxJ9eqPYES:APA91bHo6jEc-NRa0uVmCXgc8O9FXW28pqnRj2zYRsNbBgimuhgRv7HUeF7-RIM1whsr_VHLWVjjQiYxZLj_Hoxbdfmjq1RB5e9KOjdyC4VVjnIz8hR5mWo',	'Mozilla/5.0 (Windows NT 10.0; Win64; x64) AppleWebKit/537.36 (KHTML, like Gecko) Chrome/135.0.0.0 Safari/537.36',	'web',	't',	'2025-05-03 20:09:06.317429',	'2025-05-03 20:09:06.317429'),
(143,	NULL,	'fE-Wh2cgnvVgfQTUYwkZ2H:APA91bGCNiL5p-gT_Vvyq_-J0ZyhkWpV_mywND0F_0xCY-2qpcHa97iHqcJmflokVQuvBmTkaHMHLCm8f4rt0QNDpe04qDnqZBOczGcwRO-FXOQJOjOPJJs',	'Mozilla/5.0 (Windows NT 10.0; Win64; x64) AppleWebKit/537.36 (KHTML, like Gecko) Chrome/123.0.0.0 Safari/537.36',	'web',	't',	'2025-05-04 21:44:35.698852',	'2025-05-04 21:44:35.698852'),
(104,	NULL,	'c0DspYg8eZcDVxJ9eqPYES:APA91bHo6jEc-NRa0uVmCXgc8O9FXW28pqnRj2zYRsNbBgimuhgRv7HUeF7-RIM1whsr_VHLWVjjQiYxZLj_Hoxbdfmjq1RB5e9KOjdyC4VVjnIz8hR5mWo',	'Mozilla/5.0 (Windows NT 10.0; Win64; x64) AppleWebKit/537.36 (KHTML, like Gecko) Chrome/135.0.0.0 Safari/537.36',	'web',	't',	'2025-05-03 20:10:49.835781',	'2025-05-03 20:10:49.835781'),
(105,	NULL,	'c0DspYg8eZcDVxJ9eqPYES:APA91bHo6jEc-NRa0uVmCXgc8O9FXW28pqnRj2zYRsNbBgimuhgRv7HUeF7-RIM1whsr_VHLWVjjQiYxZLj_Hoxbdfmjq1RB5e9KOjdyC4VVjnIz8hR5mWo',	'Mozilla/5.0 (Windows NT 10.0; Win64; x64) AppleWebKit/537.36 (KHTML, like Gecko) Chrome/135.0.0.0 Safari/537.36',	'web',	't',	'2025-05-03 20:11:42.333842',	'2025-05-03 20:11:42.333842'),
(106,	NULL,	'c0DspYg8eZcDVxJ9eqPYES:APA91bHo6jEc-NRa0uVmCXgc8O9FXW28pqnRj2zYRsNbBgimuhgRv7HUeF7-RIM1whsr_VHLWVjjQiYxZLj_Hoxbdfmjq1RB5e9KOjdyC4VVjnIz8hR5mWo',	'Mozilla/5.0 (Windows NT 10.0; Win64; x64) AppleWebKit/537.36 (KHTML, like Gecko) Chrome/135.0.0.0 Safari/537.36',	'web',	't',	'2025-05-03 20:13:18.522707',	'2025-05-03 20:13:18.522707'),
(107,	NULL,	'c0DspYg8eZcDVxJ9eqPYES:APA91bHo6jEc-NRa0uVmCXgc8O9FXW28pqnRj2zYRsNbBgimuhgRv7HUeF7-RIM1whsr_VHLWVjjQiYxZLj_Hoxbdfmjq1RB5e9KOjdyC4VVjnIz8hR5mWo',	'Mozilla/5.0 (Windows NT 10.0; Win64; x64) AppleWebKit/537.36 (KHTML, like Gecko) Chrome/135.0.0.0 Safari/537.36',	'web',	't',	'2025-05-03 20:16:20.609263',	'2025-05-03 20:16:20.609263'),
(108,	NULL,	'c0DspYg8eZcDVxJ9eqPYES:APA91bHo6jEc-NRa0uVmCXgc8O9FXW28pqnRj2zYRsNbBgimuhgRv7HUeF7-RIM1whsr_VHLWVjjQiYxZLj_Hoxbdfmjq1RB5e9KOjdyC4VVjnIz8hR5mWo',	'Mozilla/5.0 (Windows NT 10.0; Win64; x64) AppleWebKit/537.36 (KHTML, like Gecko) Chrome/135.0.0.0 Safari/537.36',	'web',	't',	'2025-05-03 20:20:55.396091',	'2025-05-03 20:20:55.396091'),
(109,	NULL,	'c0DspYg8eZcDVxJ9eqPYES:APA91bHo6jEc-NRa0uVmCXgc8O9FXW28pqnRj2zYRsNbBgimuhgRv7HUeF7-RIM1whsr_VHLWVjjQiYxZLj_Hoxbdfmjq1RB5e9KOjdyC4VVjnIz8hR5mWo',	'Mozilla/5.0 (Windows NT 10.0; Win64; x64) AppleWebKit/537.36 (KHTML, like Gecko) Chrome/135.0.0.0 Safari/537.36',	'web',	't',	'2025-05-03 20:22:22.818009',	'2025-05-03 20:22:22.818009'),
(110,	NULL,	'c0DspYg8eZcDVxJ9eqPYES:APA91bHo6jEc-NRa0uVmCXgc8O9FXW28pqnRj2zYRsNbBgimuhgRv7HUeF7-RIM1whsr_VHLWVjjQiYxZLj_Hoxbdfmjq1RB5e9KOjdyC4VVjnIz8hR5mWo',	'Mozilla/5.0 (Windows NT 10.0; Win64; x64) AppleWebKit/537.36 (KHTML, like Gecko) Chrome/135.0.0.0 Safari/537.36',	'web',	't',	'2025-05-03 20:23:02.481428',	'2025-05-03 20:23:02.481428'),
(111,	NULL,	'c0DspYg8eZcDVxJ9eqPYES:APA91bHo6jEc-NRa0uVmCXgc8O9FXW28pqnRj2zYRsNbBgimuhgRv7HUeF7-RIM1whsr_VHLWVjjQiYxZLj_Hoxbdfmjq1RB5e9KOjdyC4VVjnIz8hR5mWo',	'Mozilla/5.0 (Windows NT 10.0; Win64; x64) AppleWebKit/537.36 (KHTML, like Gecko) Chrome/135.0.0.0 Safari/537.36',	'web',	't',	'2025-05-03 20:24:13.636693',	'2025-05-03 20:24:13.636693'),
(112,	NULL,	'c0DspYg8eZcDVxJ9eqPYES:APA91bHo6jEc-NRa0uVmCXgc8O9FXW28pqnRj2zYRsNbBgimuhgRv7HUeF7-RIM1whsr_VHLWVjjQiYxZLj_Hoxbdfmjq1RB5e9KOjdyC4VVjnIz8hR5mWo',	'Mozilla/5.0 (iPhone; CPU iPhone OS 16_6 like Mac OS X) AppleWebKit/605.1.15 (KHTML, like Gecko) Version/16.6 Mobile/15E148 Safari/604.1',	'web',	't',	'2025-05-03 20:27:56.91358',	'2025-05-03 20:27:56.91358'),
(113,	NULL,	'c0DspYg8eZcDVxJ9eqPYES:APA91bHo6jEc-NRa0uVmCXgc8O9FXW28pqnRj2zYRsNbBgimuhgRv7HUeF7-RIM1whsr_VHLWVjjQiYxZLj_Hoxbdfmjq1RB5e9KOjdyC4VVjnIz8hR5mWo',	'Mozilla/5.0 (Windows NT 10.0; Win64; x64) AppleWebKit/537.36 (KHTML, like Gecko) Chrome/135.0.0.0 Safari/537.36',	'web',	't',	'2025-05-03 20:34:07.068199',	'2025-05-03 20:34:07.068199'),
(114,	NULL,	'c0DspYg8eZcDVxJ9eqPYES:APA91bHo6jEc-NRa0uVmCXgc8O9FXW28pqnRj2zYRsNbBgimuhgRv7HUeF7-RIM1whsr_VHLWVjjQiYxZLj_Hoxbdfmjq1RB5e9KOjdyC4VVjnIz8hR5mWo',	'Mozilla/5.0 (Windows NT 10.0; Win64; x64) AppleWebKit/537.36 (KHTML, like Gecko) Chrome/135.0.0.0 Safari/537.36',	'web',	't',	'2025-05-03 20:34:59.781285',	'2025-05-03 20:34:59.781285'),
(115,	NULL,	'c0DspYg8eZcDVxJ9eqPYES:APA91bHo6jEc-NRa0uVmCXgc8O9FXW28pqnRj2zYRsNbBgimuhgRv7HUeF7-RIM1whsr_VHLWVjjQiYxZLj_Hoxbdfmjq1RB5e9KOjdyC4VVjnIz8hR5mWo',	'Mozilla/5.0 (Windows NT 10.0; Win64; x64) AppleWebKit/537.36 (KHTML, like Gecko) Chrome/135.0.0.0 Safari/537.36',	'web',	't',	'2025-05-03 20:35:39.658175',	'2025-05-03 20:35:39.658175'),
(116,	NULL,	'c0DspYg8eZcDVxJ9eqPYES:APA91bHo6jEc-NRa0uVmCXgc8O9FXW28pqnRj2zYRsNbBgimuhgRv7HUeF7-RIM1whsr_VHLWVjjQiYxZLj_Hoxbdfmjq1RB5e9KOjdyC4VVjnIz8hR5mWo',	'Mozilla/5.0 (Windows NT 10.0; Win64; x64) AppleWebKit/537.36 (KHTML, like Gecko) Chrome/135.0.0.0 Safari/537.36',	'web',	't',	'2025-05-03 20:36:23.390227',	'2025-05-03 20:36:23.390227'),
(117,	NULL,	'c0DspYg8eZcDVxJ9eqPYES:APA91bHo6jEc-NRa0uVmCXgc8O9FXW28pqnRj2zYRsNbBgimuhgRv7HUeF7-RIM1whsr_VHLWVjjQiYxZLj_Hoxbdfmjq1RB5e9KOjdyC4VVjnIz8hR5mWo',	'Mozilla/5.0 (Windows NT 10.0; Win64; x64) AppleWebKit/537.36 (KHTML, like Gecko) Chrome/135.0.0.0 Safari/537.36',	'web',	't',	'2025-05-03 20:37:09.979413',	'2025-05-03 20:37:09.979413'),
(118,	NULL,	'c0DspYg8eZcDVxJ9eqPYES:APA91bHo6jEc-NRa0uVmCXgc8O9FXW28pqnRj2zYRsNbBgimuhgRv7HUeF7-RIM1whsr_VHLWVjjQiYxZLj_Hoxbdfmjq1RB5e9KOjdyC4VVjnIz8hR5mWo',	'Mozilla/5.0 (Windows NT 10.0; Win64; x64) AppleWebKit/537.36 (KHTML, like Gecko) Chrome/135.0.0.0 Safari/537.36',	'web',	't',	'2025-05-03 20:42:09.678036',	'2025-05-03 20:42:09.678036'),
(119,	NULL,	'c0DspYg8eZcDVxJ9eqPYES:APA91bHo6jEc-NRa0uVmCXgc8O9FXW28pqnRj2zYRsNbBgimuhgRv7HUeF7-RIM1whsr_VHLWVjjQiYxZLj_Hoxbdfmjq1RB5e9KOjdyC4VVjnIz8hR5mWo',	'Mozilla/5.0 (Windows NT 10.0; Win64; x64) AppleWebKit/537.36 (KHTML, like Gecko) Chrome/135.0.0.0 Safari/537.36',	'web',	't',	'2025-05-03 20:43:57.121353',	'2025-05-03 20:43:57.121353'),
(120,	NULL,	'c0DspYg8eZcDVxJ9eqPYES:APA91bHo6jEc-NRa0uVmCXgc8O9FXW28pqnRj2zYRsNbBgimuhgRv7HUeF7-RIM1whsr_VHLWVjjQiYxZLj_Hoxbdfmjq1RB5e9KOjdyC4VVjnIz8hR5mWo',	'Mozilla/5.0 (Windows NT 10.0; Win64; x64) AppleWebKit/537.36 (KHTML, like Gecko) Chrome/135.0.0.0 Safari/537.36',	'web',	't',	'2025-05-03 20:44:36.002151',	'2025-05-03 20:44:36.002151'),
(121,	NULL,	'c0DspYg8eZcDVxJ9eqPYES:APA91bHo6jEc-NRa0uVmCXgc8O9FXW28pqnRj2zYRsNbBgimuhgRv7HUeF7-RIM1whsr_VHLWVjjQiYxZLj_Hoxbdfmjq1RB5e9KOjdyC4VVjnIz8hR5mWo',	'Mozilla/5.0 (Windows NT 10.0; Win64; x64) AppleWebKit/537.36 (KHTML, like Gecko) Chrome/135.0.0.0 Safari/537.36',	'web',	't',	'2025-05-03 20:45:35.679247',	'2025-05-03 20:45:35.679247'),
(122,	NULL,	'c0DspYg8eZcDVxJ9eqPYES:APA91bHo6jEc-NRa0uVmCXgc8O9FXW28pqnRj2zYRsNbBgimuhgRv7HUeF7-RIM1whsr_VHLWVjjQiYxZLj_Hoxbdfmjq1RB5e9KOjdyC4VVjnIz8hR5mWo',	'Mozilla/5.0 (Windows NT 10.0; Win64; x64) AppleWebKit/537.36 (KHTML, like Gecko) Chrome/135.0.0.0 Safari/537.36',	'web',	't',	'2025-05-03 20:47:05.988212',	'2025-05-03 20:47:05.988212'),
(123,	NULL,	'c0DspYg8eZcDVxJ9eqPYES:APA91bHo6jEc-NRa0uVmCXgc8O9FXW28pqnRj2zYRsNbBgimuhgRv7HUeF7-RIM1whsr_VHLWVjjQiYxZLj_Hoxbdfmjq1RB5e9KOjdyC4VVjnIz8hR5mWo',	'Mozilla/5.0 (Windows NT 10.0; Win64; x64) AppleWebKit/537.36 (KHTML, like Gecko) Chrome/135.0.0.0 Safari/537.36',	'web',	't',	'2025-05-03 20:48:15.491898',	'2025-05-03 20:48:15.491898'),
(124,	NULL,	'c0DspYg8eZcDVxJ9eqPYES:APA91bHo6jEc-NRa0uVmCXgc8O9FXW28pqnRj2zYRsNbBgimuhgRv7HUeF7-RIM1whsr_VHLWVjjQiYxZLj_Hoxbdfmjq1RB5e9KOjdyC4VVjnIz8hR5mWo',	'Mozilla/5.0 (Windows NT 10.0; Win64; x64) AppleWebKit/537.36 (KHTML, like Gecko) Chrome/135.0.0.0 Safari/537.36',	'web',	't',	'2025-05-03 20:49:19.07362',	'2025-05-03 20:49:19.07362'),
(125,	NULL,	'c0DspYg8eZcDVxJ9eqPYES:APA91bHo6jEc-NRa0uVmCXgc8O9FXW28pqnRj2zYRsNbBgimuhgRv7HUeF7-RIM1whsr_VHLWVjjQiYxZLj_Hoxbdfmjq1RB5e9KOjdyC4VVjnIz8hR5mWo',	'Mozilla/5.0 (Windows NT 10.0; Win64; x64) AppleWebKit/537.36 (KHTML, like Gecko) Chrome/135.0.0.0 Safari/537.36',	'web',	't',	'2025-05-03 20:51:31.567088',	'2025-05-03 20:51:31.567088'),
(126,	NULL,	'c0DspYg8eZcDVxJ9eqPYES:APA91bHo6jEc-NRa0uVmCXgc8O9FXW28pqnRj2zYRsNbBgimuhgRv7HUeF7-RIM1whsr_VHLWVjjQiYxZLj_Hoxbdfmjq1RB5e9KOjdyC4VVjnIz8hR5mWo',	'Mozilla/5.0 (iPhone; CPU iPhone OS 16_6 like Mac OS X) AppleWebKit/605.1.15 (KHTML, like Gecko) Version/16.6 Mobile/15E148 Safari/604.1',	'web',	't',	'2025-05-03 20:52:35.106231',	'2025-05-03 20:52:35.106231'),
(127,	NULL,	'c0DspYg8eZcDVxJ9eqPYES:APA91bHo6jEc-NRa0uVmCXgc8O9FXW28pqnRj2zYRsNbBgimuhgRv7HUeF7-RIM1whsr_VHLWVjjQiYxZLj_Hoxbdfmjq1RB5e9KOjdyC4VVjnIz8hR5mWo',	'Mozilla/5.0 (Windows NT 10.0; Win64; x64) AppleWebKit/537.36 (KHTML, like Gecko) Chrome/135.0.0.0 Safari/537.36',	'web',	't',	'2025-05-03 20:53:17.345087',	'2025-05-03 20:53:17.345087'),
(128,	NULL,	'c0DspYg8eZcDVxJ9eqPYES:APA91bHo6jEc-NRa0uVmCXgc8O9FXW28pqnRj2zYRsNbBgimuhgRv7HUeF7-RIM1whsr_VHLWVjjQiYxZLj_Hoxbdfmjq1RB5e9KOjdyC4VVjnIz8hR5mWo',	'Mozilla/5.0 (Windows NT 10.0; Win64; x64) AppleWebKit/537.36 (KHTML, like Gecko) Chrome/135.0.0.0 Safari/537.36',	'web',	't',	'2025-05-03 21:03:22.688872',	'2025-05-03 21:03:22.688872'),
(129,	NULL,	'eeBaiNx5VTLUwtqqTVLTRR:APA91bG9k2YBInrWlLoyura83Xf9AyNEdIsWLCQlq9N5ZBEa6ARrxd89VpOBEgMlX_UrRQNDC3370JztBbkyVe3pY-VeH7yNXEUayvBvCu5jrX38X-dakCk',	'Mozilla/5.0 (Linux; Android 10; K) AppleWebKit/537.36 (KHTML, like Gecko) Chrome/135.0.0.0 Mobile Safari/537.36',	'web',	't',	'2025-05-04 02:37:07.466904',	'2025-05-04 02:37:07.466904'),
(151,	NULL,	'eEdvGKZ2EB4jpATvxQqCJD:APA91bFMG92QiuyfFJrtK-L56cZ9jMD-ssdMoS6UhRWLQNXu1yaSc3YXtgIMfDEr4ZbxuOSsDY68vPDlMqh064uMP0ocY5a05FlEwD1RM6sB6tDD8J4Q3EM',	'Mozilla/5.0 (Windows NT 10.0; Win64; x64) AppleWebKit/537.36 (KHTML, like Gecko) Chrome/130.0.0.0 Safari/537.36',	'web',	't',	'2025-05-05 01:47:06.927448',	'2025-05-05 01:47:06.927448'),
(145,	NULL,	'csEY_isuTgqDGBQiAIJeUx:APA91bFlAh5iLgRlDsllW8wSgsIsTw47CS_tyDwEzgpHIIMLzGs92uffSoRb3tnILx8xkApwDnmPU_Koj2rcUTQK2KEEe-Aj_yprio-w2HImTfOQyIAjcGw',	'Mozilla/5.0 (Windows NT 10.0; Win64; x64) AppleWebKit/537.36 (KHTML, like Gecko) Chrome/130.0.0.0 Safari/537.36 AVG/130.0.0.0',	'web',	't',	'2025-05-05 01:04:53.357428',	'2025-05-05 01:04:53.357428'),
(146,	NULL,	'csEY_isuTgqDGBQiAIJeUx:APA91bFlAh5iLgRlDsllW8wSgsIsTw47CS_tyDwEzgpHIIMLzGs92uffSoRb3tnILx8xkApwDnmPU_Koj2rcUTQK2KEEe-Aj_yprio-w2HImTfOQyIAjcGw',	'Mozilla/5.0 (Windows NT 10.0; Win64; x64) AppleWebKit/537.36 (KHTML, like Gecko) Chrome/130.0.0.0 Safari/537.36 AVG/130.0.0.0',	'web',	't',	'2025-05-05 01:06:05.052866',	'2025-05-05 01:06:05.052866'),
(147,	NULL,	'csEY_isuTgqDGBQiAIJeUx:APA91bFlAh5iLgRlDsllW8wSgsIsTw47CS_tyDwEzgpHIIMLzGs92uffSoRb3tnILx8xkApwDnmPU_Koj2rcUTQK2KEEe-Aj_yprio-w2HImTfOQyIAjcGw',	'Mozilla/5.0 (Windows NT 10.0; Win64; x64) AppleWebKit/537.36 (KHTML, like Gecko) Chrome/130.0.0.0 Safari/537.36 AVG/130.0.0.0',	'web',	't',	'2025-05-05 01:06:05.946045',	'2025-05-05 01:06:05.946045'),
(158,	NULL,	'fE-Wh2cgnvVgfQTUYwkZ2H:APA91bGCNiL5p-gT_Vvyq_-J0ZyhkWpV_mywND0F_0xCY-2qpcHa97iHqcJmflokVQuvBmTkaHMHLCm8f4rt0QNDpe04qDnqZBOczGcwRO-FXOQJOjOPJJs',	'Mozilla/5.0 (Windows NT 10.0; Win64; x64) AppleWebKit/537.36 (KHTML, like Gecko) Chrome/123.0.0.0 Safari/537.36',	'web',	't',	'2025-05-06 18:46:35.819995',	'2025-05-06 18:46:35.819995'),
(132,	NULL,	'eEdvGKZ2EB4jpATvxQqCJD:APA91bFMG92QiuyfFJrtK-L56cZ9jMD-ssdMoS6UhRWLQNXu1yaSc3YXtgIMfDEr4ZbxuOSsDY68vPDlMqh064uMP0ocY5a05FlEwD1RM6sB6tDD8J4Q3EM',	'Mozilla/5.0 (Windows NT 10.0; Win64; x64) AppleWebKit/537.36 (KHTML, like Gecko) Chrome/130.0.0.0 Safari/537.36',	'web',	't',	'2025-05-04 04:21:37.946544',	'2025-05-04 04:21:37.946544'),
(148,	NULL,	'fE-Wh2cgnvVgfQTUYwkZ2H:APA91bGCNiL5p-gT_Vvyq_-J0ZyhkWpV_mywND0F_0xCY-2qpcHa97iHqcJmflokVQuvBmTkaHMHLCm8f4rt0QNDpe04qDnqZBOczGcwRO-FXOQJOjOPJJs',	'Mozilla/5.0 (Windows NT 10.0; Win64; x64) AppleWebKit/537.36 (KHTML, like Gecko) Chrome/123.0.0.0 Safari/537.36',	'web',	't',	'2025-05-05 01:34:45.517004',	'2025-05-05 01:34:45.517004'),
(149,	NULL,	'fE-Wh2cgnvVgfQTUYwkZ2H:APA91bGCNiL5p-gT_Vvyq_-J0ZyhkWpV_mywND0F_0xCY-2qpcHa97iHqcJmflokVQuvBmTkaHMHLCm8f4rt0QNDpe04qDnqZBOczGcwRO-FXOQJOjOPJJs',	'Mozilla/5.0 (Windows NT 10.0; Win64; x64) AppleWebKit/537.36 (KHTML, like Gecko) Chrome/123.0.0.0 Safari/537.36',	'web',	't',	'2025-05-05 01:41:32.265548',	'2025-05-05 01:41:32.265548'),
(150,	NULL,	'fE-Wh2cgnvVgfQTUYwkZ2H:APA91bGCNiL5p-gT_Vvyq_-J0ZyhkWpV_mywND0F_0xCY-2qpcHa97iHqcJmflokVQuvBmTkaHMHLCm8f4rt0QNDpe04qDnqZBOczGcwRO-FXOQJOjOPJJs',	'Mozilla/5.0 (Windows NT 10.0; Win64; x64) AppleWebKit/537.36 (KHTML, like Gecko) Chrome/123.0.0.0 Safari/537.36',	'web',	't',	'2025-05-05 01:41:33.431745',	'2025-05-05 01:41:33.431745'),
(159,	NULL,	'eEdvGKZ2EB4jpATvxQqCJD:APA91bFMG92QiuyfFJrtK-L56cZ9jMD-ssdMoS6UhRWLQNXu1yaSc3YXtgIMfDEr4ZbxuOSsDY68vPDlMqh064uMP0ocY5a05FlEwD1RM6sB6tDD8J4Q3EM',	'Mozilla/5.0 (Windows NT 10.0; Win64; x64) AppleWebKit/537.36 (KHTML, like Gecko) Chrome/130.0.0.0 Safari/537.36',	'web',	't',	'2025-05-06 19:09:14.537656',	'2025-05-06 19:09:14.537656'),
(160,	NULL,	'eEdvGKZ2EB4jpATvxQqCJD:APA91bFMG92QiuyfFJrtK-L56cZ9jMD-ssdMoS6UhRWLQNXu1yaSc3YXtgIMfDEr4ZbxuOSsDY68vPDlMqh064uMP0ocY5a05FlEwD1RM6sB6tDD8J4Q3EM',	'Mozilla/5.0 (Windows NT 10.0; Win64; x64) AppleWebKit/537.36 (KHTML, like Gecko) Chrome/130.0.0.0 Safari/537.36',	'web',	't',	'2025-05-06 19:10:51.711537',	'2025-05-06 19:10:51.711537'),
(161,	NULL,	'csV55jSudfboQ6XOWBezSF:APA91bHSuXa5iSMqGGc24NBZn4I-fopCp66pkwEQiFjX8GgQrOCbDKTgdBXhafIzFmiS99sPTWCPVECayRloUJ0AzVGOEGEip1DTV3IacjTjdzo8UrTTeYU',	'Mozilla/5.0 (Windows NT 10.0; Win64; x64) AppleWebKit/537.36 (KHTML, like Gecko) Chrome/135.0.0.0 Safari/537.36',	'web',	't',	'2025-05-07 08:07:44.952357',	'2025-05-07 08:07:44.952357'),
(162,	NULL,	'csV55jSudfboQ6XOWBezSF:APA91bHSuXa5iSMqGGc24NBZn4I-fopCp66pkwEQiFjX8GgQrOCbDKTgdBXhafIzFmiS99sPTWCPVECayRloUJ0AzVGOEGEip1DTV3IacjTjdzo8UrTTeYU',	'Mozilla/5.0 (iPhone; CPU iPhone OS 16_6 like Mac OS X) AppleWebKit/605.1.15 (KHTML, like Gecko) Version/16.6 Mobile/15E148 Safari/604.1',	'web',	't',	'2025-05-07 08:10:09.868821',	'2025-05-07 08:10:09.868821'),
(163,	NULL,	'csV55jSudfboQ6XOWBezSF:APA91bHSuXa5iSMqGGc24NBZn4I-fopCp66pkwEQiFjX8GgQrOCbDKTgdBXhafIzFmiS99sPTWCPVECayRloUJ0AzVGOEGEip1DTV3IacjTjdzo8UrTTeYU',	'Mozilla/5.0 (iPhone; CPU iPhone OS 16_6 like Mac OS X) AppleWebKit/605.1.15 (KHTML, like Gecko) Version/16.6 Mobile/15E148 Safari/604.1',	'web',	't',	'2025-05-07 08:13:24.303045',	'2025-05-07 08:13:24.303045'),
(164,	NULL,	'csV55jSudfboQ6XOWBezSF:APA91bHSuXa5iSMqGGc24NBZn4I-fopCp66pkwEQiFjX8GgQrOCbDKTgdBXhafIzFmiS99sPTWCPVECayRloUJ0AzVGOEGEip1DTV3IacjTjdzo8UrTTeYU',	'Mozilla/5.0 (iPhone; CPU iPhone OS 16_6 like Mac OS X) AppleWebKit/605.1.15 (KHTML, like Gecko) Version/16.6 Mobile/15E148 Safari/604.1',	'web',	't',	'2025-05-07 08:16:13.38318',	'2025-05-07 08:16:13.38318'),
(165,	NULL,	'csV55jSudfboQ6XOWBezSF:APA91bHSuXa5iSMqGGc24NBZn4I-fopCp66pkwEQiFjX8GgQrOCbDKTgdBXhafIzFmiS99sPTWCPVECayRloUJ0AzVGOEGEip1DTV3IacjTjdzo8UrTTeYU',	'Mozilla/5.0 (iPhone; CPU iPhone OS 16_6 like Mac OS X) AppleWebKit/605.1.15 (KHTML, like Gecko) Version/16.6 Mobile/15E148 Safari/604.1',	'web',	't',	'2025-05-07 08:19:18.081783',	'2025-05-07 08:19:18.081783'),
(166,	NULL,	'csV55jSudfboQ6XOWBezSF:APA91bHSuXa5iSMqGGc24NBZn4I-fopCp66pkwEQiFjX8GgQrOCbDKTgdBXhafIzFmiS99sPTWCPVECayRloUJ0AzVGOEGEip1DTV3IacjTjdzo8UrTTeYU',	'Mozilla/5.0 (Windows NT 10.0; Win64; x64) AppleWebKit/537.36 (KHTML, like Gecko) Chrome/135.0.0.0 Safari/537.36',	'web',	't',	'2025-05-07 12:16:03.198827',	'2025-05-07 12:16:03.198827'),
(167,	NULL,	'fE-Wh2cgnvVgfQTUYwkZ2H:APA91bGCNiL5p-gT_Vvyq_-J0ZyhkWpV_mywND0F_0xCY-2qpcHa97iHqcJmflokVQuvBmTkaHMHLCm8f4rt0QNDpe04qDnqZBOczGcwRO-FXOQJOjOPJJs',	'Mozilla/5.0 (Windows NT 10.0; Win64; x64) AppleWebKit/537.36 (KHTML, like Gecko) Chrome/123.0.0.0 Safari/537.36',	'web',	't',	'2025-05-07 12:17:38.23788',	'2025-05-07 12:17:38.23788'),
(168,	NULL,	'dpoITS4E1BvxHtHRg8vlqT:APA91bGISjBaOiFo0PgosKl5YJVCFPnzj7uwammehIdi3Xhm7nINT2Js1YMY1kXJC3PEJehLAQOIRRc1PKNJXMePZrnhi6vVe-d5nbbRbrBhnEpfpxSiga4',	'Mozilla/5.0 (Windows NT 10.0; Win64; x64) AppleWebKit/537.36 (KHTML, like Gecko) Chrome/135.0.0.0 Safari/537.36',	'web',	't',	'2025-05-08 01:20:54.550247',	'2025-05-08 01:20:54.550247'),
(169,	NULL,	'dVah5b-K_DCHb_iw7vxJnx:APA91bFWDacNU0hW24l0ZvIGRXNBcRYLvaF_kFGriVL2ls8Pw4XfM8uDt2JZ6lG-UpuPXtehfIfLOxwMMhojcx-qRO0qV61HiC2n6iFsF3ew9JZKxnQxYKc',	'Mozilla/5.0 (Linux; Android 10; K) AppleWebKit/537.36 (KHTML, like Gecko) Chrome/135.0.0.0 Mobile Safari/537.36',	'web',	't',	'2025-05-08 08:56:02.243959',	'2025-05-08 08:56:02.243959'),
(171,	NULL,	'fE-Wh2cgnvVgfQTUYwkZ2H:APA91bGCNiL5p-gT_Vvyq_-J0ZyhkWpV_mywND0F_0xCY-2qpcHa97iHqcJmflokVQuvBmTkaHMHLCm8f4rt0QNDpe04qDnqZBOczGcwRO-FXOQJOjOPJJs',	'Mozilla/5.0 (Windows NT 10.0; Win64; x64) AppleWebKit/537.36 (KHTML, like Gecko) Chrome/123.0.0.0 Safari/537.36',	'web',	't',	'2025-05-09 01:12:55.134522',	'2025-05-09 01:12:55.134522'),
(172,	NULL,	'fE-Wh2cgnvVgfQTUYwkZ2H:APA91bGCNiL5p-gT_Vvyq_-J0ZyhkWpV_mywND0F_0xCY-2qpcHa97iHqcJmflokVQuvBmTkaHMHLCm8f4rt0QNDpe04qDnqZBOczGcwRO-FXOQJOjOPJJs',	'Mozilla/5.0 (Windows NT 10.0; Win64; x64) AppleWebKit/537.36 (KHTML, like Gecko) Chrome/123.0.0.0 Safari/537.36',	'web',	't',	'2025-05-09 01:12:57.684595',	'2025-05-09 01:12:57.684595'),
(173,	NULL,	'dVah5b-K_DCHb_iw7vxJnx:APA91bFWDacNU0hW24l0ZvIGRXNBcRYLvaF_kFGriVL2ls8Pw4XfM8uDt2JZ6lG-UpuPXtehfIfLOxwMMhojcx-qRO0qV61HiC2n6iFsF3ew9JZKxnQxYKc',	'Mozilla/5.0 (Linux; Android 10; K) AppleWebKit/537.36 (KHTML, like Gecko) Chrome/136.0.0.0 Mobile Safari/537.36',	'web',	't',	'2025-05-09 19:28:34.07822',	'2025-05-09 19:28:34.07822'),
(174,	NULL,	'ewPJOcrSvYJJMo4QwRuQqy:APA91bHHu0yAXunE8gcMjY8_ReYkTgupaOmGb97cTAj0l79B83fMpvcwGhPa54tkGITQUQ1q0zcgwdDgRNf1xV17flpTLw0pNam0hfq1OghJcsYretTHBJ4',	'Mozilla/5.0 (Windows NT 10.0; Win64; x64) AppleWebKit/537.36 (KHTML, like Gecko) Chrome/136.0.0.0 Safari/537.36',	'web',	't',	'2025-05-10 09:41:07.698942',	'2025-05-10 09:41:07.698942'),
(175,	NULL,	'd83_UREc_S1L713d3AC2yx:APA91bGuSMbYX8LRFO79YJS8GAM_K8gkoQatCrbGpwwlfe1H9jGut8OlJ5uo-L5PJRTx0TTAx8LBEz8bHikgPXeHOsPtz3VAsJHiRQJzG7MzxrG2KIUXG7I',	'Mozilla/5.0 (Macintosh; Intel Mac OS X 10_15_7) AppleWebKit/537.36 (KHTML, like Gecko) Chrome/136.0.0.0 Safari/537.36',	'web',	't',	'2025-05-10 10:12:14.738397',	'2025-05-10 10:12:14.738397'),
(177,	NULL,	'dni0KQx5k8JaHlhx1YO9X2:APA91bHcxpj8s5jezhqWu4MZshVlHI-dSqhnX4xteZKXtMc6hTKzkC2DAcI_ZV186wyjamNS4-lwBzBsaQvujrm8fEq8K40VwfkqVn3LJcjOgwZZ0QZm0QY',	'Mozilla/5.0 (Linux; Android 10; K) AppleWebKit/537.36 (KHTML, like Gecko) Chrome/136.0.0.0 Mobile Safari/537.36',	'web',	't',	'2025-05-10 13:40:36.426131',	'2025-05-10 13:40:36.426131'),
(179,	NULL,	'cRovMerK1UaCv1sxrlQlCE:APA91bG0cGQ7mDHc_pGp-YO99_0rKZ2qD1WyM3zljoYGh3oFdPw1EdXGgOcTUPaSl1kfjbPqkf84Q2nMOpkoODHRDbbD8bd1QnIYitmxtAOmAqSLyzmRs9Q',	'Mozilla/5.0 (Linux; Android 10; K) AppleWebKit/537.36 (KHTML, like Gecko) Chrome/136.0.0.0 Mobile Safari/537.36',	'web',	't',	'2025-05-10 17:53:53.873979',	'2025-05-10 17:53:53.873979'),
(180,	NULL,	'cRovMerK1UaCv1sxrlQlCE:APA91bG0cGQ7mDHc_pGp-YO99_0rKZ2qD1WyM3zljoYGh3oFdPw1EdXGgOcTUPaSl1kfjbPqkf84Q2nMOpkoODHRDbbD8bd1QnIYitmxtAOmAqSLyzmRs9Q',	'Mozilla/5.0 (Linux; Android 10; K) AppleWebKit/537.36 (KHTML, like Gecko) Chrome/136.0.0.0 Mobile Safari/537.36',	'web',	't',	'2025-05-10 17:53:59.004866',	'2025-05-10 17:53:59.004866'),
(182,	NULL,	'ewPJOcrSvYJJMo4QwRuQqy:APA91bHHu0yAXunE8gcMjY8_ReYkTgupaOmGb97cTAj0l79B83fMpvcwGhPa54tkGITQUQ1q0zcgwdDgRNf1xV17flpTLw0pNam0hfq1OghJcsYretTHBJ4',	'Mozilla/5.0 (Windows NT 10.0; Win64; x64) AppleWebKit/537.36 (KHTML, like Gecko) Chrome/136.0.0.0 Safari/537.36',	'web',	't',	'2025-05-11 02:14:25.215979',	'2025-05-11 02:14:25.215979'),
(185,	NULL,	'dVah5b-K_DCHb_iw7vxJnx:APA91bFWDacNU0hW24l0ZvIGRXNBcRYLvaF_kFGriVL2ls8Pw4XfM8uDt2JZ6lG-UpuPXtehfIfLOxwMMhojcx-qRO0qV61HiC2n6iFsF3ew9JZKxnQxYKc',	'Mozilla/5.0 (Linux; Android 10; K) AppleWebKit/537.36 (KHTML, like Gecko) Chrome/136.0.0.0 Mobile Safari/537.36',	'web',	't',	'2025-05-11 19:53:26.560416',	'2025-05-11 19:53:26.560416'),
(183,	NULL,	'ewPJOcrSvYJJMo4QwRuQqy:APA91bHHu0yAXunE8gcMjY8_ReYkTgupaOmGb97cTAj0l79B83fMpvcwGhPa54tkGITQUQ1q0zcgwdDgRNf1xV17flpTLw0pNam0hfq1OghJcsYretTHBJ4',	'Mozilla/5.0 (Windows NT 10.0; Win64; x64) AppleWebKit/537.36 (KHTML, like Gecko) Chrome/136.0.0.0 Safari/537.36',	'web',	't',	'2025-05-11 02:17:21.054679',	'2025-05-11 02:17:21.054679'),
(184,	NULL,	'ewPJOcrSvYJJMo4QwRuQqy:APA91bHHu0yAXunE8gcMjY8_ReYkTgupaOmGb97cTAj0l79B83fMpvcwGhPa54tkGITQUQ1q0zcgwdDgRNf1xV17flpTLw0pNam0hfq1OghJcsYretTHBJ4',	'Mozilla/5.0 (Windows NT 10.0; Win64; x64) AppleWebKit/537.36 (KHTML, like Gecko) Chrome/136.0.0.0 Safari/537.36',	'web',	't',	'2025-05-11 02:17:35.453064',	'2025-05-11 02:17:35.453064'),
(186,	NULL,	'dVah5b-K_DCHb_iw7vxJnx:APA91bFWDacNU0hW24l0ZvIGRXNBcRYLvaF_kFGriVL2ls8Pw4XfM8uDt2JZ6lG-UpuPXtehfIfLOxwMMhojcx-qRO0qV61HiC2n6iFsF3ew9JZKxnQxYKc',	'Mozilla/5.0 (Linux; Android 10; K) AppleWebKit/537.36 (KHTML, like Gecko) Chrome/136.0.0.0 Mobile Safari/537.36',	'web',	't',	'2025-05-11 22:38:08.577686',	'2025-05-11 22:38:08.577686'),
(187,	NULL,	'cPcNSADQcsyjBP0nblXVxZ:APA91bG7lfqLkDEZQbAM-ty-ipGFJZKsxZw-X_T4PAre83_u-qpMzoGjSA3oE8SctVuYz6TR7ThARwjoj_J701mDlba8PvNlq7SkGzBujT2NXaRbHYAqnKE',	'Mozilla/5.0 (Windows NT 10.0; Win64; x64) AppleWebKit/537.36 (KHTML, like Gecko) Chrome/136.0.0.0 Safari/537.36',	'web',	't',	'2025-05-12 07:07:58.517986',	'2025-05-12 07:07:58.517986'),
(188,	NULL,	'cPcNSADQcsyjBP0nblXVxZ:APA91bG7lfqLkDEZQbAM-ty-ipGFJZKsxZw-X_T4PAre83_u-qpMzoGjSA3oE8SctVuYz6TR7ThARwjoj_J701mDlba8PvNlq7SkGzBujT2NXaRbHYAqnKE',	'Mozilla/5.0 (Windows NT 10.0; Win64; x64) AppleWebKit/537.36 (KHTML, like Gecko) Chrome/136.0.0.0 Safari/537.36',	'web',	't',	'2025-05-12 12:34:34.817926',	'2025-05-12 12:34:34.817926'),
(189,	NULL,	'cPcNSADQcsyjBP0nblXVxZ:APA91bG7lfqLkDEZQbAM-ty-ipGFJZKsxZw-X_T4PAre83_u-qpMzoGjSA3oE8SctVuYz6TR7ThARwjoj_J701mDlba8PvNlq7SkGzBujT2NXaRbHYAqnKE',	'Mozilla/5.0 (Windows NT 10.0; Win64; x64) AppleWebKit/537.36 (KHTML, like Gecko) Chrome/136.0.0.0 Safari/537.36',	'web',	't',	'2025-05-12 12:34:49.255144',	'2025-05-12 12:34:49.255144'),
(190,	NULL,	'cBndsftYJ9kKoHqGhr5kEO:APA91bGGJmG-JBFh_RdRYFXr65cDCZZxMYeluRvMYQl-BDs-13TVf4rEVc515CUrzOCjmhGbiPSV37U8SsPSuLo1MR210biFHoPUbN90GTwsWiu_dopSb8U',	'Mozilla/5.0 (Windows NT 10.0; Win64; x64) AppleWebKit/537.36 (KHTML, like Gecko) Chrome/136.0.0.0 Safari/537.36',	'web',	't',	'2025-05-12 12:37:14.355994',	'2025-05-12 12:37:14.355994'),
(191,	NULL,	'cBndsftYJ9kKoHqGhr5kEO:APA91bGGJmG-JBFh_RdRYFXr65cDCZZxMYeluRvMYQl-BDs-13TVf4rEVc515CUrzOCjmhGbiPSV37U8SsPSuLo1MR210biFHoPUbN90GTwsWiu_dopSb8U',	'Mozilla/5.0 (Windows NT 10.0; Win64; x64) AppleWebKit/537.36 (KHTML, like Gecko) Chrome/136.0.0.0 Safari/537.36',	'web',	't',	'2025-05-12 14:50:31.401682',	'2025-05-12 14:50:31.401682'),
(194,	NULL,	'cPcNSADQcsyjBP0nblXVxZ:APA91bG7lfqLkDEZQbAM-ty-ipGFJZKsxZw-X_T4PAre83_u-qpMzoGjSA3oE8SctVuYz6TR7ThARwjoj_J701mDlba8PvNlq7SkGzBujT2NXaRbHYAqnKE',	'Mozilla/5.0 (Windows NT 10.0; Win64; x64) AppleWebKit/537.36 (KHTML, like Gecko) Chrome/136.0.0.0 Safari/537.36',	'web',	't',	'2025-05-13 07:12:48.997065',	'2025-05-13 07:12:48.997065'),
(195,	NULL,	'cBndsftYJ9kKoHqGhr5kEO:APA91bGGJmG-JBFh_RdRYFXr65cDCZZxMYeluRvMYQl-BDs-13TVf4rEVc515CUrzOCjmhGbiPSV37U8SsPSuLo1MR210biFHoPUbN90GTwsWiu_dopSb8U',	'Mozilla/5.0 (Windows NT 10.0; Win64; x64) AppleWebKit/537.36 (KHTML, like Gecko) Chrome/136.0.0.0 Safari/537.36',	'web',	't',	'2025-05-13 07:19:08.433861',	'2025-05-13 07:19:08.433861'),
(196,	NULL,	'cvTIKQn6RG6JVBnAyyJ1NG:APA91bFrsGNSmS72b79VhwmD6vFanDT5o27Wr1EGKTF9qubpLzPQsygKg5NePMbNOhegFgNm2_Rzb0HOVBE_6-sNHo4Mb-Fbh3jc6VXJU3H8V4cb3H_cDWQ',	'Mozilla/5.0 (Windows NT 10.0; Win64; x64) AppleWebKit/537.36 (KHTML, like Gecko) Chrome/136.0.0.0 Safari/537.36',	'web',	't',	'2025-05-13 10:23:15.074369',	'2025-05-13 10:23:15.074369'),
(197,	NULL,	'cvTIKQn6RG6JVBnAyyJ1NG:APA91bFrsGNSmS72b79VhwmD6vFanDT5o27Wr1EGKTF9qubpLzPQsygKg5NePMbNOhegFgNm2_Rzb0HOVBE_6-sNHo4Mb-Fbh3jc6VXJU3H8V4cb3H_cDWQ',	'Mozilla/5.0 (Windows NT 10.0; Win64; x64) AppleWebKit/537.36 (KHTML, like Gecko) Chrome/136.0.0.0 Safari/537.36',	'web',	't',	'2025-05-13 10:40:03.454204',	'2025-05-13 10:40:03.454204'),
(198,	NULL,	'cBndsftYJ9kKoHqGhr5kEO:APA91bGGJmG-JBFh_RdRYFXr65cDCZZxMYeluRvMYQl-BDs-13TVf4rEVc515CUrzOCjmhGbiPSV37U8SsPSuLo1MR210biFHoPUbN90GTwsWiu_dopSb8U',	'Mozilla/5.0 (Windows NT 10.0; Win64; x64) AppleWebKit/537.36 (KHTML, like Gecko) Chrome/136.0.0.0 Safari/537.36',	'web',	't',	'2025-05-13 11:25:34.976345',	'2025-05-13 11:25:34.976345'),
(199,	NULL,	'cBndsftYJ9kKoHqGhr5kEO:APA91bGGJmG-JBFh_RdRYFXr65cDCZZxMYeluRvMYQl-BDs-13TVf4rEVc515CUrzOCjmhGbiPSV37U8SsPSuLo1MR210biFHoPUbN90GTwsWiu_dopSb8U',	'Mozilla/5.0 (Windows NT 10.0; Win64; x64) AppleWebKit/537.36 (KHTML, like Gecko) Chrome/136.0.0.0 Safari/537.36',	'web',	't',	'2025-05-13 12:20:30.950322',	'2025-05-13 12:20:30.950322'),
(200,	NULL,	'cvTIKQn6RG6JVBnAyyJ1NG:APA91bFrsGNSmS72b79VhwmD6vFanDT5o27Wr1EGKTF9qubpLzPQsygKg5NePMbNOhegFgNm2_Rzb0HOVBE_6-sNHo4Mb-Fbh3jc6VXJU3H8V4cb3H_cDWQ',	'Mozilla/5.0 (Windows NT 10.0; Win64; x64) AppleWebKit/537.36 (KHTML, like Gecko) Chrome/136.0.0.0 Safari/537.36',	'web',	't',	'2025-05-13 12:47:02.051336',	'2025-05-13 12:47:02.051336'),
(201,	NULL,	'cvTIKQn6RG6JVBnAyyJ1NG:APA91bFrsGNSmS72b79VhwmD6vFanDT5o27Wr1EGKTF9qubpLzPQsygKg5NePMbNOhegFgNm2_Rzb0HOVBE_6-sNHo4Mb-Fbh3jc6VXJU3H8V4cb3H_cDWQ',	'Mozilla/5.0 (Windows NT 10.0; Win64; x64) AppleWebKit/537.36 (KHTML, like Gecko) Chrome/136.0.0.0 Safari/537.36',	'web',	't',	'2025-05-13 12:54:20.571155',	'2025-05-13 12:54:20.571155'),
(202,	NULL,	'cvTIKQn6RG6JVBnAyyJ1NG:APA91bFrsGNSmS72b79VhwmD6vFanDT5o27Wr1EGKTF9qubpLzPQsygKg5NePMbNOhegFgNm2_Rzb0HOVBE_6-sNHo4Mb-Fbh3jc6VXJU3H8V4cb3H_cDWQ',	'Mozilla/5.0 (Windows NT 10.0; Win64; x64) AppleWebKit/537.36 (KHTML, like Gecko) Chrome/136.0.0.0 Safari/537.36',	'web',	't',	'2025-05-13 12:54:44.413646',	'2025-05-13 12:54:44.413646'),
(203,	NULL,	'cvTIKQn6RG6JVBnAyyJ1NG:APA91bFrsGNSmS72b79VhwmD6vFanDT5o27Wr1EGKTF9qubpLzPQsygKg5NePMbNOhegFgNm2_Rzb0HOVBE_6-sNHo4Mb-Fbh3jc6VXJU3H8V4cb3H_cDWQ',	'Mozilla/5.0 (Windows NT 10.0; Win64; x64) AppleWebKit/537.36 (KHTML, like Gecko) Chrome/136.0.0.0 Safari/537.36',	'web',	't',	'2025-05-13 12:57:01.254355',	'2025-05-13 12:57:01.254355'),
(192,	NULL,	'cPcNSADQcsyjBP0nblXVxZ:APA91bG7lfqLkDEZQbAM-ty-ipGFJZKsxZw-X_T4PAre83_u-qpMzoGjSA3oE8SctVuYz6TR7ThARwjoj_J701mDlba8PvNlq7SkGzBujT2NXaRbHYAqnKE',	'Mozilla/5.0 (Windows NT 10.0; Win64; x64) AppleWebKit/537.36 (KHTML, like Gecko) Chrome/136.0.0.0 Safari/537.36',	'web',	't',	'2025-05-13 04:03:38.565081',	'2025-05-13 04:03:38.565081'),
(193,	NULL,	'cBndsftYJ9kKoHqGhr5kEO:APA91bGGJmG-JBFh_RdRYFXr65cDCZZxMYeluRvMYQl-BDs-13TVf4rEVc515CUrzOCjmhGbiPSV37U8SsPSuLo1MR210biFHoPUbN90GTwsWiu_dopSb8U',	'Mozilla/5.0 (Windows NT 10.0; Win64; x64) AppleWebKit/537.36 (KHTML, like Gecko) Chrome/136.0.0.0 Safari/537.36',	'web',	't',	'2025-05-13 05:17:34.024813',	'2025-05-13 05:17:34.024813'),
(204,	NULL,	'cvTIKQn6RG6JVBnAyyJ1NG:APA91bFrsGNSmS72b79VhwmD6vFanDT5o27Wr1EGKTF9qubpLzPQsygKg5NePMbNOhegFgNm2_Rzb0HOVBE_6-sNHo4Mb-Fbh3jc6VXJU3H8V4cb3H_cDWQ',	'Mozilla/5.0 (Windows NT 10.0; Win64; x64) AppleWebKit/537.36 (KHTML, like Gecko) Chrome/136.0.0.0 Safari/537.36',	'web',	't',	'2025-05-13 12:58:26.950604',	'2025-05-13 12:58:26.950604'),
(205,	NULL,	'cvTIKQn6RG6JVBnAyyJ1NG:APA91bFrsGNSmS72b79VhwmD6vFanDT5o27Wr1EGKTF9qubpLzPQsygKg5NePMbNOhegFgNm2_Rzb0HOVBE_6-sNHo4Mb-Fbh3jc6VXJU3H8V4cb3H_cDWQ',	'Mozilla/5.0 (Windows NT 10.0; Win64; x64) AppleWebKit/537.36 (KHTML, like Gecko) Chrome/136.0.0.0 Safari/537.36',	'web',	't',	'2025-05-13 12:58:42.313608',	'2025-05-13 12:58:42.313608'),
(206,	NULL,	'cvTIKQn6RG6JVBnAyyJ1NG:APA91bFrsGNSmS72b79VhwmD6vFanDT5o27Wr1EGKTF9qubpLzPQsygKg5NePMbNOhegFgNm2_Rzb0HOVBE_6-sNHo4Mb-Fbh3jc6VXJU3H8V4cb3H_cDWQ',	'Mozilla/5.0 (Windows NT 10.0; Win64; x64) AppleWebKit/537.36 (KHTML, like Gecko) Chrome/136.0.0.0 Safari/537.36',	'web',	't',	'2025-05-13 13:00:38.812719',	'2025-05-13 13:00:38.812719'),
(207,	NULL,	'cBndsftYJ9kKoHqGhr5kEO:APA91bGGJmG-JBFh_RdRYFXr65cDCZZxMYeluRvMYQl-BDs-13TVf4rEVc515CUrzOCjmhGbiPSV37U8SsPSuLo1MR210biFHoPUbN90GTwsWiu_dopSb8U',	'Mozilla/5.0 (Windows NT 10.0; Win64; x64) AppleWebKit/537.36 (KHTML, like Gecko) Chrome/136.0.0.0 Safari/537.36',	'web',	't',	'2025-05-13 13:02:50.445478',	'2025-05-13 13:02:50.445478'),
(208,	NULL,	'cBndsftYJ9kKoHqGhr5kEO:APA91bGGJmG-JBFh_RdRYFXr65cDCZZxMYeluRvMYQl-BDs-13TVf4rEVc515CUrzOCjmhGbiPSV37U8SsPSuLo1MR210biFHoPUbN90GTwsWiu_dopSb8U',	'Mozilla/5.0 (Windows NT 10.0; Win64; x64) AppleWebKit/537.36 (KHTML, like Gecko) Chrome/136.0.0.0 Safari/537.36',	'web',	't',	'2025-05-13 13:03:37.870637',	'2025-05-13 13:03:37.870637'),
(209,	NULL,	'cBndsftYJ9kKoHqGhr5kEO:APA91bGGJmG-JBFh_RdRYFXr65cDCZZxMYeluRvMYQl-BDs-13TVf4rEVc515CUrzOCjmhGbiPSV37U8SsPSuLo1MR210biFHoPUbN90GTwsWiu_dopSb8U',	'Mozilla/5.0 (Windows NT 10.0; Win64; x64) AppleWebKit/537.36 (KHTML, like Gecko) Chrome/136.0.0.0 Safari/537.36',	'web',	't',	'2025-05-13 14:35:15.7439',	'2025-05-13 14:35:15.7439'),
(210,	NULL,	'cvTIKQn6RG6JVBnAyyJ1NG:APA91bFrsGNSmS72b79VhwmD6vFanDT5o27Wr1EGKTF9qubpLzPQsygKg5NePMbNOhegFgNm2_Rzb0HOVBE_6-sNHo4Mb-Fbh3jc6VXJU3H8V4cb3H_cDWQ',	'Mozilla/5.0 (Windows NT 10.0; Win64; x64) AppleWebKit/537.36 (KHTML, like Gecko) Chrome/136.0.0.0 Safari/537.36',	'web',	't',	'2025-05-14 04:38:14.723395',	'2025-05-14 04:38:14.723395'),
(211,	NULL,	'cvTIKQn6RG6JVBnAyyJ1NG:APA91bFrsGNSmS72b79VhwmD6vFanDT5o27Wr1EGKTF9qubpLzPQsygKg5NePMbNOhegFgNm2_Rzb0HOVBE_6-sNHo4Mb-Fbh3jc6VXJU3H8V4cb3H_cDWQ',	'Mozilla/5.0 (Windows NT 10.0; Win64; x64) AppleWebKit/537.36 (KHTML, like Gecko) Chrome/136.0.0.0 Safari/537.36',	'web',	't',	'2025-05-14 04:42:42.582564',	'2025-05-14 04:42:42.582564'),
(213,	NULL,	'fOAMpbWl84OIrbLM0anjzK:APA91bHhLnNb5Ul3KjddPPFGqmy0PH_0vij8naPJqo0py6Le-g7zqJPhRZRjdjUphxRPL6OX43992M2WOR9GKg88mkUSAIZquwjq9I_dbIg0sjnrZyb_Id8',	'Mozilla/5.0 (Windows NT 10.0; Win64; x64) AppleWebKit/537.36 (KHTML, like Gecko) Chrome/136.0.0.0 Safari/537.36',	'web',	't',	'2025-05-14 17:56:19.075809',	'2025-05-14 17:56:19.075809'),
(214,	NULL,	'fOAMpbWl84OIrbLM0anjzK:APA91bHhLnNb5Ul3KjddPPFGqmy0PH_0vij8naPJqo0py6Le-g7zqJPhRZRjdjUphxRPL6OX43992M2WOR9GKg88mkUSAIZquwjq9I_dbIg0sjnrZyb_Id8',	'Mozilla/5.0 (Windows NT 10.0; Win64; x64) AppleWebKit/537.36 (KHTML, like Gecko) Chrome/136.0.0.0 Safari/537.36',	'web',	't',	'2025-05-14 17:56:49.54361',	'2025-05-14 17:56:49.54361'),
(215,	NULL,	'fOAMpbWl84OIrbLM0anjzK:APA91bHhLnNb5Ul3KjddPPFGqmy0PH_0vij8naPJqo0py6Le-g7zqJPhRZRjdjUphxRPL6OX43992M2WOR9GKg88mkUSAIZquwjq9I_dbIg0sjnrZyb_Id8',	'Mozilla/5.0 (Windows NT 10.0; Win64; x64) AppleWebKit/537.36 (KHTML, like Gecko) Chrome/136.0.0.0 Safari/537.36',	'web',	't',	'2025-05-14 17:56:50.524042',	'2025-05-14 17:56:50.524042'),
(217,	NULL,	'cBndsftYJ9kKoHqGhr5kEO:APA91bGGJmG-JBFh_RdRYFXr65cDCZZxMYeluRvMYQl-BDs-13TVf4rEVc515CUrzOCjmhGbiPSV37U8SsPSuLo1MR210biFHoPUbN90GTwsWiu_dopSb8U',	'Mozilla/5.0 (Windows NT 10.0; Win64; x64) AppleWebKit/537.36 (KHTML, like Gecko) Chrome/136.0.0.0 Safari/537.36',	'web',	't',	'2025-05-15 12:35:33.609082',	'2025-05-15 12:35:33.609082'),
(218,	NULL,	'cBndsftYJ9kKoHqGhr5kEO:APA91bGGJmG-JBFh_RdRYFXr65cDCZZxMYeluRvMYQl-BDs-13TVf4rEVc515CUrzOCjmhGbiPSV37U8SsPSuLo1MR210biFHoPUbN90GTwsWiu_dopSb8U',	'Mozilla/5.0 (Windows NT 10.0; Win64; x64) AppleWebKit/537.36 (KHTML, like Gecko) Chrome/136.0.0.0 Safari/537.36',	'web',	't',	'2025-05-15 12:35:34.121392',	'2025-05-15 12:35:34.121392'),
(221,	NULL,	'cBndsftYJ9kKoHqGhr5kEO:APA91bGGJmG-JBFh_RdRYFXr65cDCZZxMYeluRvMYQl-BDs-13TVf4rEVc515CUrzOCjmhGbiPSV37U8SsPSuLo1MR210biFHoPUbN90GTwsWiu_dopSb8U',	'Mozilla/5.0 (Windows NT 10.0; Win64; x64) AppleWebKit/537.36 (KHTML, like Gecko) Chrome/136.0.0.0 Safari/537.36',	'web',	't',	'2025-05-15 13:23:10.8221',	'2025-05-15 13:23:10.8221'),
(223,	NULL,	'cBndsftYJ9kKoHqGhr5kEO:APA91bGGJmG-JBFh_RdRYFXr65cDCZZxMYeluRvMYQl-BDs-13TVf4rEVc515CUrzOCjmhGbiPSV37U8SsPSuLo1MR210biFHoPUbN90GTwsWiu_dopSb8U',	'Mozilla/5.0 (Windows NT 10.0; Win64; x64) AppleWebKit/537.36 (KHTML, like Gecko) Chrome/136.0.0.0 Safari/537.36',	'web',	't',	'2025-05-15 13:32:12.86261',	'2025-05-15 13:32:12.86261'),
(224,	NULL,	'cBndsftYJ9kKoHqGhr5kEO:APA91bGGJmG-JBFh_RdRYFXr65cDCZZxMYeluRvMYQl-BDs-13TVf4rEVc515CUrzOCjmhGbiPSV37U8SsPSuLo1MR210biFHoPUbN90GTwsWiu_dopSb8U',	'Mozilla/5.0 (Windows NT 10.0; Win64; x64) AppleWebKit/537.36 (KHTML, like Gecko) Chrome/136.0.0.0 Safari/537.36',	'web',	't',	'2025-05-15 13:32:15.464891',	'2025-05-15 13:32:15.464891'),
(225,	NULL,	'cBndsftYJ9kKoHqGhr5kEO:APA91bGGJmG-JBFh_RdRYFXr65cDCZZxMYeluRvMYQl-BDs-13TVf4rEVc515CUrzOCjmhGbiPSV37U8SsPSuLo1MR210biFHoPUbN90GTwsWiu_dopSb8U',	'Mozilla/5.0 (Windows NT 10.0; Win64; x64) AppleWebKit/537.36 (KHTML, like Gecko) Chrome/136.0.0.0 Safari/537.36',	'web',	't',	'2025-05-15 13:33:29.528505',	'2025-05-15 13:33:29.528505'),
(226,	NULL,	'cBndsftYJ9kKoHqGhr5kEO:APA91bGGJmG-JBFh_RdRYFXr65cDCZZxMYeluRvMYQl-BDs-13TVf4rEVc515CUrzOCjmhGbiPSV37U8SsPSuLo1MR210biFHoPUbN90GTwsWiu_dopSb8U',	'Mozilla/5.0 (Windows NT 10.0; Win64; x64) AppleWebKit/537.36 (KHTML, like Gecko) Chrome/136.0.0.0 Safari/537.36',	'web',	't',	'2025-05-15 13:34:21.47935',	'2025-05-15 13:34:21.47935'),
(227,	NULL,	'cBndsftYJ9kKoHqGhr5kEO:APA91bGGJmG-JBFh_RdRYFXr65cDCZZxMYeluRvMYQl-BDs-13TVf4rEVc515CUrzOCjmhGbiPSV37U8SsPSuLo1MR210biFHoPUbN90GTwsWiu_dopSb8U',	'Mozilla/5.0 (Windows NT 10.0; Win64; x64) AppleWebKit/537.36 (KHTML, like Gecko) Chrome/136.0.0.0 Safari/537.36',	'web',	't',	'2025-05-15 13:34:30.729239',	'2025-05-15 13:34:30.729239'),
(228,	NULL,	'cBndsftYJ9kKoHqGhr5kEO:APA91bGGJmG-JBFh_RdRYFXr65cDCZZxMYeluRvMYQl-BDs-13TVf4rEVc515CUrzOCjmhGbiPSV37U8SsPSuLo1MR210biFHoPUbN90GTwsWiu_dopSb8U',	'Mozilla/5.0 (Windows NT 10.0; Win64; x64) AppleWebKit/537.36 (KHTML, like Gecko) Chrome/136.0.0.0 Safari/537.36',	'web',	't',	'2025-05-15 13:34:58.403693',	'2025-05-15 13:34:58.403693'),
(229,	NULL,	'cBndsftYJ9kKoHqGhr5kEO:APA91bGGJmG-JBFh_RdRYFXr65cDCZZxMYeluRvMYQl-BDs-13TVf4rEVc515CUrzOCjmhGbiPSV37U8SsPSuLo1MR210biFHoPUbN90GTwsWiu_dopSb8U',	'Mozilla/5.0 (Windows NT 10.0; Win64; x64) AppleWebKit/537.36 (KHTML, like Gecko) Chrome/136.0.0.0 Safari/537.36',	'web',	't',	'2025-05-15 13:38:33.273959',	'2025-05-15 13:38:33.273959'),
(230,	NULL,	'cBndsftYJ9kKoHqGhr5kEO:APA91bGGJmG-JBFh_RdRYFXr65cDCZZxMYeluRvMYQl-BDs-13TVf4rEVc515CUrzOCjmhGbiPSV37U8SsPSuLo1MR210biFHoPUbN90GTwsWiu_dopSb8U',	'Mozilla/5.0 (Windows NT 10.0; Win64; x64) AppleWebKit/537.36 (KHTML, like Gecko) Chrome/136.0.0.0 Safari/537.36',	'web',	't',	'2025-05-15 13:39:50.643888',	'2025-05-15 13:39:50.643888'),
(231,	NULL,	'cBndsftYJ9kKoHqGhr5kEO:APA91bGGJmG-JBFh_RdRYFXr65cDCZZxMYeluRvMYQl-BDs-13TVf4rEVc515CUrzOCjmhGbiPSV37U8SsPSuLo1MR210biFHoPUbN90GTwsWiu_dopSb8U',	'Mozilla/5.0 (Windows NT 10.0; Win64; x64) AppleWebKit/537.36 (KHTML, like Gecko) Chrome/136.0.0.0 Safari/537.36',	'web',	't',	'2025-05-15 13:40:26.478315',	'2025-05-15 13:40:26.478315'),
(232,	NULL,	'cBndsftYJ9kKoHqGhr5kEO:APA91bGGJmG-JBFh_RdRYFXr65cDCZZxMYeluRvMYQl-BDs-13TVf4rEVc515CUrzOCjmhGbiPSV37U8SsPSuLo1MR210biFHoPUbN90GTwsWiu_dopSb8U',	'Mozilla/5.0 (iPhone; CPU iPhone OS 16_6 like Mac OS X) AppleWebKit/605.1.15 (KHTML, like Gecko) Version/16.6 Mobile/15E148 Safari/604.1',	'web',	't',	'2025-05-15 13:41:02.231355',	'2025-05-15 13:41:02.231355'),
(233,	NULL,	'cBndsftYJ9kKoHqGhr5kEO:APA91bGGJmG-JBFh_RdRYFXr65cDCZZxMYeluRvMYQl-BDs-13TVf4rEVc515CUrzOCjmhGbiPSV37U8SsPSuLo1MR210biFHoPUbN90GTwsWiu_dopSb8U',	'Mozilla/5.0 (iPhone; CPU iPhone OS 16_6 like Mac OS X) AppleWebKit/605.1.15 (KHTML, like Gecko) Version/16.6 Mobile/15E148 Safari/604.1',	'web',	't',	'2025-05-15 13:41:13.226622',	'2025-05-15 13:41:13.226622'),
(234,	NULL,	'cBndsftYJ9kKoHqGhr5kEO:APA91bGGJmG-JBFh_RdRYFXr65cDCZZxMYeluRvMYQl-BDs-13TVf4rEVc515CUrzOCjmhGbiPSV37U8SsPSuLo1MR210biFHoPUbN90GTwsWiu_dopSb8U',	'Mozilla/5.0 (iPhone; CPU iPhone OS 16_6 like Mac OS X) AppleWebKit/605.1.15 (KHTML, like Gecko) Version/16.6 Mobile/15E148 Safari/604.1',	'web',	't',	'2025-05-15 13:43:02.470639',	'2025-05-15 13:43:02.470639'),
(235,	NULL,	'cBndsftYJ9kKoHqGhr5kEO:APA91bGGJmG-JBFh_RdRYFXr65cDCZZxMYeluRvMYQl-BDs-13TVf4rEVc515CUrzOCjmhGbiPSV37U8SsPSuLo1MR210biFHoPUbN90GTwsWiu_dopSb8U',	'Mozilla/5.0 (iPhone; CPU iPhone OS 16_6 like Mac OS X) AppleWebKit/605.1.15 (KHTML, like Gecko) Version/16.6 Mobile/15E148 Safari/604.1',	'web',	't',	'2025-05-15 13:43:14.784377',	'2025-05-15 13:43:14.784377'),
(236,	NULL,	'cBndsftYJ9kKoHqGhr5kEO:APA91bGGJmG-JBFh_RdRYFXr65cDCZZxMYeluRvMYQl-BDs-13TVf4rEVc515CUrzOCjmhGbiPSV37U8SsPSuLo1MR210biFHoPUbN90GTwsWiu_dopSb8U',	'Mozilla/5.0 (Windows NT 10.0; Win64; x64) AppleWebKit/537.36 (KHTML, like Gecko) Chrome/136.0.0.0 Safari/537.36',	'web',	't',	'2025-05-15 13:45:29.172064',	'2025-05-15 13:45:29.172064'),
(237,	NULL,	'cBndsftYJ9kKoHqGhr5kEO:APA91bGGJmG-JBFh_RdRYFXr65cDCZZxMYeluRvMYQl-BDs-13TVf4rEVc515CUrzOCjmhGbiPSV37U8SsPSuLo1MR210biFHoPUbN90GTwsWiu_dopSb8U',	'Mozilla/5.0 (iPhone; CPU iPhone OS 16_6 like Mac OS X) AppleWebKit/605.1.15 (KHTML, like Gecko) Version/16.6 Mobile/15E148 Safari/604.1',	'web',	't',	'2025-05-15 13:45:44.176033',	'2025-05-15 13:45:44.176033'),
(238,	NULL,	'cBndsftYJ9kKoHqGhr5kEO:APA91bGGJmG-JBFh_RdRYFXr65cDCZZxMYeluRvMYQl-BDs-13TVf4rEVc515CUrzOCjmhGbiPSV37U8SsPSuLo1MR210biFHoPUbN90GTwsWiu_dopSb8U',	'Mozilla/5.0 (iPhone; CPU iPhone OS 16_6 like Mac OS X) AppleWebKit/605.1.15 (KHTML, like Gecko) Version/16.6 Mobile/15E148 Safari/604.1',	'web',	't',	'2025-05-15 13:45:53.173941',	'2025-05-15 13:45:53.173941'),
(239,	NULL,	'cBndsftYJ9kKoHqGhr5kEO:APA91bGGJmG-JBFh_RdRYFXr65cDCZZxMYeluRvMYQl-BDs-13TVf4rEVc515CUrzOCjmhGbiPSV37U8SsPSuLo1MR210biFHoPUbN90GTwsWiu_dopSb8U',	'Mozilla/5.0 (Windows NT 10.0; Win64; x64) AppleWebKit/537.36 (KHTML, like Gecko) Chrome/136.0.0.0 Safari/537.36',	'web',	't',	'2025-05-15 13:46:15.612174',	'2025-05-15 13:46:15.612174'),
(240,	NULL,	'cBndsftYJ9kKoHqGhr5kEO:APA91bGGJmG-JBFh_RdRYFXr65cDCZZxMYeluRvMYQl-BDs-13TVf4rEVc515CUrzOCjmhGbiPSV37U8SsPSuLo1MR210biFHoPUbN90GTwsWiu_dopSb8U',	'Mozilla/5.0 (Windows NT 10.0; Win64; x64) AppleWebKit/537.36 (KHTML, like Gecko) Chrome/136.0.0.0 Safari/537.36',	'web',	't',	'2025-05-15 13:46:18.07801',	'2025-05-15 13:46:18.07801'),
(241,	NULL,	'cBndsftYJ9kKoHqGhr5kEO:APA91bGGJmG-JBFh_RdRYFXr65cDCZZxMYeluRvMYQl-BDs-13TVf4rEVc515CUrzOCjmhGbiPSV37U8SsPSuLo1MR210biFHoPUbN90GTwsWiu_dopSb8U',	'Mozilla/5.0 (Windows NT 10.0; Win64; x64) AppleWebKit/537.36 (KHTML, like Gecko) Chrome/136.0.0.0 Safari/537.36',	'web',	't',	'2025-05-15 13:48:27.999404',	'2025-05-15 13:48:27.999404'),
(242,	NULL,	'cBndsftYJ9kKoHqGhr5kEO:APA91bGGJmG-JBFh_RdRYFXr65cDCZZxMYeluRvMYQl-BDs-13TVf4rEVc515CUrzOCjmhGbiPSV37U8SsPSuLo1MR210biFHoPUbN90GTwsWiu_dopSb8U',	'Mozilla/5.0 (Windows NT 10.0; Win64; x64) AppleWebKit/537.36 (KHTML, like Gecko) Chrome/136.0.0.0 Safari/537.36',	'web',	't',	'2025-05-15 13:48:50.924318',	'2025-05-15 13:48:50.924318'),
(243,	NULL,	'cBndsftYJ9kKoHqGhr5kEO:APA91bGGJmG-JBFh_RdRYFXr65cDCZZxMYeluRvMYQl-BDs-13TVf4rEVc515CUrzOCjmhGbiPSV37U8SsPSuLo1MR210biFHoPUbN90GTwsWiu_dopSb8U',	'Mozilla/5.0 (Windows NT 10.0; Win64; x64) AppleWebKit/537.36 (KHTML, like Gecko) Chrome/136.0.0.0 Safari/537.36',	'web',	't',	'2025-05-15 13:49:48.663435',	'2025-05-15 13:49:48.663435'),
(244,	NULL,	'cBndsftYJ9kKoHqGhr5kEO:APA91bGGJmG-JBFh_RdRYFXr65cDCZZxMYeluRvMYQl-BDs-13TVf4rEVc515CUrzOCjmhGbiPSV37U8SsPSuLo1MR210biFHoPUbN90GTwsWiu_dopSb8U',	'Mozilla/5.0 (Windows NT 10.0; Win64; x64) AppleWebKit/537.36 (KHTML, like Gecko) Chrome/136.0.0.0 Safari/537.36',	'web',	't',	'2025-05-15 14:18:37.142816',	'2025-05-15 14:18:37.142816'),
(245,	NULL,	'cPcNSADQcsyjBP0nblXVxZ:APA91bG7lfqLkDEZQbAM-ty-ipGFJZKsxZw-X_T4PAre83_u-qpMzoGjSA3oE8SctVuYz6TR7ThARwjoj_J701mDlba8PvNlq7SkGzBujT2NXaRbHYAqnKE',	'Mozilla/5.0 (iPhone; CPU iPhone OS 16_6 like Mac OS X) AppleWebKit/605.1.15 (KHTML, like Gecko) Version/16.6 Mobile/15E148 Safari/604.1',	'web',	't',	'2025-05-15 14:36:48.123556',	'2025-05-15 14:36:48.123556'),
(246,	NULL,	'cPcNSADQcsyjBP0nblXVxZ:APA91bG7lfqLkDEZQbAM-ty-ipGFJZKsxZw-X_T4PAre83_u-qpMzoGjSA3oE8SctVuYz6TR7ThARwjoj_J701mDlba8PvNlq7SkGzBujT2NXaRbHYAqnKE',	'Mozilla/5.0 (iPhone; CPU iPhone OS 16_6 like Mac OS X) AppleWebKit/605.1.15 (KHTML, like Gecko) Version/16.6 Mobile/15E148 Safari/604.1',	'web',	't',	'2025-05-15 14:37:06.883047',	'2025-05-15 14:37:06.883047'),
(247,	NULL,	'cPcNSADQcsyjBP0nblXVxZ:APA91bG7lfqLkDEZQbAM-ty-ipGFJZKsxZw-X_T4PAre83_u-qpMzoGjSA3oE8SctVuYz6TR7ThARwjoj_J701mDlba8PvNlq7SkGzBujT2NXaRbHYAqnKE',	'Mozilla/5.0 (iPhone; CPU iPhone OS 16_6 like Mac OS X) AppleWebKit/605.1.15 (KHTML, like Gecko) Version/16.6 Mobile/15E148 Safari/604.1',	'web',	't',	'2025-05-15 14:37:07.772364',	'2025-05-15 14:37:07.772364'),
(267,	NULL,	'cBndsftYJ9kKoHqGhr5kEO:APA91bGGJmG-JBFh_RdRYFXr65cDCZZxMYeluRvMYQl-BDs-13TVf4rEVc515CUrzOCjmhGbiPSV37U8SsPSuLo1MR210biFHoPUbN90GTwsWiu_dopSb8U',	'Mozilla/5.0 (Windows NT 10.0; Win64; x64) AppleWebKit/537.36 (KHTML, like Gecko) Chrome/136.0.0.0 Safari/537.36',	'web',	't',	'2025-05-22 12:19:43.349873',	'2025-05-22 12:19:43.349873'),
(329,	NULL,	'cvTIKQn6RG6JVBnAyyJ1NG:APA91bFrsGNSmS72b79VhwmD6vFanDT5o27Wr1EGKTF9qubpLzPQsygKg5NePMbNOhegFgNm2_Rzb0HOVBE_6-sNHo4Mb-Fbh3jc6VXJU3H8V4cb3H_cDWQ',	'Mozilla/5.0 (Windows NT 10.0; Win64; x64) AppleWebKit/537.36 (KHTML, like Gecko) Chrome/137.0.0.0 Safari/537.36',	'web',	't',	'2025-06-17 09:24:41.316266',	'2025-06-17 09:24:41.316266'),
(273,	2386483727,	'dNwgs7c_FknRYGZjEota7g:APA91bE_lJTAfN0AmOCifE_fE2V41jXclxZEX7_FgXxJ6mLzY3V9kRQQyTdjRIuI70M8F-eqCyjGvZvwQNB_hzOZm6bmEyXMcIbUHwLVhaFu1kRmEPqTi1E',	'Mozilla/5.0 (Macintosh; Intel Mac OS X 10_15_7) AppleWebKit/537.36 (KHTML, like Gecko) Chrome/143.0.0.0 Safari/537.36',	'web',	't',	'2025-12-23 08:31:19.853644',	'2025-05-25 09:56:20.349714'),
(390,	NULL,	'cSYzLXfipex-23KV3cwWVw:APA91bHqrGbsjojUuTrZE7zJnpBBA8_WM_5cTEqmTy34p4yNrzfV2I4Lfeom4_zmz49K2z_BZlBUaS3Bt2zy4TXTPs8hV3xUmsgZj_-4dh9J4MXH99Z4fAg',	'Mozilla/5.0 (Windows NT 10.0; Win64; x64) AppleWebKit/537.36 (KHTML, like Gecko) Chrome/138.0.0.0 Safari/537.36',	'web',	't',	'2025-06-28 18:25:10.615942',	'2025-06-28 18:25:10.615942');

DROP SEQUENCE IF EXISTS user_kyc_id_seq;
CREATE SEQUENCE user_kyc_id_seq INCREMENT 1 MINVALUE 1 MAXVALUE 2147483647 START 1 CACHE 1;

CREATE TABLE "public"."user_kyc" (
    "id" integer DEFAULT nextval('user_kyc_id_seq') NOT NULL,
    "user_id" character varying(50) NOT NULL,
    "first_name" character varying(100),
    "last_name" character varying(100),
    "gender" character varying(20),
    "date_of_birth" date,
    "address" text,
    "city" character varying(100),
    "country" character varying(50),
    "document_type" character varying(20),
    "id_front_path" character varying(255),
    "id_back_path" character varying(255),
    "passport_path" character varying(255),
    "status" character varying(20) DEFAULT 'Unverified' NOT NULL,
    "rejection_reason" text,
    "created_at" timestamptz DEFAULT CURRENT_TIMESTAMP,
    "updated_at" timestamptz DEFAULT CURRENT_TIMESTAMP,
    CONSTRAINT "user_kyc_pkey" PRIMARY KEY ("id"),
    CONSTRAINT "user_kyc_user_id_key" UNIQUE ("user_id")
) WITH (oids = false);

CREATE INDEX "idx_user_kyc_user_id" ON "public"."user_kyc" USING btree ("user_id");

INSERT INTO "user_kyc" ("id", "user_id", "first_name", "last_name", "gender", "date_of_birth", "address", "city", "country", "document_type", "id_front_path", "id_back_path", "passport_path", "status", "rejection_reason", "created_at", "updated_at") VALUES
(18,	'7754465488',	'Donald',	'Ensley',	'male',	'1987-01-25',	'115 ne 9th St',	'Galva',	'US',	'idcard',	'/uploads/kyc/7754465488_documentFront_1750711192089.jpg',	'/uploads/kyc/7754465488_documentBack_1750711193895.jpg',	NULL,	'Verified',	NULL,	'2025-06-23 22:39:51.803976+02',	'2025-07-16 01:00:18.049553+02'),
(15,	'7772627771',	'Talha',	'Pervaiz',	'male',	'1999-04-15',	'House no C-82 Thermal power station colony Muzaffar Garh',	'Muzaffar Garh',	'PK',	'idcard',	'/uploads/kyc/7772627771_documentFront_1746355015343.jpg',	'/uploads/kyc/7772627771_documentBack_1746355024155.jpg',	NULL,	'Verified',	NULL,	'2025-05-04 12:37:01.571397+02',	'2025-05-04 12:41:34.842975+02'),
(5,	'5664694811',	'test',	'pro',	'male',	'1999-02-12',	'arizon usa',	'DC',	'US',	'idcard',	'/uploads/kyc/5664694811_documentFront_1744463823414.png',	'/uploads/kyc/5664694811_documentBack_1744463823518.png',	NULL,	'Verified',	NULL,	'2025-04-12 15:15:21.49295+02',	'2025-04-12 15:17:09.391819+02'),
(20,	'3653799128',	'sil',	'va',	'male',	'1996-12-12',	'78/syd',	'sydney',	'AO',	'idcard',	'/uploads/kyc/3653799128_documentFront_1757311765712.png',	'/uploads/kyc/3653799128_documentBack_1757311765712.png',	NULL,	'Verified',	NULL,	'2025-09-08 08:09:25.716149+02',	'2025-09-08 08:09:37.933842+02'),
(7,	'1865381167',	'Geo',	'Ge',	'male',	'1987-04-13',	'12 Windsor ed',	'sydney',	'AU',	'idcard',	'/uploads/kyc/1865381167_documentFront_1744501644884.jpeg',	'/uploads/kyc/1865381167_documentBack_1744501645375.jpeg',	NULL,	'Verified',	NULL,	'2025-04-13 01:46:40.243551+02',	'2025-04-13 01:47:38.537908+02'),
(8,	'9549422455',	'Nirav',	'Patel',	'male',	'1989-01-05',	'A/102, Pushkar Residency, Opp Shankar Ashram, Rajnagar Cross Road, Paldi, Ahmedabad',	'Ahmedabad',	'IN',	'passport',	NULL,	NULL,	'/uploads/kyc/9549422455_documentFront_1745913936225.jpg',	'Verified',	NULL,	'2025-04-29 10:05:37.546661+02',	'2025-04-29 10:08:15.949041+02'),
(16,	'NaN',	'Hifza',	'Tamkeen',	'female',	'2005-02-09',	'mubarak pur po box ailampur saddar multan',	'multan',	'PK',	'idcard',	'/uploads/kyc/NaN_documentFront_1746393049909.jpg',	'/uploads/kyc/NaN_documentBack_1746393050406.jpg',	NULL,	'Rejected',	'front And Back Both Photo Needed!

Clear photo needed!',	'2025-05-04 23:10:49.969154+02',	'2025-05-04 23:16:01.117957+02'),
(10,	'1518654639',	'Muhammad',	'Kashif',	'male',	'2000-07-25',	'House no D150',	'Multan',	'PK',	'passport',	NULL,	NULL,	'/uploads/kyc/1518654639_documentFront_1746326540603.jpg',	'Verified',	NULL,	'2025-05-04 04:42:20.906624+02',	'2025-05-04 04:55:27.972303+02'),
(11,	'1595383755',	'Talha',	'Tamkeen',	'male',	'1997-07-18',	'mubarak pur po box ailampur saddar multan',	'multan',	'PK',	'idcard',	'/uploads/kyc/1595383755_documentFront_1746329267436.jpg',	'/uploads/kyc/1595383755_documentBack_1746329267636.jpg',	NULL,	'Verified',	NULL,	'2025-05-04 05:27:47.657316+02',	'2025-05-04 05:31:52.12371+02'),
(21,	'7148754439',	'Vijay',	'Lal',	'male',	'1993-02-07',	'Uttar Pradesh',	'Varanshi',	'IN',	'idcard',	'/uploads/kyc/7148754439_documentFront_1762531607491.jpg',	'/uploads/kyc/7148754439_documentBack_1762531613906.jpg',	NULL,	'Pending',	NULL,	'2025-11-07 17:06:52.977138+01',	'2025-11-07 17:06:55.910082+01'),
(12,	'5736888845',	'muhammad',	'tamgeen',	'male',	'2000-07-25',	'zikria town multan',	'multan',	'PK',	'idcard',	'/uploads/kyc/5736888845_documentFront_1746333070733.jpg',	'/uploads/kyc/5736888845_documentBack_1746333072040.jpg',	NULL,	'Verified',	NULL,	'2025-05-04 06:31:11.293256+02',	'2025-05-04 06:33:05.306425+02'),
(13,	'8979223287',	'Muhammad',	'muzammil',	'male',	'1998-05-09',	'34567 street',	'sargodha',	'PK',	'idcard',	'/uploads/kyc/8979223287_documentFront_1746339809129.jpg',	'/uploads/kyc/8979223287_documentBack_1746339809260.jpg',	NULL,	'Verified',	NULL,	'2025-05-04 08:23:29.489972+02',	'2025-05-04 08:28:22.090924+02'),
(14,	'9341739861',	'RANA',	'UMAR',	'male',	'1998-01-01',	'zikria town MAIN',	'ISLAMABAAD',	'PK',	'idcard',	'/uploads/kyc/9341739861_documentFront_1746346334470.jpg',	'/uploads/kyc/9341739861_documentBack_1746346334844.jpg',	NULL,	'Verified',	NULL,	'2025-05-04 10:12:15.087211+02',	'2025-05-04 10:54:13.269085+02');

DROP SEQUENCE IF EXISTS user_notifications_id_seq;
CREATE SEQUENCE user_notifications_id_seq INCREMENT 1 MINVALUE 1 MAXVALUE 2147483647 START 1 CACHE 1;

CREATE TABLE "public"."user_notifications" (
    "id" integer DEFAULT nextval('user_notifications_id_seq') NOT NULL,
    "user_id" bigint,
    "title" character varying(255) NOT NULL,
    "body" text NOT NULL,
    "type" character varying(50),
    "is_read" boolean DEFAULT false,
    "additional_data" jsonb,
    "created_at" timestamp DEFAULT CURRENT_TIMESTAMP,
    CONSTRAINT "user_notifications_pkey" PRIMARY KEY ("id"),
    CONSTRAINT "user_notifications_user_id_fkey" FOREIGN KEY (user_id) REFERENCES users(id) ON DELETE CASCADE NOT DEFERRABLE
) WITH (oids = false);

INSERT INTO "user_notifications" ("id", "user_id", "title", "body", "type", "is_read", "additional_data", "created_at") VALUES
(200,	2386483727,	'website is currently under maintenance',	'🚧 Our website is currently under maintenance to serve you better. We''ll be back shortly. Thank you for your patience! – Team jackopot.com"',	'info',	't',	'{"extraInfo": " under maintenance"}',	'2025-06-09 07:44:16.464606');

DROP SEQUENCE IF EXISTS user_otps_id_seq;
CREATE SEQUENCE user_otps_id_seq INCREMENT 1 MINVALUE 1 MAXVALUE 2147483647 START 1 CACHE 1;

CREATE TABLE "public"."user_otps" (
    "id" integer DEFAULT nextval('user_otps_id_seq') NOT NULL,
    "email" text NOT NULL,
    "otp_hash" text NOT NULL,
    "purpose" text NOT NULL,
    "attempts" integer DEFAULT '0',
    "created_at" timestamptz DEFAULT CURRENT_TIMESTAMP,
    "expires_at" timestamptz,
    "is_verified" boolean DEFAULT false,
    "user_id" bigint,
    CONSTRAINT "user_otps_pkey" PRIMARY KEY ("id"),
    CONSTRAINT "fk_user" FOREIGN KEY (user_id) REFERENCES users(id) ON DELETE CASCADE NOT DEFERRABLE,
    CONSTRAINT "user_otps_user_id_fkey" FOREIGN KEY (user_id) REFERENCES users(id) ON DELETE CASCADE NOT DEFERRABLE
) WITH (oids = false);

INSERT INTO "user_otps" ("id", "email", "otp_hash", "purpose", "attempts", "created_at", "expires_at", "is_verified", "user_id") VALUES
(165,	'Vivekkella1111@gmail.com',	'$2b$10$OelWXHQt3qXhzdE/GTYflOQ3XL0nm1X9VLgqGR41HBMOe7Ibq4MH6',	'register',	2,	'2025-04-29 05:42:53.572805+02',	'2025-04-29 05:44:53.572805+02',	'f',	NULL),
(166,	'hargravesshawn9@gmail.com',	'$2b$10$barbe0.0ghsrXiC2QXmp3./FY.aafFE4GEZEqUpZ3ph1KsReoI2fa',	'register',	0,	'2025-04-29 06:59:05.594054+02',	'2025-04-29 07:01:05.594054+02',	'f',	NULL),
(167,	'nikepatel945@gmail.com',	'$2b$10$rSzssgOk6kvmm7gNnRJHYOt4DamxjQkv0IDzAeiciiCpeQjOTEr3C',	'register',	0,	'2025-04-29 09:04:25.550066+02',	'2025-04-29 09:06:25.550066+02',	't',	NULL),
(74,	'presleyj067@gmail.com',	'$2b$10$c5dv1xnBRujH/o1qG.ec2OBQWN3GLwC80TEbmnNw/9hbYf4Lkpwaq',	'register',	0,	'2025-03-28 23:47:16.62737+01',	'2025-03-28 23:49:16.62737+01',	't',	NULL),
(76,	'faridalado87@gmail.com',	'$2b$10$hg9yNqV8j.g46uBfNJZIL.OP08KmGGfgv1YjbMS7eVu5PQg3dicBm',	'register',	0,	'2025-03-30 13:38:51.016459+02',	'2025-03-30 13:40:51.016459+02',	't',	NULL),
(78,	'1wlaa96egn@wyoxafp.com',	'$2b$10$O4rdhZ/Lq9kJENOFH0TRhuIGB.35F0l6AIp6bs87/c5X5O8AWAHDm',	'register',	0,	'2025-03-31 10:34:46.503905+02',	'2025-03-31 10:36:46.503905+02',	'f',	NULL),
(82,	'gambhirmitansh@gmail.com',	'$2b$10$sxdB2reWXrzzZ1IAP1Kw0.5DC6V2TGXoRuNWyfnHk7pxvaHoaNuMm',	'register',	0,	'2025-04-02 20:07:23.876815+02',	'2025-04-02 20:09:23.876815+02',	't',	NULL),
(85,	'marharetparker@gmail.com',	'$2b$10$t6IPuaI87UKnBE0VJypyo.L88d0wpEp96nEnBwKZ4F3Dwj9glHVsW',	'register',	0,	'2025-04-05 15:49:41.847794+02',	'2025-04-05 15:51:41.847794+02',	't',	NULL),
(86,	'alammakur2@gmail.com',	'$2b$10$E.ldmXLjGWI07C2yuGpMZ.NDwBnn5GuY09iq/IOOBb27liHwY.A82',	'register',	0,	'2025-04-05 15:52:11.427413+02',	'2025-04-05 15:54:11.427413+02',	't',	NULL),
(168,	'nikepatel9450@gmail.com',	'$2b$10$4Exq4rbVqPEbNOqLaIv31.zfcK2ox5LNLP1/1dqs655OP7xN.M1Eq',	'register',	0,	'2025-04-29 10:16:49.774534+02',	'2025-04-29 10:18:49.774534+02',	't',	NULL),
(120,	'pilarquilliam35@gmail.com',	'$2b$10$cNSSLgTPuFWLuQ7lLsxNze7EkDtQZ3qutPo0jdOrBJnd.0AjGd7ia',	'register',	0,	'2025-04-10 02:10:44.237208+02',	'2025-04-10 02:12:44.237208+02',	'f',	NULL),
(89,	'kumisasali@gmail.com',	'$2b$10$2/XAhMEVMcTMc8jBQYDf7eJQp2d5byEeTUI04Zb0fxroUgugBNef6',	'register',	1,	'2025-04-05 16:35:59.466704+02',	'2025-04-05 16:37:59.466704+02',	't',	NULL),
(90,	'mitanshgambhir@gmail.com',	'$2b$10$dmRLuDBbY15UDwB/Dkblk.06OQg2r8jdmXCDFUMviBocgB5X4ANfu',	'register',	0,	'2025-04-05 21:57:29.186291+02',	'2025-04-05 21:59:29.186291+02',	't',	NULL),
(176,	'kumashsoni@gmail.com',	'$2b$10$3hCgKbVRvB3QijlxLLyeJOGCKAK5Um9MUtLnD5XuTxAFvxiV7kphy',	'register',	0,	'2025-05-01 01:36:00.682199+02',	'2025-05-01 01:38:00.682199+02',	't',	NULL),
(96,	'sabbirpatel1211@gmail.com',	'$2b$10$EqW9mI/AJEQHS175vvq4NOgBBB3soWqDDaIQAf1G9Ypf9akEmfJuG',	'register',	0,	'2025-04-06 03:14:56.767407+02',	'2025-04-06 03:16:56.767407+02',	't',	NULL),
(97,	'niteshkumar030390@gmail.com',	'$2b$10$gzxEgQwWGaL86Atef/Q4N.FPJS41SugftOhGuL4fCRwXMFgXdiDJu',	'register',	0,	'2025-04-06 09:11:36.384871+02',	'2025-04-06 09:13:36.384871+02',	't',	NULL),
(511,	'simralefa@gmail.com',	'$2b$10$qh3Pl1BO5GhU677hq6e4bOlrhG6JIS3eT/OpHwAF90MRZ5FU4pkD.',	'register',	0,	'2025-07-23 01:53:56.962112+02',	'2025-07-23 01:55:56.962112+02',	't',	NULL),
(99,	'oisytasnim@gmail.com',	'$2b$10$5Ffv/IPCfFzJP3enqYikdukpYmISGlm/Z3MnjbtskzYZDEWg.Pvna',	'register',	0,	'2025-04-06 20:35:30.231666+02',	'2025-04-06 20:37:30.231666+02',	't',	NULL),
(102,	'garryezzy5@gmail.com',	'$2b$10$zmCHLnYlzQyG1v30gTwBv.O3xJj2BuiOwvvTNIqdPwr5phJAxIqX6',	'register',	1,	'2025-04-07 07:09:45.847629+02',	'2025-04-07 07:11:45.847629+02',	't',	NULL),
(203,	'bhaumik.patel1306@gmail.com',	'$2b$10$WsExt2J26j2jcQivtPeUlOn1K3Hb0XQN7wxosXufAWnmSXkyjsB8a',	'register',	0,	'2025-05-06 04:51:41.484798+02',	'2025-05-06 04:53:41.484798+02',	't',	NULL),
(219,	'jainamashah44@gmail.com',	'$2b$10$2diNK.t1bLfOkWVGsN1wvO/vr1.5UjhV7rdF2/W9A7srh7ORmLWDS',	'register',	0,	'2025-05-12 18:00:27.280265+02',	'2025-05-12 18:02:27.280265+02',	't',	NULL),
(126,	'rsdelivertransport@gmail.com',	'$2b$10$TkJ8Q975DuBV2AP7EGMCreSsyQFAYJwhD04KHO2XXsBgLq/jZR4Uu',	'register',	0,	'2025-04-12 00:24:52.099421+02',	'2025-04-12 00:26:52.099421+02',	'f',	NULL),
(208,	'shahkunal2959@gmail.com',	'$2b$10$Dmxzb6cKodnN87qWS4lc5uxlJuY1oiQtfraXkuuB4ApNMLWvNfGg2',	'register',	0,	'2025-05-09 10:51:28.675388+02',	'2025-05-09 10:53:28.675388+02',	't',	NULL),
(129,	'rutvilshah1211@gmail.com',	'$2b$10$Ay6eerhXTedNrOmPQ77KV.WD6A95gjQOuVupTf6WyvqY1g0/XBtse',	'register',	0,	'2025-04-12 08:26:37.82115+02',	'2025-04-12 08:28:37.82115+02',	'f',	NULL),
(216,	'minesh2310@gmail.com',	'$2b$10$sM.qPowIGIm13pGryQwJyenUZx2hUi4nv2GxzU09CUFPxtAS1ijyy',	'register',	1,	'2025-05-10 15:42:01.677519+02',	'2025-05-10 15:44:01.677519+02',	't',	NULL),
(134,	'Georgem196060@gmail.com',	'$2b$10$/ECmxmsLJ1izEz23NYpv1eLOP1rUApUw0Vr.KE2m3j/ZqWEw/9F5K',	'register',	0,	'2025-04-13 01:40:27.721843+02',	'2025-04-13 01:42:27.721843+02',	't',	NULL),
(135,	'faypenfold11@gmail.com',	'$2b$10$xpdSPNSiPTrydfdZhWGwN.sfvP/59xF9gJw52Til8yTALquYSQfya',	'register',	0,	'2025-04-13 03:35:00.605515+02',	'2025-04-13 03:37:00.605515+02',	't',	NULL),
(139,	'kodybennett2001@gmail.com',	'$2b$10$YUftFDqA9dJs/lJMVB4q2eJDm6cgWgKdyznd2O63q.eu1EM0.5Idm',	'register',	0,	'2025-04-15 03:04:40.567281+02',	'2025-04-15 03:06:40.567281+02',	't',	NULL),
(210,	'shani198585@gmail.com',	'$2b$10$uY8B4OpfVB4BygJaMI7kG.AHlp6fvmxvW0..LKBoWZPu03eQU/ThK',	'register',	1,	'2025-05-10 09:10:32.771633+02',	'2025-05-10 09:12:32.771633+02',	't',	NULL),
(145,	'regan9772@gmail.com',	'$2b$10$fe4Jh8RrNWTPf.POVjxkt.cdDdFisw.jypjNOk.03ws/VphKgTGna',	'register',	0,	'2025-04-18 01:58:28.761752+02',	'2025-04-18 02:00:28.761752+02',	't',	NULL),
(146,	'Faridalado87@gmail.com',	'$2b$10$yEjmxv9hGKV0kmq6Q2PO.Opm0N7N2wFKc0Fgdb5m.7k2c/8QzaFXi',	'register',	0,	'2025-04-18 02:00:39.935609+02',	'2025-04-18 02:02:39.935609+02',	't',	NULL),
(213,	'testpro.codefactory@gmail.com',	'$2b$10$AE3iiLw0iqQwtZyjl6iQU.V5wmjOP01JPn.CLEERtO/nfsuAtWnra',	'register',	0,	'2025-05-10 09:29:35.04854+02',	'2025-05-10 09:31:35.04854+02',	't',	NULL),
(150,	'priyanshuvsingh6@gamil.com',	'$2b$10$2C4y6MtjjifaxroJAIGeFOjRBLg7DQLibaw4ZZ0F09ERpBmAg4DNe',	'register',	0,	'2025-04-19 17:50:52.966745+02',	'2025-04-19 17:52:52.966745+02',	'f',	NULL),
(153,	'simramilano@gmail.com',	'$2b$10$QkcpPt7Hv5mvYz5sRxp57eKeSYH/Wfd1JVtA0lf54HFQ2QNfIv6ke',	'register',	0,	'2025-04-20 01:35:10.588097+02',	'2025-04-20 01:37:10.588097+02',	't',	NULL),
(159,	'lockesteven985@gmail.com',	'$2b$10$7HFwa4SRvwGTFd9PPaKIL.u/3KQ/U3RaArUc5vmTZD4foSwMA1cye',	'register',	0,	'2025-04-23 00:20:07.829581+02',	'2025-04-23 00:22:07.829581+02',	't',	NULL),
(214,	'regan9772@gmail.com',	'$2b$10$GoA3mgx4wL5RXQwrh0FFHeer89gcM/eWpS6m4UjAdmQ0MjQlGN79m',	'register',	0,	'2025-05-10 12:34:32.256057+02',	'2025-05-10 12:36:32.256057+02',	't',	NULL),
(161,	'macelroybevan@gmail.com',	'$2b$10$YglPFxrb.skQ4ciQiZxcjuhSMiR5j5y0m23UNw3RJdzaJcDThPT42',	'register',	0,	'2025-04-24 04:45:25.835051+02',	'2025-04-24 04:47:25.835051+02',	'f',	NULL),
(218,	'annimarti1211@gmail.com',	'$2b$10$estwjiaoHZvnaO4U1cAYXug2Dfr6G.DN5QBdrM4qMBGOfTuLbi.52',	'register',	0,	'2025-05-11 04:34:05.202841+02',	'2025-05-11 04:36:05.202841+02',	't',	NULL),
(229,	'khatriji.890@gmail.com',	'$2b$10$NRYTjq0DlHKDa9YSaM.1e.9t1/lqC2Bvpdd6rEhtikFJlYtDzeLE6',	'register',	0,	'2025-05-17 05:26:35.300151+02',	'2025-05-17 05:28:35.300151+02',	't',	NULL),
(231,	'mitanshgambhir@gmail.com',	'$2b$10$NEwznTOWQC8mij72bDSDIeUYkP8L5RRJoAC6CPs8ytjp8McQL816C',	'register',	0,	'2025-05-19 15:51:43.278314+02',	'2025-05-19 15:53:43.278314+02',	't',	NULL),
(233,	'rakeshbhol1995@gmail.com',	'$2b$10$mUpfZjX2swMFr3gB2xgF.eD7B31HHHVD4dD9TZoBfMuwgxrGfpEkO',	'register',	0,	'2025-05-19 19:12:57.441972+02',	'2025-05-19 19:14:57.441972+02',	't',	NULL),
(235,	'mitanshgambhir@gmail.com',	'$2b$10$IcoaMPZiH2BjXG7K5LqtI.AIdl1bqQd65MoVJ5SwfxlJL3/12D6NC',	'register',	0,	'2025-05-19 21:06:18.555257+02',	'2025-05-19 21:08:18.555257+02',	't',	NULL),
(237,	'gambhirmitansh@gmail.com',	'$2b$10$dQTyafT/gMUz/qwHsLP7i.suBzgg/wotaXK1IXos8rc7la3ocIbmO',	'register',	0,	'2025-05-20 10:02:42.323413+02',	'2025-05-20 10:04:42.323413+02',	't',	NULL),
(244,	'gambhirmitansh@gmail.com',	'$2b$10$dbVanXTZ7HeXP3IsK2SjjeSUOdPrAOg4Jzzi4dhwVAvy4pdj0SElW',	'register',	0,	'2025-05-21 12:19:26.268892+02',	'2025-05-21 12:21:26.268892+02',	't',	NULL),
(245,	'vpau1211@icloud.com',	'$2b$10$pRFTEcy4mBCQsTg/h5Nd5Oe9L1fvxZclz04S1zrF6GC/BsLLiRKcG',	'register',	0,	'2025-05-22 13:40:07.878035+02',	'2025-05-22 13:42:07.878035+02',	't',	NULL),
(246,	'Georgem196060@gmail.com',	'$2b$10$kYxtHPdWCfV3ZlaNL5bJfeF0o2Y4SyzVzedO0Y8NELfEM42XJ1pIm',	'register',	0,	'2025-05-22 13:45:11.556225+02',	'2025-05-22 13:47:11.556225+02',	't',	NULL),
(169,	'nikepatel94501@gmail.com',	'$2b$10$2hG9lfpinw6LC9SccfbMROBsk0jc.0q1Ja.H1tSUF6MFXxwwqu/8a',	'register',	0,	'2025-04-30 03:27:09.952991+02',	'2025-04-30 03:29:09.952991+02',	't',	NULL),
(75,	'raja.yash83@gmail.com',	'$2b$10$KUbJ1ogWK.vh9SRtHqcQkuMeefw/yohYDeIpNu15ECZoB7wj4Jpga',	'register',	0,	'2025-03-30 04:45:46.891853+02',	'2025-03-30 04:47:46.891853+02',	'f',	NULL),
(77,	'surgicalgoods1211@gmail.com',	'$2b$10$bfu4SzfajheFDUUi5kpdVuA0hbzkAfOjmQRLpzPvLer9rDMAgKwwy',	'register',	0,	'2025-03-31 03:10:07.6866+02',	'2025-03-31 03:12:07.6866+02',	't',	NULL),
(79,	'zimbacolli@gmail.com',	'$2b$10$Kc.DK7rI/9g/XYLiAkP5Eu2OPuqh2nC7B94KuAXCmxpaixM8w5ckO',	'register',	0,	'2025-04-01 06:37:23.24567+02',	'2025-04-01 06:39:23.24567+02',	't',	NULL),
(80,	'anthanconck@gmail.com',	'$2b$10$aUmUwr2SU9B1QFOMAZ3LVO7c5v56ZGbDJ2aegBo1xgY7XfKG2pc4O',	'register',	0,	'2025-04-01 10:07:11.980919+02',	'2025-04-01 10:09:11.980919+02',	'f',	NULL),
(81,	'annthanconck@gmail.com',	'$2b$10$OVgOygsGIc8oXfFtX81v.ONgppZJ7IflLMIgPYK1k78s0mxIIWTb6',	'register',	0,	'2025-04-01 10:08:21.907417+02',	'2025-04-01 10:10:21.907417+02',	't',	NULL),
(83,	'manojvar1289@gmail.com',	'$2b$10$2hxJo1c437hO1VjCpZk6NOClSrLWt/.e4p.u973XwVHGtHaNepdE2',	'register',	0,	'2025-04-03 04:31:55.444512+02',	'2025-04-03 04:33:55.444512+02',	't',	NULL),
(84,	'apylegend@gmail.com',	'$2b$10$7kGlW7NVM/xmYeUsmrnWNuTZXruKqUc2ypYC3nj/vl04FLcCjUd2O',	'register',	0,	'2025-04-05 08:29:55.115722+02',	'2025-04-05 08:31:55.115722+02',	't',	NULL),
(91,	'jameswilson195907@gmail.com',	'$2b$10$2KvKhgBium46CWt9U35DCukT0UTHrHSgpj/KYvYt3bi6UdE0BMRs2',	'register',	0,	'2025-04-06 02:41:00.259352+02',	'2025-04-06 02:43:00.259352+02',	't',	NULL),
(310,	'shuklaharshil580@gmail.com',	'$2b$10$YwRIELYt/z4tKlaziquL/eSj1jxR98d0zzKeiFaHVhNVHE6Usw2ma',	'register',	0,	'2025-06-01 05:22:31.303751+02',	'2025-06-01 05:24:31.303751+02',	't',	NULL),
(93,	'dareklawrence1977@gmail.com',	'$2b$10$FVWKQRIy.qsoWklXYpAB7uxLY6Ay0gyCdo2DYyOA40jws5W2jY6v.',	'register',	0,	'2025-04-06 03:00:07.577165+02',	'2025-04-06 03:02:07.577165+02',	't',	NULL),
(152,	'priyanshusinghrajput200324@gmail.com',	'$2b$10$gZpxO48W1tiOVUvEXW24G.fZDs.WMarGmnOJfoh17T9nZXDoW1ItO',	'register',	0,	'2025-04-19 20:43:29.171773+02',	'2025-04-19 20:45:29.171773+02',	'f',	NULL),
(108,	'fisherronald321@gmail.com',	'$2b$10$Ly69ymtlGeJuTfZwUmHYCOUQllgu5OOad1V3X8KoPmRabjTJlIJze',	'register',	0,	'2025-04-09 00:52:33.921331+02',	'2025-04-09 00:54:33.921331+02',	'f',	NULL),
(109,	'keleraveiqaravi67@gmail.com',	'$2b$10$PZCsuilcJ4Hz7/TkNSQpNOaVWcf/LUafF/3sS/vprvVMbbJmh4fZO',	'register',	0,	'2025-04-09 00:56:59.606094+02',	'2025-04-09 00:58:59.606094+02',	'f',	NULL),
(173,	'sameersony7800@gmail.com',	'$2b$10$hSh/knJ.HdxinTZwO.YiJOLYimjNbNMpv5/ljLf3aTNmPPulcrPpS',	'register',	0,	'2025-04-30 11:34:51.73207+02',	'2025-04-30 11:36:51.73207+02',	't',	NULL),
(174,	'sameersony7800@gmail.com',	'$2b$10$TcMvIOTkVVhtYI0wSPfOFOsZ1ca.WgExstK58eV9Rda0O.rvpJ0/i',	'register',	0,	'2025-04-30 11:37:15.29577+02',	'2025-04-30 11:39:15.29577+02',	'f',	NULL),
(175,	'jack_6895@icloud.com',	'$2b$10$zsl32pRCc5qRVW.02dUDz.jyv5NyHTlYga6twAARy0TScsv1PxAa6',	'register',	0,	'2025-04-30 13:45:52.538488+02',	'2025-04-30 13:47:52.538488+02',	't',	NULL),
(124,	'Rutvilshah1995@gmail.com',	'$2b$10$j.3/OdeGPZr9tcpcVAYa3eO8N1jhHNDq.WJk8lc.Vs4wmhDf/ldtG',	'register',	0,	'2025-04-11 10:39:49.910423+02',	'2025-04-11 10:41:49.910423+02',	'f',	NULL),
(177,	'zombieeespecial@gmail.com',	'$2b$10$uqpyMVDaGN.EQUEburd5Eu/nFPP8EhmD/HwAH9ew4hsTb16sesrbK',	'register',	0,	'2025-05-02 01:18:15.876835+02',	'2025-05-02 01:20:15.876835+02',	't',	NULL),
(136,	'caremily725@gmail.com',	'$2b$10$ELFLMHiHU0lmifaz3D5dNupONYB.YTOTKXdkwVtWbo6VGj7uppZSi',	'register',	0,	'2025-04-13 12:22:16.016545+02',	'2025-04-13 12:24:16.016545+02',	't',	NULL),
(178,	'mitanshgambhir@gmail.com',	'$2b$10$.Y6MQCRoBI7XLqC7Q93Xz.IxWAJonEq0/sqKhPUg3tQbzhnah39E2',	'register',	0,	'2025-05-02 09:38:17.000896+02',	'2025-05-02 09:40:17.000896+02',	't',	NULL),
(138,	'akunjforfb@gmail.com',	'$2b$10$qLxWW4K.JlBJWs7JIugfJe9Tqb4R2y9bokK9edbp1x1tLZdEOdGx.',	'register',	0,	'2025-04-13 14:10:01.201368+02',	'2025-04-13 14:12:01.201368+02',	't',	NULL),
(140,	'kfre75540@gmail.com',	'$2b$10$YI/rd/chgDyJXz/CVC/4keJNLq30aniGBFtr2.1K8I7JcNlkeAnQy',	'register',	0,	'2025-04-17 09:27:11.193764+02',	'2025-04-17 09:29:11.193764+02',	't',	NULL),
(141,	'finleysonb8@gmail.com',	'$2b$10$BGKngW1ohJOuAV14Jb2LoegnA4IE6FQGMQA8eASkVaSMQMCtyQBt6',	'register',	0,	'2025-04-17 09:31:17.189865+02',	'2025-04-17 09:33:17.189865+02',	'f',	NULL),
(142,	'finlaysonb8@gmail.com',	'$2b$10$YsJfgRXWs7F2K483W.cga.ApK7SL1AKN.IRfaoXX4ORQL2sNaAZDy',	'register',	1,	'2025-04-17 09:32:19.739709+02',	'2025-04-17 09:34:19.739709+02',	't',	NULL),
(154,	'bhaumik.patel8880@gmail.com',	'$2b$10$9qwerAp2Q6VNUdQK9mdZP.J2pH5E65xvLYjCaumzYy3py7oTk.2sa',	'register',	0,	'2025-04-22 02:52:32.997959+02',	'2025-04-22 02:54:32.997959+02',	't',	NULL),
(182,	'raymondcasanova194@gmail.com',	'$2b$10$L4LsOi6nabV01hk7eClGm.QKXAbecfPeaZ6wo2zt2JerIZBK95.Ju',	'register',	0,	'2025-05-03 11:30:15.15502+02',	'2025-05-03 11:32:15.15502+02',	'f',	NULL),
(195,	'hifza009060@gmail.com',	'$2b$10$LCXVtlWauYzkCBZ.qcpvqOa9fl1y2.bJhdRkat0n/DkTtjgpLnBKK',	'register',	0,	'2025-05-04 06:26:42.855687+02',	'2025-05-04 06:28:42.855687+02',	't',	NULL),
(158,	'mdtorikulislamtakim@gmail.com',	'$2b$10$4wLPuyJFARwMLtHUjw/vveQvYq65hpVkiOJM.RLkVpNM4fEjsTG/G',	'register',	3,	'2025-04-22 15:27:57.766061+02',	'2025-04-22 15:29:57.766061+02',	'f',	NULL),
(162,	'clayton19787804@gmail.com',	'$2b$10$G72UDEWLReIF4s19CBRLB.ySVuf83VkDMpGySPc89VwPcdXYu0Vna',	'register',	0,	'2025-04-25 06:58:29.445905+02',	'2025-04-25 07:00:29.445905+02',	't',	NULL),
(186,	'trao74331@gmail.com',	'$2b$10$Hhn0JnJkGQpsnRi.TAji5.brSo.ls4j5lOjlmCbw8kKltstN48de6',	'register',	0,	'2025-05-04 04:21:21.335329+02',	'2025-05-04 04:23:21.335329+02',	't',	NULL),
(194,	'ranasaimboss007@gmail.com',	'$2b$10$IvA9n0cXghahNhYUyLyZPuF9gsdPWDWS2U.c24nplkOSV/LahAHOO',	'register',	0,	'2025-05-04 05:21:44.640578+02',	'2025-05-04 05:23:44.640578+02',	't',	NULL),
(197,	'muhammadkashifrao007@gmail.com',	'$2b$10$iKNImxcUdE7DsGHfPvvJouhzP8OrMmykpy3Q25T09W.BT/tVfxBTO',	'register',	1,	'2025-05-04 08:20:42.381663+02',	'2025-05-04 08:22:42.381663+02',	't',	NULL),
(198,	'elatedcray6@justzeus.com',	'$2b$10$B3mSDIWQw7xa4sz7Fcx4v.9iL2.plLmDlWoSvlqll3QTesEHTmu36',	'register',	0,	'2025-05-04 10:09:27.442769+02',	'2025-05-04 10:11:27.442769+02',	't',	NULL),
(199,	'razorshark.009060@gmail.com',	'$2b$10$nJVXKvLLuNTEXMdmZAUKceyyPUaM10fMpDYs4YSMqTRtj64M3nJ7C',	'register',	0,	'2025-05-04 10:51:26.430246+02',	'2025-05-04 10:53:26.430246+02',	't',	NULL),
(200,	'businessspot04@gmail.com',	'$2b$10$V3sCY2HYdcJhlqeqAdLPGeRKigO/b99fsB2DEY.9LbgPOlRTjIsCK',	'register',	0,	'2025-05-04 12:32:26.525679+02',	'2025-05-04 12:34:26.525679+02',	't',	NULL),
(202,	'marthakdhaval5@gmail.com',	'$2b$10$N8IssQWmta1vfmMPgbNKZuP2ez9UnJYyxKY5hTN3Qjvi8W1OZT7de',	'register',	1,	'2025-05-04 18:49:56.489092+02',	'2025-05-04 18:51:56.489092+02',	't',	NULL),
(220,	'testyop1@yopmail.com',	'$2b$10$E6NJ6QN/CVvqj7SCk6E6HOLttWL.PfAf4CjPEc396mB.GjeWbZNu6',	'register',	0,	'2025-05-15 15:25:06.002411+02',	'2025-05-15 15:27:06.002411+02',	't',	NULL),
(222,	'talhasaab55@gmail.com',	'$2b$10$EINxfK1c32jhmootNAknUek2yBw.fwjK/g7z7dTi8Lf7aWZsMa2du',	'register',	1,	'2025-05-16 07:14:43.820096+02',	'2025-05-16 07:16:43.820096+02',	't',	NULL),
(227,	'anilkhan2730@gmail.com',	'$2b$10$nOsLCmNP6tJlAvQDikOOg.ZUxW24QZi4sIXu4NCCVV33g0xxnlO86',	'register',	0,	'2025-05-16 13:32:49.599191+02',	'2025-05-16 13:34:49.599191+02',	't',	NULL),
(230,	'gambhirmitansh@gmail.com',	'$2b$10$W6B.y00u3NZ7NlKRXSOhZ.9yo0Q174ZZWplLpMDTNNdHjhudYXNz6',	'register',	0,	'2025-05-19 15:30:35.412811+02',	'2025-05-19 15:32:35.412811+02',	't',	NULL),
(234,	'mitanshgambhir@gmail.com',	'$2b$10$0UL6xRCXyLIh4yf4xmHXaurcUWdIZ/xHbGkeG.Nk7OMCnu//JW0TG',	'register',	0,	'2025-05-19 21:02:11.519507+02',	'2025-05-19 21:04:11.519507+02',	't',	NULL),
(236,	'mitanshgambhir@gmail.com',	'$2b$10$YOHzfef.Sdwsxi/mGnIzYuzRKiYFFHZD51yGP7BkA.07/Qauo5O6G',	'register',	0,	'2025-05-19 22:30:04.91853+02',	'2025-05-19 22:32:04.91853+02',	't',	NULL),
(242,	'johnmcilroy413@gmail.com',	'$2b$10$j5bGw4GYOxHHdChDdhcsUuAdaBJb.Hqtj9rIRzMPLRqL/tHEddqlC',	'register',	0,	'2025-05-21 06:49:33.156942+02',	'2025-05-21 06:51:33.156942+02',	't',	NULL),
(243,	'niteshkumar030390@gmail.com',	'$2b$10$QSRg5JX0eB7xBJx8U2fwQeLp43.oj11l878QaOdHyJgw3sfXPaMgS',	'register',	0,	'2025-05-21 10:37:41.966991+02',	'2025-05-21 10:39:41.966991+02',	't',	NULL),
(248,	'123@gmail.com',	'$2b$10$e5vHT.UQowzDOZtBYoOpI.CWh/Z0KQ95vQMfjXAS5kD2wSDDAAn..',	'register',	0,	'2025-05-23 08:01:28.431836+02',	'2025-05-23 08:03:28.431836+02',	'f',	NULL),
(249,	'fmax6527@gmail.com',	'$2b$10$tFXCa12g4YKVDwYijIdcy.UKltvi384VWoL3zlF7s0C56g8y0ogDa',	'register',	1,	'2025-05-23 08:02:09.649167+02',	'2025-05-23 08:04:09.649167+02',	't',	NULL),
(250,	'cacc17099@gmail.com',	'$2b$10$VeZqjaewYzG3tiGDHiRv8u3YRz5SSdgt8Mg8gCEygjVwG8vn8Irw2',	'register',	0,	'2025-05-23 08:50:04.019441+02',	'2025-05-23 08:52:04.019441+02',	't',	NULL),
(251,	'jackymckay1476@gmail.com',	'$2b$10$EN4zn7jsto0407xAnFDnOeEU9EUTPVoFFZVAYy3gaU.q.FDIuiq5W',	'register',	0,	'2025-05-23 09:17:37.912247+02',	'2025-05-23 09:19:37.912247+02',	't',	NULL),
(252,	'vpau1211@icloud.com',	'$2b$10$kRrFo1nXZdPgEOxhPS4HGO21D5f/v2zmnLp60d863/2PlV5t3ViJC',	'register',	0,	'2025-05-24 02:52:37.341849+02',	'2025-05-24 02:54:37.341849+02',	't',	NULL),
(253,	'cacc17099@gmail.com',	'$2b$10$9qokFnQfJxl51SNfoCrXPeAhw6U3LbH6nT4AJ7ce0oRDX2JD4wsby',	'register',	0,	'2025-05-24 02:54:53.497727+02',	'2025-05-24 02:56:53.497727+02',	't',	NULL),
(254,	'jdwinn291@gmail.com',	'$2b$10$ZNmmvuUIUp.2UwjxOXEj8uR5OE9SFxHzzm9sXPQyCgyWQUnSg1vgW',	'register',	0,	'2025-05-24 14:34:40.068518+02',	'2025-05-24 14:36:40.068518+02',	't',	NULL),
(311,	'shuklaharshil580@gmail.com',	'$2b$10$Jmztn1xxTAD99ig/Kh.u.e3yINUr3vWa/ZiZi2cl.Tfiv7EsgP8E6',	'register',	0,	'2025-06-01 05:26:49.831829+02',	'2025-06-01 05:28:49.831829+02',	'f',	NULL),
(312,	'lodhabhavesh73@gmail.com',	'$2b$10$rUHxdJBJPBnB9.La6CIlp.RwBL8fdt3Yp3fR0nuG/cSd2.jr4Nrmq',	'register',	0,	'2025-06-01 10:33:14.704539+02',	'2025-06-01 10:35:14.704539+02',	'f',	NULL),
(257,	'manharbaria931@gmail.com',	'$2b$10$rLw.fSJ7Le7pRLQJekm0meRHxrO5MugR7HUftIvNtV4nCg8RSmM76',	'register',	0,	'2025-05-25 10:15:32.393986+02',	'2025-05-25 10:17:32.393986+02',	'f',	NULL),
(258,	'gambhirmitansh@gmail.com',	'$2b$10$KOSqvI64DAbbDwLKOS/21OHZmFqObYjDAllQ46AXlbUJqztbhhrz6',	'register',	0,	'2025-05-25 11:48:55.522658+02',	'2025-05-25 11:50:55.522658+02',	't',	NULL),
(259,	'gambhirmitansh@gmail.com',	'$2b$10$JtdxSeeFeEZC5qEMZG0yVeq2qdTw5/nYIF7/P7I/7R3I005wr6GJq',	'register',	0,	'2025-05-25 11:55:10.30591+02',	'2025-05-25 11:57:10.30591+02',	't',	NULL),
(313,	'Idhbhavesh@gmail.com',	'$2b$10$6siGoec9S4i3aWQ3FG61uuaRbopUm4VSceQESxMInKvngjHNkbiPW',	'register',	0,	'2025-06-01 11:03:23.3875+02',	'2025-06-01 11:05:23.3875+02',	'f',	NULL),
(261,	'ankitkhakhi1012@gmail.com',	'$2b$10$plzC9kPUGKHASVFdNXWIw.KShfncfPtPyTR21wpKmr4vJHapwzdKa',	'register',	0,	'2025-05-25 14:24:50.138244+02',	'2025-05-25 14:26:50.138244+02',	't',	NULL),
(262,	'nikunj.shah409@gmail.com',	'$2b$10$XYsa2mELGvplNWHr/s3h3euaeFgkJ1kLk4FLeWU.rHT94ylWCD63i',	'register',	0,	'2025-05-25 18:58:52.688289+02',	'2025-05-25 19:00:52.688289+02',	't',	NULL),
(263,	'sambaraodada@gmai.com',	'$2b$10$aGh7Ay1nN6b3zncg48J1WeDnMO5iHBTfi4Mlb0i8DJAGVUKoNbiDO',	'register',	0,	'2025-05-26 08:26:52.581796+02',	'2025-05-26 08:28:52.581796+02',	'f',	NULL),
(264,	'sambaraodada@gmail.com',	'$2b$10$jD3XJfrsjvks/CjnvycosuWkaYRIry3B1Zjdpcjk80FKJ2tG5eT0e',	'register',	0,	'2025-05-26 08:27:22.984496+02',	'2025-05-26 08:29:22.984496+02',	't',	NULL),
(265,	'manekraobaba@gmail.com',	'$2b$10$ieOd/rspLcRihbQoXXR3pecblToVfwaVC03dWI9uZDbNP3z1uf4BG',	'register',	0,	'2025-05-26 08:29:50.273121+02',	'2025-05-26 08:31:50.273121+02',	't',	NULL),
(266,	'harshkahar305@gmail.com',	'$2b$10$X0MUfEH75.oAQSmo6irda.iEh6ifhuLYCUb99ISawyJ3mh9LGzq6q',	'register',	0,	'2025-05-26 15:16:22.773867+02',	'2025-05-26 15:18:22.773867+02',	't',	NULL),
(314,	'pmayank99@yahoo.com',	'$2b$10$YdLLA2b3K4K84q/OL3GQ.eFS7C6Ao6EKeeGDa9.LY2DZt1a.QyLzK',	'register',	0,	'2025-06-02 08:47:07.136322+02',	'2025-06-02 08:49:07.136322+02',	'f',	NULL),
(834,	'mdtamimsheikh557i@gmail.com',	'$2b$10$ZERY0zVF7SpA3BF40zaoTuABzGEIBGYxcXGa9JXeE2wIwW31iQ1MO',	'register',	1,	'2025-11-18 18:19:39.21197+01',	'2025-11-18 18:21:39.21197+01',	'f',	NULL),
(269,	'maheriyasunnykumar@gmail.com',	'$2b$10$WXWq1TjhPXRyaDXMMsSLG.NqNj8AJf4qXtklNvAwpnAme5L9LOunC',	'register',	0,	'2025-05-26 17:34:09.656437+02',	'2025-05-26 17:36:09.656437+02',	't',	NULL),
(270,	'kavitmodi547@gmail.com',	'$2b$10$.7UCGRgvu/KrO8QlMgCYj.lEJAmzP9tr1Egu9H9TaV0nNbo5UZeVG',	'register',	0,	'2025-05-27 09:14:16.728689+02',	'2025-05-27 09:16:16.728689+02',	't',	NULL),
(272,	'kavitmodi547@gmail.com',	'$2b$10$k/B7MQ5u05BPP5gr7QPIZeliHiZ.fzayOn7YhMzBcPSk9bUayXhZu',	'register',	0,	'2025-05-27 09:27:39.055798+02',	'2025-05-27 09:29:39.055798+02',	't',	NULL),
(273,	'dashingdare1012@gmail.com',	'$2b$10$8UfduJ8/2ZkA.19kcI6DruZ4iKpe/4TbyHSDpxrU5z08Lzni95yoK',	'register',	0,	'2025-05-27 09:38:19.597637+02',	'2025-05-27 09:40:19.597637+02',	't',	NULL),
(316,	'mp816262@gmail.com',	'$2b$10$Z2R31pOH57MHdZorLxyIU.SnwaNsJoK./xhlNwk1Cc14jcs1vFjJm',	'register',	0,	'2025-06-02 09:55:56.379445+02',	'2025-06-02 09:57:56.379445+02',	't',	NULL),
(277,	'modikrupali985@gmail.com',	'$2b$10$QnkaRIbJ6Ou4hb2MkGaFLu3sJi7j7fQKeu7OEBRRm0TwcOEOh7T/C',	'register',	0,	'2025-05-27 13:58:08.740485+02',	'2025-05-27 14:00:08.740485+02',	't',	NULL),
(278,	'modikrupali985@gmail.com',	'$2b$10$YEpefAf506P63ZA8TISASeoNmuJ8KaJ.VLbCJd72eDUBhJX35Vo92',	'register',	0,	'2025-05-27 14:29:21.187132+02',	'2025-05-27 14:31:21.187132+02',	't',	NULL),
(279,	'harshkahar305@gmail.com',	'$2b$10$Ny6S0t0CvjF8JlvGI9fk5ebefcmHCKcO0wrBT0.FHDiYgQ0RD6zR2',	'register',	0,	'2025-05-28 08:32:13.317826+02',	'2025-05-28 08:34:13.317826+02',	't',	NULL),
(280,	'lastone009060@gmail.com',	'$2b$10$gLQgxAVr1B4TSNz2h2sXNuc9fwJ3Al5mvQecHew0IrWxHDCUZb6Nm',	'register',	0,	'2025-05-30 21:00:24.171562+02',	'2025-05-30 21:02:24.171562+02',	't',	NULL),
(281,	'juswa@gmail.com',	'$2b$10$Wojsxqsj/3EFR0SrCD4MEOwaBeYVC933s1aZbz7Cka7YZ0MFPDlpy',	'register',	0,	'2025-05-31 05:46:52.070445+02',	'2025-05-31 05:48:52.070445+02',	'f',	NULL),
(282,	'indiaconnectofficial@gmail.com',	'$2b$10$OZZxTodjkszRA19sGLt9PuHnWcFFMtqSPjTRKTUq.jAeqM2.RKrqq',	'register',	0,	'2025-05-31 05:47:06.901401+02',	'2025-05-31 05:49:06.901401+02',	't',	NULL),
(317,	'parthpatel5758@gmail.com',	'$2b$10$eM7mWrFnkvNfdIw9spyU0elKvCYgvuvss0ng5mlkOWrL5FthzJ.rq',	'register',	0,	'2025-06-02 10:11:42.210436+02',	'2025-06-02 10:13:42.210436+02',	't',	NULL),
(319,	'Denishapatel2408@gmail.com',	'$2b$10$LH8dzV94UOGLtoM11ejMAudg1hECofRSDccAzMCR9NxwABcdNTmV.',	'register',	0,	'2025-06-02 10:31:50.926168+02',	'2025-06-02 10:33:50.926168+02',	't',	NULL),
(287,	'darrenamor7@gmail.com',	'$2b$10$OvsXMkTmIfDiN9WpEmXjtewqtHZynQyQBlTXdLF6PxrZfPV3UYbOW',	'register',	0,	'2025-05-31 10:59:42.474791+02',	'2025-05-31 11:01:42.474791+02',	'f',	NULL),
(320,	'monarchchauhan@yahoo.com',	'$2b$10$UBrecMUnCqwkyXBGHl1q3Opw23vNJRPJsYHe8aZPAO6g/UFuI1fYa',	'register',	0,	'2025-06-02 10:32:34.946257+02',	'2025-06-02 10:34:34.946257+02',	't',	NULL),
(292,	'devanglodha52@gmail.com',	'$2b$10$CJpvfwFv2uZ.jn1lcfUCJeH23IaN3VpN8geg6Uln2EFZpNLUs8Thm',	'register',	0,	'2025-05-31 11:22:27.288153+02',	'2025-05-31 11:24:27.288153+02',	'f',	NULL),
(322,	'chumibilly@gmail.com',	'$2b$10$XUljxPs9LGwDaRDpfimPk.GdY5gD/8XcT7YeTGQ4pTbY4dvVKP3L2',	'register',	0,	'2025-06-02 11:01:35.101567+02',	'2025-06-02 11:03:35.101567+02',	't',	NULL),
(321,	'Denishapatel2408@gmail.com',	'$2b$10$SnUO1pavTwnB1AIotnrGm.ePUrY6PqNCKom1/nd9vxidLg7cWavFm',	'register',	1,	'2025-06-02 10:34:28.210588+02',	'2025-06-02 10:36:28.210588+02',	't',	NULL),
(513,	'nainnaveen24@gmail.com',	'$2b$10$VjkgOdY8.CAgxEAKzlMTuuCESN6sMWCZTtHvPBbwH.3uEfVebZA76',	'register',	2,	'2025-07-23 07:09:14.945393+02',	'2025-07-23 07:11:14.945393+02',	'f',	NULL),
(294,	'devanglodha052@gmail.com',	'$2b$10$Y5g48LNhxGW/RLs/Hod2Ie5aO8lgh6DlnrXoCi.H9y8Y12INvka9S',	'register',	1,	'2025-05-31 11:23:49.028668+02',	'2025-05-31 11:25:49.028668+02',	't',	NULL),
(325,	'sodhi.as62@gmail.com',	'$2b$10$p/W6t1gXxKzU9ed9cOqGb.iTArvAt539jnRFmv.JjtvUwP.K7LWZm',	'register',	0,	'2025-06-02 21:27:50.137564+02',	'2025-06-02 21:29:50.137564+02',	't',	NULL),
(327,	'threedev920@hotmail.com',	'$2b$10$K3av7XaSzxgJcsVnqh5wAOyPFt1ouC/N.PcgnZk1pEOEb9PVkI.Aa',	'register',	1,	'2025-06-02 23:39:47.793549+02',	'2025-06-02 23:41:47.793549+02',	't',	NULL),
(329,	'jaysharma0755@gmail.com',	'$2b$10$P69FbEYtMIMMkkWoROQHTO7wGPVmxuYeynz.jfzudJPHWf0gVZtO2',	'register',	0,	'2025-06-03 10:53:46.860798+02',	'2025-06-03 10:55:46.860798+02',	't',	NULL),
(306,	'ayacheayache2005@gmail.com',	'$2b$10$bDp8MfoiBGUhinmxQfSTyufFxD/Lq5B1R0eNoEVuURwyKUyZM6y2i',	'register',	1,	'2025-05-31 14:50:45.646829+02',	'2025-05-31 14:52:45.646829+02',	't',	NULL),
(331,	'devang230789@gmail.com',	'$2b$10$9Fcv45lVKPjSaF20wYXqHOzpjQWvqqSjeHzoyBEHBXzxraljeY4Qu',	'register',	0,	'2025-06-03 14:50:12.239188+02',	'2025-06-03 14:52:12.239188+02',	't',	NULL),
(332,	'devang230789@gmail.com',	'$2b$10$vnKaFvfFdEC1QX./.nxIm.9KpaoD1J1jrIJyHk0b89kPxB7oosc2i',	'register',	0,	'2025-06-03 15:27:25.358083+02',	'2025-06-03 15:29:25.358083+02',	't',	NULL),
(333,	'chiragklodha@gmail.com',	'$2b$10$uR5phVYH50TtlbmJLIhIGeBkmcPFNjpFun8Iu.TOtSDh4Z3f.xqr.',	'register',	0,	'2025-06-04 07:49:05.447521+02',	'2025-06-04 07:51:05.447521+02',	't',	NULL),
(335,	'ys3767809@gmail.com',	'$2b$10$S7.K.l96MC3.ms9y8K6sjeOrGl24bcPT3PL6a8dD6RP6qVW2aaHvS',	'register',	0,	'2025-06-04 08:22:01.632297+02',	'2025-06-04 08:24:01.632297+02',	't',	NULL),
(514,	'jay@qpxtra.com',	'$2b$10$VrGoDogqCxVOs4jcL0elTezR5X70BlhWVgrOJIqHwSv7lpknz/zJq',	'register',	0,	'2025-07-24 06:07:40.793316+02',	'2025-07-24 06:09:40.793316+02',	't',	NULL),
(515,	'ys3767809@gmail.com',	'$2b$10$8jvzW9yzVVOtkbd4EVzP7OC14cRVaIQGZDe71BAlqa.jSgZDMFXjq',	'register',	0,	'2025-07-24 09:04:51.674897+02',	'2025-07-24 09:06:51.674897+02',	't',	NULL),
(338,	'habibimultan81@gmail.com',	'$2b$10$Xc5J.pPD2qj99nZxTQMv5OukH0TxhBvdlqcWLTWUUKt4iSDo.Wmne',	'register',	0,	'2025-06-05 09:54:16.025234+02',	'2025-06-05 09:56:16.025234+02',	't',	NULL),
(339,	'angelmila1989@gmail.com',	'$2b$10$cwO1QsrklXrlNqX7artJlOdS66oOgdZ3JeUBShLgvofdvS20COI7.',	'register',	0,	'2025-06-05 10:28:37.578127+02',	'2025-06-05 10:30:37.578127+02',	't',	NULL),
(340,	'sevenjunedesk@gmail.com',	'$2b$10$isuP1H28scokZwjqzMckrOsjmFXOLSKuIjLF.z.dEG99X38I1WET.',	'register',	0,	'2025-06-07 10:26:54.716388+02',	'2025-06-07 10:28:54.716388+02',	't',	NULL),
(341,	'valeriecoldwell29@gmail.com',	'$2b$10$1Eq9TnrzXBmtvCFaQgk8Sezta5xKD9Ixyc7stqmGxpwU9Iy6dMx9O',	'register',	0,	'2025-06-07 10:50:17.239899+02',	'2025-06-07 10:52:17.239899+02',	't',	NULL),
(342,	'akhilagrawal107@gmail.com',	'$2b$10$w5q46WFSaPMXLET6JP/SO.Xo8vKzYWtBdCze1SxoqsHhNVtY2vC0u',	'register',	0,	'2025-06-07 14:40:12.93376+02',	'2025-06-07 14:42:12.93376+02',	't',	NULL),
(343,	'akhilagrawal107@gmail.com',	'$2b$10$x8XIh3Rb3/AxwY6mvr1O0OTcHuzOFFkSd72rmoLEkjTFAeO/qVlqy',	'register',	0,	'2025-06-07 14:41:57.429776+02',	'2025-06-07 14:43:57.429776+02',	't',	NULL),
(344,	'godiyarajni506@gmail.com',	'$2b$10$ZAujtcmkPU2AQFZV9iA31erOQ1dQfbs5367OgGrS1U32TfEROWvRS',	'register',	0,	'2025-06-08 16:07:32.043351+02',	'2025-06-08 16:09:32.043351+02',	't',	NULL),
(346,	'palashparui1100@gmail.com',	'$2b$10$96IWnJ1K6W37ZHx2UYFZsuG.tfUTl2yd2yhqerVjB3O1jFVq1CwCm',	'register',	0,	'2025-06-09 06:43:03.190147+02',	'2025-06-09 06:45:03.190147+02',	't',	NULL),
(347,	'kaharharsh305@gmail.com',	'$2b$10$Rf1KjUuQCRL9mj2JJnJOWuPqLHZBHCmYZC4bg7FJ96IdghzbJYz.S',	'register',	0,	'2025-06-09 07:27:29.378989+02',	'2025-06-09 07:29:29.378989+02',	't',	NULL),
(358,	'mj513099@gmail.com',	'$2b$10$GgWu9hdUyze0CGSwSqe39e5eJQKNQ6VrvwMgadMtUbKelq8jD4Z3e',	'register',	0,	'2025-06-12 10:21:59.306744+02',	'2025-06-12 10:23:59.306744+02',	't',	NULL),
(350,	'kaharharsh305@gmail.com',	'$2b$10$KTW3lszOoQiNkyjRYyfWqudW932UJgTNrTjGgF/l8SU99F0lJRCDy',	'register',	1,	'2025-06-09 07:32:14.816599+02',	'2025-06-09 07:34:14.816599+02',	'f',	NULL),
(351,	'xyzjjg@gmail.com',	'$2b$10$VRSRFFUiFgyZ0yvS6nFnEOpz6eh/caTmXObYcfTtAzOGcIMS.i7.m',	'register',	0,	'2025-06-09 08:12:47.775841+02',	'2025-06-09 08:14:47.775841+02',	'f',	NULL),
(376,	'patwasatyam43@gmail.com',	'$2b$10$FVv/qYoFhdc38MuttcjAxOzYka.ezmObmLP9Wq8DBRdLbzMmJuRZC',	'register',	0,	'2025-06-14 17:21:14.817379+02',	'2025-06-14 17:23:14.817379+02',	'f',	NULL),
(361,	'rajputalok6307@gmail.com',	'$2b$10$iBY9m.2575ZTGOjYIxfgtO5C1DME7dh2ZqpFlGgdCYulYjp1JEVSS',	'register',	0,	'2025-06-12 11:10:29.722072+02',	'2025-06-12 11:12:29.722072+02',	't',	NULL),
(354,	'akashjha800234@gmail.com',	'$2b$10$n2b13NVITbO63yqp/k4SOOFhEyQ.ak1X8QCN4TIihTCJcGkopE6ty',	'register',	0,	'2025-06-09 08:16:31.469045+02',	'2025-06-09 08:18:31.469045+02',	't',	NULL),
(355,	'golatamimi@gmail.com',	'$2b$10$uuz.ENrMxgqAh08C2tlPJOujs5BiLLQ2jc.vOzrn.7J.ck8oR5lxW',	'register',	0,	'2025-06-10 06:09:38.211154+02',	'2025-06-10 06:11:38.211154+02',	't',	NULL),
(356,	'sahab789032@gmail.com',	'$2b$10$too1GOblaZ1q7Pln5Tu3qepE557g/Yhf9P7T/fTjMOWL31CXlFHxy',	'register',	0,	'2025-06-10 06:26:14.790009+02',	'2025-06-10 06:28:14.790009+02',	't',	NULL),
(363,	'rajputalok6307@gmail.com',	'$2b$10$Dah0ycYDtGd2307B/mRyiO0wmWGv8hsDWT2llymO5Ldw29dJ4BqpG',	'register',	0,	'2025-06-12 11:11:59.442957+02',	'2025-06-12 11:13:59.442957+02',	't',	NULL),
(367,	'rajputalok6307@gmail.com',	'$2b$10$k1Br5S8xDhHW8GuySaBAu.sZO3AVZ1CD2O.Q1C0MD5EPN3IlFHe3O',	'register',	0,	'2025-06-12 14:09:18.817573+02',	'2025-06-12 14:11:18.817573+02',	't',	NULL),
(368,	'manjujaiswal316@gmail.com',	'$2b$10$Brbsq/7MNMO2JQq9pYobbOG1vu1DzjtYKp.455tTOyrRKzGg.iR1O',	'register',	0,	'2025-06-13 08:10:51.764232+02',	'2025-06-13 08:12:51.764232+02',	't',	NULL),
(369,	'galaxybook75@gmail.com',	'$2b$10$DcCPAyLwzR/e3owP2cw7C.p7W2v/dB6pQmuGv3JjPg1acoJiWH9Va',	'register',	0,	'2025-06-13 10:36:17.871758+02',	'2025-06-13 10:38:17.871758+02',	't',	NULL),
(370,	'manjujaiswal316@gmail.com',	'$2b$10$lZoDk0MaX4/.53MxOWfEReruiLLyg9XJJ7W1hUrgVtBr66u4HrHa2',	'register',	0,	'2025-06-14 07:38:31.837864+02',	'2025-06-14 07:40:31.837864+02',	't',	NULL),
(372,	'sj6260149@gmail.com',	'$2b$10$kWyA9c.azqoi2Dddpio7ZOBdTZwWYU913YmjXtBY2q0JXhgtNhXpK',	'register',	0,	'2025-06-14 16:38:25.29716+02',	'2025-06-14 16:40:25.29716+02',	't',	NULL),
(375,	'prasenjitmahants535@gmail.com',	'$2b$10$hNBAj1XTUtJgyuwBTVlQOe3nWTREIpJl532hVyfxXDcLSlwpyn0u6',	'register',	0,	'2025-06-14 17:19:38.517175+02',	'2025-06-14 17:21:38.517175+02',	'f',	NULL),
(378,	'rohanprajapati01012005@gmail.com',	'$2b$10$60Hv2W2/YxZz69kxV8j.1OINsdh5dwBjcl06BXsHtzzE6.n1wAdey',	'register',	0,	'2025-06-14 17:29:44.345983+02',	'2025-06-14 17:31:44.345983+02',	'f',	NULL),
(379,	'rajputalok6307@gmail.com',	'$2b$10$uKjM1nCaR15B5ujdB8KTZeJEHjkG5aQNiwZEyd2AzqzioQqdn3xsy',	'register',	0,	'2025-06-15 02:27:43.44552+02',	'2025-06-15 02:29:43.44552+02',	't',	NULL),
(380,	'sj6260149@gmail.com',	'$2b$10$V4LY8FNwyIfp8K1CnSpE6u0tt9S9QNpS7mVHRB1.o.Cd8ZerGq.wO',	'register',	0,	'2025-06-15 04:18:16.807815+02',	'2025-06-15 04:20:16.807815+02',	't',	NULL),
(382,	'rajputalok6307@gmail.com',	'$2b$10$ewRHB/fdAhqcXZtJCMK7xum95I3EULHc3g71qWPZdqhtJ.4UZI0ya',	'register',	0,	'2025-06-15 04:41:39.945065+02',	'2025-06-15 04:43:39.945065+02',	't',	NULL),
(395,	'khushalhaider74@gmail.com',	'$2b$10$itowgyAod3GZyJNRRSnOKOPhB1g0kcBYOX8rWhlSpExzKgTd7VwoO',	'register',	0,	'2025-06-15 16:39:07.338053+02',	'2025-06-15 16:41:07.338053+02',	't',	NULL),
(389,	'rajputalok6307@gmail.com',	'$2b$10$SfUvVuo0K13pF8zKuuto/OBg0WEVIQPuZ/Yzo3xO2X3gRmkoGLU7S',	'register',	0,	'2025-06-15 05:56:12.188464+02',	'2025-06-15 05:58:12.188464+02',	't',	NULL),
(391,	'solankiashishsinh123@gmail.com',	'$2b$10$49B0ydvGawTJAEpgqTaneeFiEhNNBjfjrQVSNIbSVrEr6BGWOVUda',	'register',	0,	'2025-06-15 15:20:49.713578+02',	'2025-06-15 15:22:49.713578+02',	't',	NULL),
(396,	'johnysharma4415@gmail.com',	'$2b$10$vunWKgjMgRqmFcQfPm4xu.smfSbiSvqUU6asS.zkHaUZux21NVfpa',	'register',	0,	'2025-06-16 09:52:26.292649+02',	'2025-06-16 09:54:26.292649+02',	't',	NULL),
(397,	'sonukrm625@gmail.com',	'$2b$10$lvH9nEzJOxCAWFBeLQQmU.MV3ndCJI.aj/N/6H1FkNbLYdkZ1X3uG',	'register',	0,	'2025-06-16 13:52:33.023455+02',	'2025-06-16 13:54:33.023455+02',	't',	NULL),
(400,	'alexalexov8881@gmail.com',	'$2b$10$YMaSqY5khMmDSnQch4fjG.FzZIkfhgj/yk4b5xMN.6wm6bnq.GHDi',	'register',	0,	'2025-06-17 01:11:13.381847+02',	'2025-06-17 01:13:13.381847+02',	't',	NULL),
(399,	'hostingmella@gmail.com',	'$2b$10$js6AwGiDEhuI6UXyNMratu5jfONxLGvyx5V0pjTtfb0/Ptr93o0o2',	'register',	1,	'2025-06-16 14:55:22.609375+02',	'2025-06-16 14:57:22.609375+02',	't',	NULL),
(401,	'alexalexov8881@gmail.com',	'$2b$10$CJAA7rZFUVtyrLzWea0T8Own3QwOaz5FnZT33Ktqygn0o5JgpePQK',	'register',	0,	'2025-06-17 01:13:51.723344+02',	'2025-06-17 01:15:51.723344+02',	't',	NULL),
(402,	'rakeshjais2006@gmail.com',	'$2b$10$3FgPWP/avbRKiCcc0PsKaOSofTMNQPHRIPNwd.UiDU2zj17JdlTpK',	'register',	0,	'2025-06-17 07:35:49.023498+02',	'2025-06-17 07:37:49.023498+02',	't',	NULL),
(403,	'business.frontlinelights@gmail.com',	'$2b$10$FZUpzIhZEEzcIl3/y3lw4.WphClvAVzxoL8TBr1fIJPsiTcT/znDC',	'register',	0,	'2025-06-17 12:55:31.361498+02',	'2025-06-17 12:57:31.361498+02',	'f',	NULL),
(404,	'business.stackgames@gmail.com',	'$2b$10$ZhkfyP11HX6AI7v4.8dykuMDbd2rcxC/uQyDJXUWkwOVxUoSKH82y',	'register',	0,	'2025-06-17 12:57:03.181765+02',	'2025-06-17 12:59:03.181765+02',	't',	NULL),
(405,	'manjokumar533@gmail.com',	'$2b$10$4qBmVJGoj7kxMsTzc34WFO/C9R4jYhVwCdDVI3SZIl70YhsYj4fqi',	'register',	0,	'2025-06-18 12:45:19.427162+02',	'2025-06-18 12:47:19.427162+02',	't',	NULL),
(406,	'nikunj.shah409@gmail.com',	'$2b$10$X4X.lydCCyh6S3kP1lJCHeKx9loMfkc02oMINyLfIIPk7IvUG2vfe',	'register',	0,	'2025-06-18 17:51:26.196026+02',	'2025-06-18 17:53:26.196026+02',	't',	NULL),
(407,	'npshah81094@icloud.com',	'$2b$10$GFAzvH6CTZlZeQ7c20A5Ie8d/VyE8J/8040JSDHaPVPSLCF1PWEDu',	'register',	0,	'2025-06-18 18:04:09.063444+02',	'2025-06-18 18:06:09.063444+02',	't',	NULL),
(409,	'abc99000@gmail.com',	'$2b$10$aqGTUedKoHHyyNbtgQPz/uRVeUYdP.44qH1ni1LUj2CHwMa47fVQe',	'register',	0,	'2025-06-18 18:13:02.036828+02',	'2025-06-18 18:15:02.036828+02',	'f',	NULL),
(410,	'Wajidmaqsood27@gmail.com',	'$2b$10$3tVr67W8rqBiicfjCA8P2OWVmlEaPIFg8JfhTOCddhdICNI3oEJ4q',	'register',	0,	'2025-06-18 18:13:30.746871+02',	'2025-06-18 18:15:30.746871+02',	't',	NULL),
(412,	'manjujaiswal316@gmail.com',	'$2b$10$8lw7FPqK4Sg1GHxGMlqmzu50e2kt/W8e0KWe31cWrnK80g9Lg.h8y',	'register',	0,	'2025-06-19 11:40:56.686766+02',	'2025-06-19 11:42:56.686766+02',	't',	NULL),
(413,	'manjujaiswal316@gmail.com',	'$2b$10$/8UEp41lK3nqRqng3b/6veFQLcNZR8Fx4r2M4ggHFn7nXiVya8rGe',	'register',	0,	'2025-06-19 11:54:21.966436+02',	'2025-06-19 11:56:21.966436+02',	't',	NULL),
(414,	'gazdapl94@gmail.com',	'$2b$10$RTsb/V4UgNaC8xgDcW93GOn/7.HRRTlmprNQWcbeK9T1KzyMrBL82',	'register',	0,	'2025-06-21 01:05:37.154231+02',	'2025-06-21 01:07:37.154231+02',	't',	NULL),
(417,	'lukedaw1874@gmail.com',	'$2b$10$AdVXc9L/al4pBDkbw3kn.uHcjzgeSmUCU9OsPhIqYd8vQhoA9T46u',	'register',	0,	'2025-06-21 04:57:29.191081+02',	'2025-06-21 04:59:29.191081+02',	't',	NULL),
(418,	'rakesh096000@gmail.com',	'$2b$10$5LB1fH7ysb92Lx0cwFkYheiHlPwUiUHN25MYMeQU5pAxQsGiEWfMq',	'register',	0,	'2025-06-21 13:49:07.706948+02',	'2025-06-21 13:51:07.706948+02',	't',	NULL),
(419,	'metijumila@gmail.com',	'$2b$10$W0Fvff.eCrpdync3Alr7z./gaTBvZepsRweD0rTJVLYpzzM85xaRq',	'register',	0,	'2025-06-22 04:05:42.478942+02',	'2025-06-22 04:07:42.478942+02',	't',	NULL),
(420,	'astar129519@gmail.com',	'$2b$10$o/Ghi8H/6O9Hl9d4zlPJgusuDIU1QDgxSdY18161Ad1kpDW80LoJC',	'register',	0,	'2025-06-22 05:24:45.991888+02',	'2025-06-22 05:26:45.991888+02',	't',	NULL),
(422,	'vivekjaiswal761999@gmail.com',	'$2b$10$bn5Q76YSVaP7FxKoH5zsIORqJTItB9jW1hcLfPptmczVrVoFQ5XvO',	'register',	0,	'2025-06-22 08:31:25.605599+02',	'2025-06-22 08:33:25.605599+02',	't',	NULL),
(423,	'vivekjaiswal761999@gmail.com',	'$2b$10$6Rtku2z8n6FXvJQH6oygaOsGTt02VnYHLK5MACEtomVKohEoHqueG',	'register',	1,	'2025-06-22 08:48:34.783313+02',	'2025-06-22 08:50:34.783313+02',	't',	NULL),
(426,	'vivekjaiswal761999@gmail.com',	'$2b$10$/33xX/YScliMsRGTXNAwEutq48KCGJhORj.F4PyjuF0NRwZs7Kcz6',	'register',	0,	'2025-06-22 08:58:59.986496+02',	'2025-06-22 09:00:59.986496+02',	't',	NULL),
(427,	'ensleydonald1987@gmail.com',	'$2b$10$/FIE9QG9tpbVTMHu8dSkf.6O8kunRipcexJuotSP3hIstIYqcAoAi',	'register',	0,	'2025-06-23 22:32:05.904329+02',	'2025-06-23 22:34:05.904329+02',	't',	NULL),
(429,	'skkumaryadavyd@gmail.com',	'$2b$10$ni7mVviCor8DANqu89FqU.M7KxHy.zWMYq.KOh0tir82j1mIjc9zm',	'register',	0,	'2025-06-24 07:04:21.144492+02',	'2025-06-24 07:06:21.144492+02',	'f',	NULL),
(430,	'skkumaryadavindia@gmail.com',	'$2b$10$Cfmv.8/WNmR/vwxSnjLUQeSW9/Ln4hW3gsJkSRld0eSYdEQQkExnu',	'register',	0,	'2025-06-24 07:06:44.69807+02',	'2025-06-24 07:08:44.69807+02',	't',	NULL),
(451,	'testchance12@yopmail.com',	'$2b$10$DXw9Bo.ur2OcBSDFwQPo.etGiQicvwQJVSMKB9F2qvhRAf3C.k4nC',	'register',	1,	'2025-07-02 11:37:30.088943+02',	'2025-07-02 11:39:30.088943+02',	't',	NULL),
(432,	'Ajeetjaiswal300@gmail.com',	'$2b$10$BaF.25aYXCDVf2yLo97eIOW3ozzE4ISbGbOZDuIq7.GHlGpgkBEuG',	'register',	2,	'2025-06-24 07:11:42.477821+02',	'2025-06-24 07:13:42.477821+02',	't',	NULL),
(433,	'gumiwiloni@gmail.com',	'$2b$10$xWXSfRvtj9oEnzaaj.sGeuxJrXqaOorl5jdQ9x45Wn.3CRFRaK1IC',	'register',	0,	'2025-06-24 08:43:49.903849+02',	'2025-06-24 08:45:49.903849+02',	't',	NULL),
(439,	'mj513099@gmail.com',	'$2b$10$7aVJlL1Sv8aVC9GDd7ANiOIldMc6M5U/KUaPjeLwKcAYiBHGj4/py',	'register',	1,	'2025-06-25 07:37:16.442427+02',	'2025-06-25 07:39:16.442427+02',	't',	NULL),
(441,	'Udayhema3932@gmail.com',	'$2b$10$io7AoF4iUW9h.WfBUTWJX.MBVKQOXEp4bgX.bcl5iH6wRQY01XQ2S',	'register',	0,	'2025-06-26 13:04:16.162397+02',	'2025-06-26 13:06:16.162397+02',	't',	NULL),
(442,	'harnettkevin473@gmail.com',	'$2b$10$LAx3I3gV4o7g8yB8.3m3kuX3UknX2qMruEWWP2AQl6UmDXNEZMfPa',	'register',	0,	'2025-06-27 03:37:15.935335+02',	'2025-06-27 03:39:15.935335+02',	't',	NULL),
(444,	'vivekjaiswal2008@gmail.com',	'$2b$10$ORHfjJ9HjS7wlek3NcfLU.mnHba5YoTXDDR2SuJDynn99sM.pbNY.',	'register',	0,	'2025-06-27 16:52:22.208012+02',	'2025-06-27 16:54:22.208012+02',	'f',	NULL),
(445,	'vivekjaiswal761999@gmail.com',	'$2b$10$U6CzhM9fIaevYjG3RIumyOCcc8uxT/HiSbm45jniZ8W5z.1HIOD12',	'register',	0,	'2025-06-27 16:55:57.880013+02',	'2025-06-27 16:57:57.880013+02',	't',	NULL),
(446,	'Ajeetjaiswal300@gmail.com',	'$2b$10$ETaPR0OEmSRG6tN1N4ikHeuEk8Wygy5i.gq2A8joeMz13JD5h9jla',	'register',	0,	'2025-06-29 13:51:05.24185+02',	'2025-06-29 13:53:05.24185+02',	't',	NULL),
(447,	'GOODEQUINTERRUS@GMAIL.COM',	'$2b$10$9T9b64KNUblZQ/u4vpdGhuAMZIi9VMExuuKMgndL0gnKRmL6xyGBe',	'register',	0,	'2025-06-30 23:31:24.224245+02',	'2025-06-30 23:33:24.224245+02',	't',	NULL),
(448,	'testchance@yopmail.com',	'$2b$10$H1F1bNx3.H1uCGkl4RIkcuSLaMCk6MlAF.kLxjQ/iPo5ArVO6bZMy',	'register',	0,	'2025-07-01 13:39:35.311932+02',	'2025-07-01 13:41:35.311932+02',	't',	NULL),
(449,	'alexalexov8881@gmail.com',	'$2b$10$zkKQ.jenc3tAy9y9VohGG.L1jnaVJqCaEb8cqdHVxb3WiMRMTU9P.',	'register',	0,	'2025-07-01 18:11:15.914144+02',	'2025-07-01 18:13:15.914144+02',	't',	NULL),
(452,	'saurabhgodarasm@gmail.com',	'$2b$10$HgQ9p7gNZqAZ3m7txYTs0OUHO9qGT7tL/YA1GA2BUuHVDzmapH7eK',	'register',	0,	'2025-07-03 20:05:29.951282+02',	'2025-07-03 20:07:29.951282+02',	't',	NULL),
(453,	'rr5211930@gmail.com',	'$2b$10$TNFap83UqqrX27zgFmmm/.fpfA0AwUNf8UA4/xkJMpLIWmqFx3e/q',	'register',	0,	'2025-07-04 09:11:22.067056+02',	'2025-07-04 09:13:22.067056+02',	't',	NULL),
(455,	'rohit@adclickmedianetwork.com',	'$2b$10$mgtMfKy0w7HtGM5i5F4iMODBB8qXT7UCJeXbXIXiabFVMF0V.SYT.',	'register',	0,	'2025-07-04 12:22:52.780952+02',	'2025-07-04 12:24:52.780952+02',	'f',	NULL),
(456,	'Harshit5200@gmail.com',	'$2b$10$0PLpUO4dO6KrPoyaAGxRs.fYduf9MEymCuGDXVJ/3JvvgO.YHOXJm',	'register',	0,	'2025-07-05 10:12:38.305229+02',	'2025-07-05 10:14:38.305229+02',	't',	NULL),
(459,	'ranakashif0316416@gmail.com',	'$2b$10$GS/c5k8RNJezbItcFV.H9OpW3AwefFsG.w6ScDh5AIbRdAcZbNOQS',	'register',	1,	'2025-07-05 14:56:20.0797+02',	'2025-07-05 14:58:20.0797+02',	't',	NULL),
(461,	'jaiswalajit931@gmail.com',	'$2b$10$K6uh.kZZNeejOx0c/32Ste9uM8UvM8MSIRN.MJ6UJS1A7bHMkjlBm',	'register',	0,	'2025-07-06 07:53:32.778994+02',	'2025-07-06 07:55:32.778994+02',	't',	NULL),
(463,	'ys3767809@gmail.com',	'$2b$10$G57NgeZyGVBmw.c9jo.44./slYC7iNwI7nMaBe/oDcQZfZMRPOveC',	'register',	0,	'2025-07-06 16:36:14.381984+02',	'2025-07-06 16:38:14.381984+02',	't',	NULL),
(464,	'ys3767809@gmail.com',	'$2b$10$J08Op42IH82X/MhCZKvgY.cEFQqV3sXhWH.LPyRTjiU8xjn/edQKu',	'register',	2,	'2025-07-06 16:39:41.656575+02',	'2025-07-06 16:41:41.656575+02',	't',	NULL),
(465,	'sakhani@live.com',	'$2b$10$Vay4BDjlx0AyGdN.NPTo4OADsqc87qYXbyOr8qaNYbZToAmYJZOBO',	'register',	0,	'2025-07-07 11:15:11.803543+02',	'2025-07-07 11:17:11.803543+02',	't',	NULL),
(468,	'jatin.verma81@gmail.com',	'$2b$10$GFpOZRrOESSlXD2ZTE5a3.q/afIXiDOtQ0X/pFxq6F8GovKZShvH.',	'register',	0,	'2025-07-07 14:49:45.430711+02',	'2025-07-07 14:51:45.430711+02',	't',	NULL),
(469,	'kevinsohkevin@gmail.com',	'$2b$10$wnBXl/mHfUJVPeuHTgFRYeXs9tWTmV5HyGPz8QNccW5lrZY43J.1C',	'register',	0,	'2025-07-09 10:22:14.179317+02',	'2025-07-09 10:24:14.179317+02',	't',	NULL),
(470,	'tayyabaltaf881@gmail.com',	'$2b$10$RyNxAk.FHBx8ojeEAlbgTOiOoCZFtVYlK1e2VbiM5tXxtYo/AyZC6',	'register',	0,	'2025-07-11 09:46:50.729033+02',	'2025-07-11 09:48:50.729033+02',	't',	NULL),
(472,	'demo6777@gmail.com',	'$2b$10$kmS.E82z6SNV5g0cqlfyr.1k8YJKWK5rduvIG7LJjgh69ycRTEO0q',	'register',	0,	'2025-07-13 09:06:27.866091+02',	'2025-07-13 09:08:27.866091+02',	'f',	NULL),
(473,	'rr3267211@gmail.com',	'$2b$10$nyP8hP4MTtsf7iBGgmfSgOjnMYYef5nCzCOO5GnjNkU8DAE4yvdrq',	'register',	0,	'2025-07-13 15:27:15.474747+02',	'2025-07-13 15:29:15.474747+02',	't',	NULL),
(484,	'asimakter416@gmail.com',	'$2b$10$7NqWU677Wz8d9LCrQxIELueFYUNGD/hROLRfvwnDjKhLmtLtLHu4q',	'register',	3,	'2025-07-13 19:20:29.389828+02',	'2025-07-13 19:22:29.389828+02',	'f',	NULL),
(485,	'salvinrai24@gmail.com',	'$2b$10$oEZc.HrhgHSpfcGqR7YncOTs/nNRoNgk6UquABVA/KT2iHUNZYRF2',	'register',	0,	'2025-07-15 08:28:45.496341+02',	'2025-07-15 08:30:45.496341+02',	'f',	NULL),
(488,	'test1@gmail.com',	'$2b$10$Yu9tKI0MldGYxAQ9IS1zOuII81fg/RhSZj3ubLNwa2xmlv1VlX5iW',	'register',	0,	'2025-07-15 08:54:48.25313+02',	'2025-07-15 08:56:48.25313+02',	'f',	NULL),
(489,	'DUANEASHLEY72@GMAIL.COM',	'$2b$10$Bd3gNmxnzrimMW9FN9OkHeM0SJll8JRjjX4CBsjOsUfX6tpSHc6ki',	'register',	1,	'2025-07-15 11:20:16.890134+02',	'2025-07-15 11:22:16.890134+02',	't',	NULL),
(490,	'loyuaiden@gmail.com',	'$2b$10$0yjGoZXs37YJM1cTVEP7jO.u19ntHjtZ.jKqZupsGNhvfMz8Xd/0m',	'register',	0,	'2025-07-15 11:41:47.26873+02',	'2025-07-15 11:43:47.26873+02',	't',	NULL),
(491,	'sk2806579@gmail.com',	'$2b$10$QkVF44q/DNbfFQ6piRUaN.X5xXicjiWBRQPCvNXnXtENAc1.57wC2',	'register',	0,	'2025-07-16 01:18:26.581219+02',	'2025-07-16 01:20:26.581219+02',	't',	NULL),
(493,	'laptop787@icloud.com',	'$2b$10$OALm7Qy7KUVPgynJ2IfznOzBuVehKj9gD0r0ZReHt31EL0jfTnDZG',	'register',	0,	'2025-07-16 15:39:28.96986+02',	'2025-07-16 15:41:28.96986+02',	't',	NULL),
(494,	'Ajeetjaiswal300@gmail.com',	'$2b$10$xUZ.OQwA6VNb/1irb8J94uhJIBaNwaEvm5Wvwj1uSrQBGfGVRxvEK',	'register',	0,	'2025-07-16 15:57:08.878152+02',	'2025-07-16 15:59:08.878152+02',	't',	NULL),
(495,	'test1@mail.com',	'$2b$10$tO2kLpnfky7T55Wl8Mvvu.TNON7WQgzrvKA1dOY75OlY6V0lO8fmi',	'register',	0,	'2025-07-17 09:32:03.39341+02',	'2025-07-17 09:34:03.39341+02',	'f',	NULL),
(496,	'pallokesh495+bitcoinjito@gmail.com',	'$2b$10$GxRS43ZC0Ma0yiaNlOly4.VAGug8ChcHILboIf542yx0QMvDs6GHu',	'register',	0,	'2025-07-17 09:35:00.717945+02',	'2025-07-17 09:37:00.717945+02',	't',	NULL),
(497,	'pallokesh495+bitcoinjito@gmail.com',	'$2b$10$uYJf/v6HqLoCe0mpQUYBRegbJMbQFmqLhho1ebEuD5QD4xqcvY33i',	'register',	0,	'2025-07-17 09:53:51.967458+02',	'2025-07-17 09:55:51.967458+02',	't',	NULL),
(498,	'pallokesh495+bitcoin@gmail.com',	'$2b$10$KGHIWIeInQAekIja17gliexvTlyW1sF1JplmrKGe.8yB8Cb57H4J2',	'register',	0,	'2025-07-17 10:00:00.403901+02',	'2025-07-17 10:02:00.403901+02',	't',	NULL),
(499,	'pallokesh495+bitcoin@gmail.com',	'$2b$10$xgUjs8ABbzFrS/c/P8fCX.064oay8AWDaba6HDa6zjD2GnYxlcRrm',	'register',	0,	'2025-07-17 10:06:10.488838+02',	'2025-07-17 10:08:10.488838+02',	't',	NULL),
(500,	'pallokesh495+bitcoin@gmail.com',	'$2b$10$v0VTiOz8fBy7TfsO1kcBLOFmUzRFhLLWmfmHQI6AutQkY64LKO5ZG',	'register',	0,	'2025-07-17 10:13:52.657952+02',	'2025-07-17 10:15:52.657952+02',	't',	NULL),
(837,	'farahpleased@starmail.net',	'$2b$10$0MP5nyRFfdAVFwiS0eIGjuXzNSrIJcHoGPQUrE50rqTqDFzTG53tm',	'register',	0,	'2025-11-19 10:40:44.500642+01',	'2025-11-19 10:42:44.500642+01',	'f',	NULL),
(501,	'pallokesh495+bitcoin2@gmail.com',	'$2b$10$icQvXgzUKlupwyDJ4mlXy.WAYMsXPadse4dqiz2xRQU1lOjl1vPyW',	'register',	1,	'2025-07-17 10:18:09.116246+02',	'2025-07-17 10:20:09.116246+02',	't',	NULL),
(518,	'sona227880@gmail.com',	'$2b$10$cLhdNiCUcPqPPprDixRgH.n6OrcOUpM2rZ1D4YfZaAA2qrNr81zja',	'register',	0,	'2025-07-24 13:59:07.960206+02',	'2025-07-24 14:01:07.960206+02',	't',	NULL),
(504,	'sherwoodbradley73@gmail.com',	'$2b$10$7fGFAPzQokR3iZEp.sE/F.1viIqTcCObqb0c9zflqEIEVTNJv.uMi',	'register',	0,	'2025-07-18 01:23:17.893385+02',	'2025-07-18 01:25:17.893385+02',	't',	NULL),
(505,	'techsikhh@gmail.com',	'$2b$10$r.X1w1MQLN1Nn0M0xP4rHuXlHiFz0Dj2MU8gVuA.tcQaAWWEafCdm',	'register',	0,	'2025-07-18 06:43:36.963645+02',	'2025-07-18 06:45:36.963645+02',	't',	NULL),
(506,	'muhaali502@gmail.com',	'$2b$10$Sg7r3ZkHl766qEcdEdTzJ.NswfGY8j/Lct0A.Qqwmv74os5JjRXvy',	'register',	0,	'2025-07-18 08:42:12.914133+02',	'2025-07-18 08:44:12.914133+02',	't',	NULL),
(507,	'raojima987@gmail.com',	'$2b$10$wLjbIQCdCpRxvdeW4YpsTOlPz.R1g/Oc86JDnflxc.ER/6xVGwPey',	'register',	0,	'2025-07-18 09:54:53.297321+02',	'2025-07-18 09:56:53.297321+02',	't',	NULL),
(508,	'sahab789032@gmail.com',	'$2b$10$bjnOkX6mxDP.cY4rh2e0GONwiHwTqyTw3BFovUZ3W6VdlHbQKZLH.',	'register',	0,	'2025-07-18 10:10:07.163142+02',	'2025-07-18 10:12:07.163142+02',	't',	NULL),
(510,	'rajvanshr75@gmail.com',	'$2b$10$CuouOaCy/D2Nt1Via3r9AOQFvIKJnHIDFcqEqfdfcWVViJ1Y2Jl3G',	'register',	0,	'2025-07-20 21:24:57.329609+02',	'2025-07-20 21:26:57.329609+02',	't',	NULL),
(532,	'princemansuriya@gmail.com',	'$2b$10$33RtR6QMgiceK36g0UaGvu8iZBYYDQKfcrZJwetETH0kVFzfPqmWS',	'register',	1,	'2025-08-04 20:03:01.515074+02',	'2025-08-04 20:05:01.515074+02',	't',	NULL),
(522,	'ogbeimole079@gmail.com',	'$2b$10$2y4NOpus0K1ocKMn/UvKoOccW6kS2Jw9cf9YH6UuE8LIO0RAbkreG',	'register',	0,	'2025-07-26 14:30:45.800097+02',	'2025-07-26 14:32:45.800097+02',	't',	NULL),
(523,	'jay@qpxtra.com',	'$2b$10$ukR39WAcBhOVIanKuWCxIuDEcqtUUCXsDNrq5IKC9WkRxgcB.VFSW',	'register',	0,	'2025-07-28 06:49:27.810606+02',	'2025-07-28 06:51:27.810606+02',	't',	NULL),
(524,	'ogbeimole079@gmail.com',	'$2b$10$bj8uofU/zS8VUM0EzYRC..bIcwgLaJe8gbwdZI.8R6BjeAhUlq5xi',	'register',	0,	'2025-07-28 18:10:25.877117+02',	'2025-07-28 18:12:25.877117+02',	't',	NULL),
(525,	'marcopugliese22@outlook.com',	'$2b$10$TaaymwdMvzZqfojGJd8lT.7B3.tM3Vo2oO1IQwYup8xFEGkEDtOLK',	'register',	0,	'2025-07-28 18:30:27.161743+02',	'2025-07-28 18:32:27.161743+02',	't',	NULL),
(526,	'jeetinder.singh.87@gmail.com',	'$2b$10$GHHBwApY1UvyF25BqKE3L.wLxi4prLwPYDrCg.cPWgqQo7KGELV/W',	'register',	0,	'2025-07-29 09:27:52.741894+02',	'2025-07-29 09:29:52.741894+02',	't',	NULL),
(527,	'jay@qpxtra.com',	'$2b$10$97vJhv3uAbOgLTjaw9HwbOaHEWh.8BvsIgNXkrmw5m6e/SNkums0G',	'register',	0,	'2025-07-29 09:38:30.455449+02',	'2025-07-29 09:40:30.455449+02',	't',	NULL),
(529,	'alizavohra02@gmail.com',	'$2b$10$YwIU2dsTkiIKI0tBeVJVTuqqe7hypgPLWsizdNXpJHZijABHxwIBG',	'register',	0,	'2025-07-29 09:46:26.90286+02',	'2025-07-29 09:48:26.90286+02',	't',	NULL),
(530,	'arvindgupta1717@gmail.com',	'$2b$10$2NW9yD5IVhg766S/S6BlTeHUq2mLP9Pifv0rxG9yn3cZHrw6.WPaO',	'register',	0,	'2025-08-04 19:44:15.54322+02',	'2025-08-04 19:46:15.54322+02',	't',	NULL),
(531,	'arvindgupta1717@gmail.com',	'$2b$10$LUR2HFOnGzlZUu5VtHV2jend04Mr0I9rUpehDo4VFSjEM2.TJaHiW',	'register',	0,	'2025-08-04 19:46:41.699944+02',	'2025-08-04 19:48:41.699944+02',	't',	NULL),
(534,	'pallokesh495+bjtest@gmail.com',	'$2b$10$K.NOYLx.gTk0rc7kuNhN7O/xsopeXZRkEecm4S47hdv8d3ZbJqyw2',	'register',	0,	'2025-08-08 10:36:36.860129+02',	'2025-08-08 10:38:36.860129+02',	't',	NULL),
(535,	'pallokesh555@gmail.com',	'$2b$10$qRW/0sNVISYXxAN9T74syOmp6DSbTkCy7rZCa/HyLCbGzP3SBMqHq',	'register',	0,	'2025-08-08 10:38:15.982575+02',	'2025-08-08 10:40:15.982575+02',	't',	NULL),
(542,	'bikram131421@gmail.com',	'$2b$10$efPBDpJfXDSjU.ygMdZHH.clKxfVo4R2ETDCzYWQP1rVy6g2Xfpny',	'register',	0,	'2025-08-15 20:35:43.130464+02',	'2025-08-15 20:37:43.130464+02',	't',	NULL),
(543,	'hello@gmail.com',	'$2b$10$fjjUq86tORROfJ1p1A5Q8e0rQLQz2KWC9o6wtChexmrI5S8.8v1JK',	'register',	0,	'2025-08-15 21:20:26.5992+02',	'2025-08-15 21:22:26.5992+02',	'f',	NULL),
(536,	'pallokesh555+bj@gmail.com',	'$2b$10$qdcW.ECEDDCETh6w2HVcm.8XAwtSIkForFjEaJuQhZgU187BCCboW',	'register',	2,	'2025-08-08 11:11:02.503303+02',	'2025-08-08 11:13:02.503303+02',	't',	NULL),
(537,	'karanbhawnaniwork@gmail.com',	'$2b$10$UCY055s4rJeaKX3Rk3U9beNN6zSqVS9YFXbgt09tH3NbXiSauFMG6',	'register',	0,	'2025-08-09 13:18:34.588777+02',	'2025-08-09 13:20:34.588777+02',	't',	NULL),
(540,	'bikram131421@gmail.com',	'$2b$10$yhsRb.8nxwJnfvqepN77.eybF0N7upD8uLGft/NRayZk1KbD5jLze',	'register',	0,	'2025-08-15 13:47:54.135925+02',	'2025-08-15 13:49:54.135925+02',	't',	NULL),
(541,	'bikram131421@gmail.com',	'$2b$10$wH4l6/cJ/utr1fD7vadZIO.6eceZuFbSjXCq6/CQ2SkFHR/xPvCV6',	'register',	0,	'2025-08-15 13:50:31.775995+02',	'2025-08-15 13:52:31.775995+02',	't',	NULL),
(544,	'oisytasnim@gmail.com',	'$2b$10$YFvtfM44pZzdhHBTtwXK7ujao7sC4WVlyxQa.RQ8ADwxGCNhurGpa',	'register',	0,	'2025-08-15 21:20:59.002382+02',	'2025-08-15 21:22:59.002382+02',	't',	NULL),
(545,	'rubel@gmail.com',	'$2b$10$Uuycc8GRG6gR91nOU9r2Xuhw2WapBO9fr2ciMr9rcDKhzcTKZE6AG',	'register',	0,	'2025-08-15 23:16:57.197783+02',	'2025-08-15 23:18:57.197783+02',	'f',	NULL),
(546,	'bikram131421@gmail.com',	'$2b$10$x3qxezx2xvVBDRNyWAQRGe7mKVFyinx50nrRTkLGvwDqnHTPUQ0Lu',	'register',	0,	'2025-08-16 09:50:30.844319+02',	'2025-08-16 09:52:30.844319+02',	't',	NULL),
(547,	'bikram131421@gmail.com',	'$2b$10$lqdYzgVZps6yQBzF00PH/uuolWDL5.3FbB5Y1r/vMhTc6JwZH7kAy',	'register',	0,	'2025-08-17 10:46:34.948556+02',	'2025-08-17 10:48:34.948556+02',	't',	NULL),
(552,	'rutvilshah1995@gmail.com',	'$2b$10$kkoixpWiw/0smX3DaJDUGOw524Ih39J6tFs5X7WZ8EZFbl1qrQv7G',	'register',	0,	'2025-08-18 12:15:13.52665+02',	'2025-08-18 12:17:13.52665+02',	'f',	NULL),
(553,	'sk2806579@gmail.com',	'$2b$10$7gt5uiCifJUc0eVyK0FMWuqYsfGAQiL2Lx7k9Tts.AAOSrIaKK6ke',	'register',	0,	'2025-08-18 12:16:33.855676+02',	'2025-08-18 12:18:33.855676+02',	't',	NULL),
(555,	'bikram131421@gmail.com',	'$2b$10$LgwtXdesjATTxpOMsYkj9uw75Vtl0wELPjY503fxjXGD1gOhcmp7K',	'register',	1,	'2025-08-18 15:32:17.70477+02',	'2025-08-18 15:34:17.70477+02',	't',	NULL),
(556,	'charlescanon4@gmail.com',	'$2b$10$ukbsA5nJe1DUHXApDolOku7kY0omOomefxyIk5LSFHDcFlNJ7AKaG',	'register',	0,	'2025-08-18 23:44:05.80498+02',	'2025-08-18 23:46:05.80498+02',	't',	NULL),
(557,	'other.yuka@gmail.com',	'$2b$10$0E1TSOkfGgcGFIyoKRsSAumsBFBN9DiKhs0pTMpzB/TLzVMu3nRWy',	'register',	0,	'2025-08-19 05:34:21.894803+02',	'2025-08-19 05:36:21.894803+02',	't',	NULL),
(558,	'testmac@gmail.com',	'$2b$10$xcn7GRWaLfB/0uQEIPwvBOo3k7MAhLGVLfvxD0ZKGQH3eNxhSWGyW',	'register',	0,	'2025-08-19 10:47:21.577822+02',	'2025-08-19 10:49:21.577822+02',	'f',	NULL),
(559,	'salvinrai2411@gmail.com',	'$2b$10$ZIy4ZL7et6NSvDV9wvI3C.3y6GQ.9v2MITkk.M.QlczNntBPLk/YW',	'register',	0,	'2025-08-19 10:48:55.350653+02',	'2025-08-19 10:50:55.350653+02',	't',	NULL),
(560,	'salvinrai2411@gmail.com',	'$2b$10$E7pPHl2qCSxxAZzjYpxX.uJZqOykrYYfGe640NqMhyhxacN/ZxLqG',	'register',	0,	'2025-08-19 20:58:37.143936+02',	'2025-08-19 21:00:37.143936+02',	't',	NULL),
(561,	'merewairita7@gmail.com',	'$2b$10$i4i4nTBLrBavqiAIEbv9w.NBoYpXd/J3cNQ/Tim.5uErbooCDlvY6',	'register',	0,	'2025-08-21 01:15:38.165174+02',	'2025-08-21 01:17:38.165174+02',	't',	NULL),
(562,	'bikram131421@gmail.com',	'$2b$10$F9PehqGBdBeZRJPcYMqboOusKQZT7CRrxcuWeAs8dQVJW/nkJVB8e',	'register',	0,	'2025-08-23 11:48:36.892809+02',	'2025-08-23 11:50:36.892809+02',	't',	NULL),
(563,	'shariphasmm@gmail.com',	'$2b$10$6t46xzCN2ALMNfsyjnspYeWDDsXJv5LKfkuVGPjO2inAWZo6djRUm',	'register',	0,	'2025-08-25 11:21:55.454658+02',	'2025-08-25 11:23:55.454658+02',	't',	NULL),
(564,	'tripti20@gmail.com',	'$2b$10$2R.wUe8hWLqrPZ/O/E123uyMr.iL8lJXGqPSUf2kfvHx21z0yaQHq',	'register',	0,	'2025-08-28 09:05:25.639897+02',	'2025-08-28 09:07:25.639897+02',	'f',	NULL),
(566,	'trevortaylor00@gmail.com',	'$2b$10$YbbO138IgwcEZhxf9Dqc4uplIdgKBUAEuwPoAeWK7gPyn4aej64n2',	'register',	0,	'2025-08-29 12:47:10.935225+02',	'2025-08-29 12:49:10.935225+02',	't',	NULL),
(569,	'kashifluckii66874387@gmail.com',	'$2b$10$EDy/6Fmbje19CEitQU/7TO/rGzHXQQFgNMKkK8FZIo.Gg5xqFkFKm',	'register',	1,	'2025-09-01 23:18:33.476488+02',	'2025-09-01 23:20:33.476488+02',	't',	NULL),
(590,	'jaydevdesai203@gmail.com',	'$2b$10$2bMVaINsVGw1uiKFm5kKkem5s2lh0pRvnTnumJZkSZhS1nO5bGKdy',	'register',	0,	'2025-09-18 23:41:32.177563+02',	'2025-09-18 23:43:32.177563+02',	't',	NULL),
(591,	'somilsh88@gmail.com',	'$2b$10$fBxO8wPry/W4aUqjzSBtp.t4qkMRTxpQgGZWZQ3qmRCIG3XhrKb/a',	'register',	0,	'2025-09-25 11:25:43.484671+02',	'2025-09-25 11:27:43.484671+02',	't',	NULL),
(571,	'2oj9kos2@nqmo.com',	'$2b$10$/MBeAHvyQEkESxAHX0cEM.t7YiEnPFtkFfaSP/arrQU5JLSga0xxO',	'register',	5,	'2025-09-03 14:36:28.645948+02',	'2025-09-03 14:38:28.645948+02',	'f',	NULL),
(572,	'nqimdx9m@end.tw',	'$2b$10$hyWZBQ1BpocQ7oTQtQOYIunv0mzys52P7tWLS7TdVAJyevGvObBlq',	'register',	0,	'2025-09-03 14:49:11.867583+02',	'2025-09-03 14:51:11.867583+02',	'f',	NULL),
(573,	'1302634943@qq.com',	'$2b$10$Erzaa/rwDPMhom3qFgKzWu.vHRy3Lps2fkwF74QK.VpibQlwsfqFa',	'register',	0,	'2025-09-03 14:51:12.293353+02',	'2025-09-03 14:53:12.293353+02',	't',	NULL),
(574,	'testuser22@gmail.com',	'$2b$10$ITxC82Xpy2zj4SclRwbOe.9q8sSBXGlNJSV46vbLY/DPSSwZ/p4H6',	'register',	0,	'2025-09-04 12:52:57.106343+02',	'2025-09-04 12:54:57.106343+02',	'f',	NULL),
(576,	'yasirashraf7@gmail.com',	'$2b$10$h9pepUwPr.jQZbSjQzG1sOgck37lT3Lklco3udM/ZvYT8cNO/Y7X.',	'register',	0,	'2025-09-05 06:02:07.915769+02',	'2025-09-05 06:04:07.915769+02',	't',	NULL),
(577,	'sinvitilla@gmail.com',	'$2b$10$.gqNOEy39pL3yA5qNouCy.9af4kagCa6SyxHHEJkFdDn1hqg5hg/O',	'register',	0,	'2025-09-08 07:16:26.27028+02',	'2025-09-08 07:18:26.27028+02',	't',	NULL),
(578,	'manjo00097@gmail.com',	'$2b$10$9Yao9QNly53Hwt5o0R/O0eDmaZ.AwXmE3LOrg7vcpdCwh.sGa8vaO',	'register',	0,	'2025-09-08 14:53:11.46215+02',	'2025-09-08 14:55:11.46215+02',	't',	NULL),
(593,	'teest@gmail.com',	'$2b$10$T5SpNdPNuf.aJO7oFk7vxOuNbNmAqnZ7Gn3RwUZAWbEIL43BWF5Ja',	'register',	0,	'2025-09-27 07:50:00.340874+02',	'2025-09-27 07:52:00.340874+02',	'f',	NULL),
(594,	'benike2598@mv6a.com',	'$2b$10$1z/uYwUVqBdX1eBa0OCWyeK4piGzy87qSRgabKea2QbyPm2tCJLQq',	'register',	0,	'2025-09-27 07:54:14.627739+02',	'2025-09-27 07:56:14.627739+02',	't',	NULL),
(587,	'dritancela.fr@gmail.com',	'$2b$10$Igh9LprzZnDQzEwWgfx1cOiYjfrcaldbWnuU71722TJMjf5/SyULm',	'register',	0,	'2025-09-12 09:47:40.595037+02',	'2025-09-12 09:49:40.595037+02',	't',	NULL),
(589,	'dritancela.it@gmail.com',	'$2b$10$Wupx7vdE3GTTY.nQVdSDuemb1w5vmV72LZ3deqz3E01sNz7fO7Loq',	'register',	0,	'2025-09-12 17:13:08.894813+02',	'2025-09-12 17:15:08.894813+02',	't',	NULL),
(595,	'adminaa@gmail.com',	'$2b$10$9J092nQF9y6v5yBaud.udOfC4HWsiQ6c2rE3hwKL0HNCmM26UlrDe',	'register',	0,	'2025-09-30 15:12:31.744855+02',	'2025-09-30 15:14:31.744855+02',	'f',	NULL),
(597,	'pateldev648@gmail.com',	'$2b$10$MTq3yO1NCKLd7Xtb6TGQ/uWcXyN1bd3ZqhUONf1Zs0I5Sw8p8Q.eu',	'register',	0,	'2025-10-07 10:20:22.108945+02',	'2025-10-07 10:22:22.108945+02',	't',	NULL),
(631,	'kppatel3195@gmail.com',	'$2b$10$ATFMJWt3FKm2kda1txUCuu3rBZh1WZtGABIEawEM7un76Y8Y3j0my',	'register',	0,	'2025-11-03 15:01:10.518943+01',	'2025-11-03 15:03:10.518943+01',	'f',	NULL),
(612,	'nitesh11@gmail.com',	'$2b$10$p7EKypI8FwQjReHTHGEL/u9CMoP78gssmASjgDqi5bpGuqWMjRbBa',	'register',	0,	'2025-10-09 21:34:27.185325+02',	'2025-10-09 21:36:27.185325+02',	'f',	NULL),
(604,	'pice69296@gmail.com',	'$2b$10$pSR5l/vWL2fICJaFUDiHXOC38VWlSHhAqcz8vM5t2MqyeXY4gEuTS',	'register',	1,	'2025-10-08 08:10:34.523816+02',	'2025-10-08 08:12:34.523816+02',	't',	NULL),
(614,	'rfislam4@gmail.com',	'$2b$10$0C4IUs9TmbFRXPTULQyMz.fKyDLTGp1jL4urKWuW.Yp44oG7ukrbS',	'register',	1,	'2025-10-09 21:43:08.374656+02',	'2025-10-09 21:45:08.374656+02',	't',	NULL),
(624,	'danishbiz@outlook.com',	'$2b$10$/kdq9FxaQ.2WR5BSwhCT9ubXDyC7D7w0nAA8zEiqjM0yZQ.l2WgxC',	'register',	0,	'2025-11-02 08:39:57.078318+01',	'2025-11-02 08:41:57.078318+01',	't',	NULL),
(617,	'faruqbolaji271@gmail.com',	'$2b$10$IM/nv1j36uU7lcr4bNBMzuEStWFb39mggqLZjsOic2bfmgWYEC6Eq',	'register',	0,	'2025-10-13 13:12:37.722117+02',	'2025-10-13 13:14:37.722117+02',	'f',	NULL),
(618,	'kabbirsingh10007@gmail.com',	'$2b$10$5g3Ez9/sGPsMzPXnLFn7ceO94xo/vY5e1lbMBqy0kwJVRwACDc9kG',	'register',	0,	'2025-10-20 09:59:21.505828+02',	'2025-10-20 10:01:21.505828+02',	't',	NULL),
(619,	'misujon58262@yahoo.com',	'$2b$10$1yHyDAQujdaOBnUd4uDVceIe.x71nCBK1Vrz8JwUtUf2FFTwLgy.m',	'register',	0,	'2025-10-20 11:32:20.63403+02',	'2025-10-20 11:34:20.63403+02',	't',	NULL),
(620,	'user231025@proton.me',	'$2b$10$yqTTbkQjxkJSLMVVB1FLVOHzKpNDs99ABzXk9MhzJyZwRlftqjSYy',	'register',	0,	'2025-10-23 14:38:23.440339+02',	'2025-10-23 14:40:23.440339+02',	't',	NULL),
(621,	'akrambenmoussa123ram@gmail.com',	'$2b$10$Py8oC4A0pgqfDZhNgNNNRuIe6tzU6QUyOJpp115zt0EZTftNZWavq',	'register',	0,	'2025-10-25 06:17:39.409517+02',	'2025-10-25 06:19:39.409517+02',	't',	NULL),
(627,	'fortnitedanish@outlook.com',	'$2b$10$iczjaQ9E5t/sOyIYTwT/suUpa7JmDNtXPDoEqls1C6dI8zFZhlHsi',	'register',	0,	'2025-11-02 14:09:56.870707+01',	'2025-11-02 14:11:56.870707+01',	't',	NULL),
(628,	'craigteese@icloud.com',	'$2b$10$rOV2VHNsaKGfMROfzEF/cOmkvE63N1Qp/d/k2vVkc8Hz.SsIyvrB.',	'register',	0,	'2025-11-03 13:51:39.202818+01',	'2025-11-03 13:53:39.202818+01',	't',	NULL),
(633,	'freeguyx550r@gmail.com',	'$2b$10$X/aj7bgjTP0YOb7draCayuq0JlNHZzV9DEKv.a9ze6JSf1/rY/cSy',	'register',	0,	'2025-11-04 16:52:54.343583+01',	'2025-11-04 16:54:54.343583+01',	't',	NULL),
(635,	'alex12@gmail.com',	'$2b$10$u.1C72PlZayjOhJWrnSLlej/y6AywyW0jQekjKib4FFQ0qal3hz3G',	'register',	0,	'2025-11-05 19:20:36.927016+01',	'2025-11-05 19:22:36.927016+01',	'f',	NULL),
(636,	'alex1234@yopmail.com',	'$2b$10$Zwy4chzmQNhVT4ARlzhFp.JnHM1i1AN/vlykROirz0a2NDQeT8lOK',	'register',	0,	'2025-11-05 19:22:56.661639+01',	'2025-11-05 19:24:56.661639+01',	't',	NULL),
(649,	'hitman008@gmail.com',	'$2b$10$q908XCmxJ41Nq1GX9i9WLOaWditSK0xQEXjOc.jnQjx6Xh0EqJ9gK',	'register',	0,	'2025-11-06 13:12:08.768028+01',	'2025-11-06 13:14:08.768028+01',	'f',	NULL),
(650,	'hitman008@gmail.com',	'$2b$10$nd6NMXuEukjku40UXQQQP.lQA9IJuHgSbng4DuM7/MrE2Ji.JwITC',	'register',	0,	'2025-11-06 13:12:08.78281+01',	'2025-11-06 13:14:08.78281+01',	'f',	NULL),
(652,	'onlypinakibiswas@gmail.com',	'$2b$10$1c/3Duoq8UKuVbr4vh4QGO/vCmGC2dqOTREzblnBqqDe9tXA44agC',	'register',	0,	'2025-11-06 19:05:03.232907+01',	'2025-11-06 19:07:03.232907+01',	't',	NULL),
(654,	'danish61611@outlook.com',	'$2b$10$QfjNnV1ZM7MMX6jx4A0h3egEg98W6lwZUG1scXMpz69M1pBL6PDNq',	'register',	0,	'2025-11-07 11:27:00.921439+01',	'2025-11-07 11:29:00.921439+01',	't',	NULL),
(655,	'danish61611@outlook.com',	'$2b$10$hRAft2EiFuzNMNB5pCfMG.zJQaXWm/yao4Rvk22mvGlt3S1GN7VSG',	'register',	0,	'2025-11-07 12:02:20.416456+01',	'2025-11-07 12:04:20.416456+01',	't',	NULL),
(656,	'danish61611@outlook.com',	'$2b$10$pXMYXthlPs/Jse.eEa1lG.DnpVp.b1rwmFVipLAOZXmzhLFNkuU7W',	'register',	0,	'2025-11-07 12:05:33.343224+01',	'2025-11-07 12:07:33.343224+01',	't',	NULL),
(658,	'testpro@yopmail.com',	'$2b$10$3F06ElX0JILghmKvlwyWlOZ4wQbDUaBnz2oSYxttMJ75cUHF6jH7C',	'register',	1,	'2025-11-07 13:04:29.683625+01',	'2025-11-07 13:06:29.683625+01',	't',	NULL),
(660,	'danish61611@outlook.com',	'$2b$10$DdB9T8P7gMECEu8aa4Kgc.0H5LJoFxNbf9dDamPGBhvYXuwEiLk16',	'register',	0,	'2025-11-07 13:19:23.442845+01',	'2025-11-07 13:21:23.442845+01',	't',	NULL),
(661,	'lalu1234@gmail.com',	'$2b$10$gMdn8VPvgA6oQdg36y1LPOZprcy0h0ESAqktnVJkSxDscl6wITsum',	'register',	0,	'2025-11-07 19:10:17.463992+01',	'2025-11-07 19:12:17.463992+01',	'f',	NULL),
(665,	'shivanshpandey36741@gmail.com',	'$2b$10$tuMbCVS1EpXXq6xotqCrAuljbY6ltKLKpt2ejSaCXxJZRTCSJVIn2',	'register',	0,	'2025-11-08 21:08:10.133834+01',	'2025-11-08 21:10:10.133834+01',	'f',	NULL),
(666,	'shivanshpandey36741@gmail.com',	'$2b$10$2quwmJx6G15xmjtfdpICu.avEmeF4pICETPcxZYSSXwcNV66gawQS',	'register',	0,	'2025-11-08 21:08:10.134761+01',	'2025-11-08 21:10:10.134761+01',	't',	NULL),
(841,	'svetlana_test@abv.bg',	'$2b$10$onBMTn4CmNnfN2ZWBou8QeSmTf4faqRITfARZOGp7zmiyy0hqwsKG',	'register',	0,	'2025-11-21 15:28:42.153369+01',	'2025-11-21 15:30:42.153369+01',	'f',	NULL),
(672,	'kundanjha@gmail.com',	'$2b$10$FpoT7ZgN8dLZbzGaiayXE.A8fWwh2uoQMEdF5sejwSCMeQq1O5mlq',	'register',	0,	'2025-11-12 12:02:34.918913+01',	'2025-11-12 12:04:34.918913+01',	'f',	NULL),
(848,	'onlypinakibiswas@gmail.com',	'$2b$10$Mv6b8yU90CBTIjFXxD154ev5FgXZhXmvyp/ehJX5GWu4mc5vsmXly',	'register',	0,	'2025-11-21 19:46:22.575819+01',	'2025-11-21 19:48:22.575819+01',	'f',	NULL),
(736,	'Mdamirhossan432@gmail.com',	'$2b$10$xq4Bhma06CYiYme3/4/YaOdNb7TjmiyttSALa3c5QFXNNBcuWeJXm',	'register',	0,	'2025-11-16 03:59:33.63609+01',	'2025-11-16 04:01:33.63609+01',	'f',	NULL),
(750,	'kamit147598@gmail.com',	'$2b$10$U/kogKslu2XuvnNrHo7GsuIDcVP6gugb4efjCITUxUgpzgriodYNC',	'register',	0,	'2025-11-16 04:02:09.562628+01',	'2025-11-16 04:04:09.562628+01',	'f',	NULL),
(701,	'klabhesh111@gmail.com',	'$2b$10$sT0dafiFOWCoR5ABPgEP7OtpxpLeE1W0fVjtlmCw1EdKe5rhjRLMq',	'register',	0,	'2025-11-14 12:31:44.662801+01',	'2025-11-14 12:33:44.662801+01',	'f',	NULL),
(775,	'testpro0yopmail@yopmail.com',	'$2b$10$Ufx1oosQ9UxOCZ8nwxHCEOE1MjfRzkySY3fwaGG5H7ZH9ZVWB7nhS',	'register',	0,	'2025-11-17 20:17:03.469465+01',	'2025-11-17 20:19:03.469465+01',	'f',	NULL),
(784,	'brgkqte@arxxwalls.com',	'$2b$10$dkx3Uhws.ipSDlRZ0KDeCex8XLZYt.ftJSnjiD1sJJgj7dbQaZSvm',	'register',	0,	'2025-11-17 20:37:02.26695+01',	'2025-11-17 20:39:02.26695+01',	'f',	NULL),
(785,	'brgkqte@arxxwalls.com',	'$2b$10$a4kVrsYicv3mllYEptzJ..yXti0JDvAAGgPfC2Qc0KvD.8AlJwyMy',	'register',	0,	'2025-11-17 20:37:02.318315+01',	'2025-11-17 20:39:02.318315+01',	'f',	NULL),
(832,	'mdtamimsheikh557@gmail.com',	'$2b$10$dbGIBelAp49okYsq/ksU4OqxQafiq5rSPS/3JS9Jv2unKbc.3QXJu',	'register',	0,	'2025-11-18 18:03:59.633069+01',	'2025-11-18 18:05:59.633069+01',	'f',	NULL),
(1,	'laalu222@gmail.com',	'$2b$10$3QMLF.i2qEHH1igMxFdi0ejVvGHm3UGfVOscplLqbJo1HnFFzKXxy',	'register',	0,	'2025-11-26 05:39:15.580119+01',	'2025-11-26 05:41:15.580119+01',	'f',	NULL),
(2,	'hjk8@gmail.com',	'$2b$10$fohHnIe2nQQNSdqnKZFLX.X6FdeFauv/klT/9MvUe.EzY9XAwszoq',	'register',	0,	'2025-12-02 07:23:04.955585+01',	'2025-12-02 07:25:04.955585+01',	'f',	NULL),
(3,	'yoyeyih538@besenica.com',	'$2b$10$qOdvCKIlawDyJpHyrgQhC.e0yDnNEDDZCIm0K9KiVv87dUpSgsZ52',	'register',	0,	'2025-12-02 07:23:56.712775+01',	'2025-12-02 07:25:56.712775+01',	't',	NULL),
(4,	'mst360345@gmail.com',	'$2b$10$bSqtHVF0ybavCR8csA495uQb7P9g0rXosXgY0owPXEhO.4xRdvmZq',	'register',	0,	'2025-12-07 16:30:49.439614+01',	'2025-12-07 16:32:49.439614+01',	'f',	NULL),
(5,	'kathryndconcepcion@gmail.com',	'$2b$10$4P6vV0V/X9Ie4.qjcJhgMOOfS9Ntb10k8T.21j/ZleQysvZYKsuwO',	'register',	1,	'2025-12-08 23:36:27.449405+01',	'2025-12-08 23:38:27.449405+01',	'f',	NULL),
(7,	'venkateshvjayanthi@gmail.com',	'$2b$10$xtzGs/cJ3qP3W2mWI3eqlOdaTUt52v.hB/thvTXQYxrQYE/Bz46CS',	'register',	0,	'2025-12-23 12:55:43.943464+01',	'2025-12-23 12:57:43.943464+01',	'f',	NULL),
(8,	'mike.torres.seo@gmail.com',	'$2b$10$Mq8/bdg/4SX/FQ5Vfu/kL.sMksZBfBD6aAiY3XTsSm.2UArU4Q3w2',	'register',	0,	'2025-12-27 13:38:13.680026+01',	'2025-12-27 13:40:13.680026+01',	't',	NULL),
(10,	'bb45013735@gmal.com',	'$2b$10$rJQ3H3PRivczsxL.yQ21EeRPEagbj7V9B3QTzmfFcloJXItXFDLQy',	'register',	0,	'2025-12-30 16:43:05.12725+01',	'2025-12-30 16:45:05.12725+01',	'f',	NULL),
(53,	'aagakhan209@gmail.com',	'$2b$10$t20vwNwRHneAAXWtfNiWueZP5Mr2iQVD2kKkfzwQREpcc7eW2KLdW',	'register',	0,	'2026-01-03 15:56:09.555029+01',	'2026-01-03 15:58:09.555029+01',	'f',	NULL),
(54,	'stevemcaliber@gmail.com',	'$2b$10$Ux/PBMTgzVTUvtOc5nAnDOX8SahUY8aqR64xZM4h6raUSBrS2G/Yi',	'register',	0,	'2026-01-06 09:45:45.420341+01',	'2026-01-06 09:47:45.420341+01',	't',	NULL);

DROP SEQUENCE IF EXISTS user_tokens_id_seq;
CREATE SEQUENCE user_tokens_id_seq INCREMENT 1 MINVALUE 1 MAXVALUE 2147483647 START 1 CACHE 1;

CREATE TABLE "public"."user_tokens" (
    "id" integer DEFAULT nextval('user_tokens_id_seq') NOT NULL,
    "user_id" bigint,
    "fcm_token" text NOT NULL,
    "device_info" text,
    "last_updated" timestamp DEFAULT CURRENT_TIMESTAMP,
    "is_active" boolean DEFAULT true,
    CONSTRAINT "user_tokens_pkey" PRIMARY KEY ("id"),
    CONSTRAINT "user_tokens_user_id_fcm_token_key" UNIQUE ("user_id", "fcm_token"),
    CONSTRAINT "user_tokens_user_id_fkey" FOREIGN KEY (user_id) REFERENCES users(id) ON DELETE CASCADE NOT DEFERRABLE
) WITH (oids = false);


CREATE TABLE "public"."userbonus" (
    "userid" bigint NOT NULL,
    "name" text NOT NULL,
    "totalbonus" numeric NOT NULL,
    "vipbonus" numeric NOT NULL,
    "specialbonus" numeric NOT NULL,
    "generalbonus" numeric NOT NULL,
    "createdat" timestamp DEFAULT CURRENT_TIMESTAMP NOT NULL,
    "updatedat" timestamp DEFAULT CURRENT_TIMESTAMP NOT NULL,
    "joiningbonus" numeric,
    "dailybonus" numeric DEFAULT '0',
    "weeklybonus" numeric DEFAULT '0',
    "monthlybonus" numeric DEFAULT '0',
    "last_daily_reset" timestamptz,
    "last_weekly_reset" timestamptz,
    "last_monthly_reset" timestamptz,
    "rakebonus" numeric DEFAULT '0',
    "actualdailybonus" numeric(10,2) DEFAULT '0',
    "actualweeklybonus" numeric(10,2) DEFAULT '0',
    "actualmonthlybonus" numeric(10,2) DEFAULT '0',
    CONSTRAINT "userbonus_userid_unique" UNIQUE ("userid")
) WITH (oids = false);

COMMENT ON COLUMN "public"."userbonus"."dailybonus" IS 'Daily bonus amount available to claim';

COMMENT ON COLUMN "public"."userbonus"."weeklybonus" IS 'Weekly bonus amount available to claim';

COMMENT ON COLUMN "public"."userbonus"."monthlybonus" IS 'Monthly bonus amount available to claim';

COMMENT ON COLUMN "public"."userbonus"."last_daily_reset" IS 'Timestamp of last daily bonus reset';

COMMENT ON COLUMN "public"."userbonus"."last_weekly_reset" IS 'Timestamp of last weekly bonus reset';

COMMENT ON COLUMN "public"."userbonus"."last_monthly_reset" IS 'Timestamp of last monthly bonus reset';

INSERT INTO "userbonus" ("userid", "name", "totalbonus", "vipbonus", "specialbonus", "generalbonus", "createdat", "updatedat", "joiningbonus", "dailybonus", "weeklybonus", "monthlybonus", "last_daily_reset", "last_weekly_reset", "last_monthly_reset", "rakebonus", "actualdailybonus", "actualweeklybonus", "actualmonthlybonus") VALUES
(9582121688,	'hendrynotger',	0,	0,	0,	0,	'2025-08-24 09:11:36.853593',	'2025-08-24 09:11:36.853593',	0,	0,	0,	0,	NULL,	NULL,	NULL,	0,	0.00,	0.00,	0.00),
(6157121262,	'codescaleundefined',	0,	0,	0,	0,	'2025-09-23 10:32:58.759393',	'2025-09-23 10:32:58.759393',	0,	0,	0,	0,	NULL,	NULL,	NULL,	0,	0.00,	0.00,	0.00),
(7276114412,	'salvin24',	0,	0,	0,	0,	'2025-08-19 19:04:26.077788',	'2025-08-19 19:04:26.077788',	0,	0,	0,	0,	NULL,	NULL,	NULL,	0,	0.00,	0.00,	0.00),
(3917833915,	'HeatherNelson',	0,	0,	0,	0,	'2025-08-28 07:06:27.978473',	'2025-08-28 07:06:27.978473',	0,	0,	0,	0,	NULL,	NULL,	NULL,	0,	0.00,	0.00,	0.00),
(7512429768,	'sakhani',	0,	0,	0,	0,	'2025-07-07 09:16:56.051164',	'2025-07-07 09:16:56.051164',	0,	0,	0,	0,	NULL,	NULL,	NULL,	0,	0.00,	0.00,	0.00),
(9362891852,	'dh37054',	0,	0,	0,	0,	'2025-09-03 12:51:47.088389',	'2025-09-03 12:51:47.088389',	0,	0,	0,	0,	NULL,	NULL,	NULL,	0,	0.00,	0.00,	0.00),
(8925195269,	'merewairita',	0,	0,	0,	0,	'2025-08-20 23:16:13.258767',	'2025-08-20 23:16:13.258767',	0,	0,	0,	0,	NULL,	NULL,	NULL,	0,	0.00,	0.00,	0.00),
(7442257542,	'SweetKhan',	0,	0,	0,	0,	'2025-08-21 16:01:26.001221',	'2025-08-21 16:01:26.001221',	0,	0,	0,	0,	NULL,	NULL,	NULL,	0,	0.00,	0.00,	0.00),
(3257642631,	'Jituu',	0,	0,	0,	0,	'2025-08-25 09:22:37.324558',	'2025-08-25 09:22:37.324558',	0,	0,	0,	0,	NULL,	NULL,	NULL,	0,	0.00,	0.00,	0.00),
(4661541328,	'split',	0,	0,	0,	0,	'2025-07-18 06:42:59.879823',	'2025-07-18 06:42:59.879823',	0,	0,	0,	0,	NULL,	NULL,	NULL,	0,	0.00,	0.00,	0.00),
(1278955392,	'KrishnaSoni',	0,	0,	0,	0,	'2025-08-22 12:30:42.673788',	'2025-08-22 12:30:42.673788',	0,	0,	0,	0,	NULL,	NULL,	NULL,	0,	0.00,	0.00,	0.00),
(8979796549,	'SalvinRai',	0,	0,	0,	0,	'2025-06-24 10:07:38.033676',	'2025-06-24 10:07:38.033676',	0,	0,	0,	0,	NULL,	NULL,	NULL,	0,	0.00,	0.00,	0.00),
(1694695872,	'ParkashKumar',	0,	0,	0,	0,	'2025-06-28 16:52:18.761932',	'2025-06-28 16:52:18.761932',	0,	0,	0,	0,	NULL,	NULL,	NULL,	0,	0.00,	0.00,	0.00),
(3653799128,	'sinvitilla1211',	200,	0,	200,	0,	'2025-09-08 05:16:57.917654',	'2025-09-08 05:59:56.652405',	0,	0,	0,	0,	NULL,	NULL,	NULL,	0,	0.00,	0.00,	0.00),
(4187292344,	'KishorePandey',	0,	0,	0,	0,	'2025-07-06 07:53:11.635083',	'2025-07-06 07:53:11.635083',	0,	0,	0,	0,	NULL,	NULL,	NULL,	0,	0.00,	0.00,	0.00),
(4619154756,	'JetaSharma',	0,	0,	0,	0,	'2025-08-30 12:30:21.19692',	'2025-08-30 12:30:21.19692',	0,	0,	0,	0,	NULL,	NULL,	NULL,	0,	0.00,	0.00,	0.00),
(9271159919,	'26biki',	0,	0,	0,	0,	'2025-08-23 09:49:23.324431',	'2025-08-23 09:49:23.324431',	0,	0,	0,	0,	NULL,	NULL,	NULL,	0,	0.00,	0.00,	0.00),
(1259666316,	'codeFactory',	0,	0,	0,	0,	'2025-08-31 19:37:03.845652',	'2025-08-31 19:37:03.845652',	0,	0,	0,	0,	NULL,	NULL,	NULL,	0,	0.00,	0.00,	0.00),
(7754465488,	'ensleydonald1987',	0,	0,	0,	0,	'2025-06-23 20:32:39.669964',	'2025-06-23 20:32:39.669964',	0,	0,	0,	0,	NULL,	NULL,	NULL,	0,	0.00,	0.00,	0.00),
(6181135991,	'saurabhgodarasm',	0,	0,	0,	0,	'2025-07-03 18:06:17.890309',	'2025-07-03 18:06:17.890309',	0,	0,	0,	0,	NULL,	NULL,	NULL,	0,	0.00,	0.00,	0.00),
(3913862379,	'plasmawtf',	0,	0,	0,	0,	'2025-06-30 21:32:00.728729',	'2025-06-30 21:32:00.728729',	0,	0,	0,	0,	NULL,	NULL,	NULL,	0,	0.00,	0.00,	0.00),
(4254512619,	'Udaywarmer',	0,	0,	0,	0,	'2025-06-26 11:04:54.559739',	'2025-06-26 11:04:54.559739',	0,	0,	0,	0,	NULL,	NULL,	NULL,	0,	0.00,	0.00,	0.00),
(2969946777,	'Harshit ',	0,	0,	0,	0,	'2025-07-05 08:14:19.230684',	'2025-07-05 08:14:19.230684',	0,	0,	0,	0,	NULL,	NULL,	NULL,	0,	0.00,	0.00,	0.00),
(4374633398,	'ShivamJha',	0,	0,	0,	0,	'2025-05-19 15:05:48.42132',	'2025-05-19 15:05:48.42132',	0,	0,	0,	0,	'1970-01-01 01:00:00+01',	'1970-01-01 01:00:00+01',	'1970-01-01 01:00:00+01',	0,	0.00,	0.00,	0.00),
(7625227643,	'ranakashif',	0,	0,	0,	0,	'2025-07-05 12:57:10.957462',	'2025-07-05 12:57:10.957462',	0,	0,	0,	0,	NULL,	NULL,	NULL,	0,	0.00,	0.00,	0.00),
(7448458519,	'Kevin',	0,	0,	0,	0,	'2025-07-09 08:22:50.147986',	'2025-07-09 08:22:50.147986',	0,	0,	0,	0,	NULL,	NULL,	NULL,	0,	0.00,	0.00,	0.00),
(3364366888,	'Codesforyouundefined',	0,	0,	0,	0,	'2025-08-27 11:58:50.624931',	'2025-08-27 11:58:50.624931',	0,	0,	0,	0,	NULL,	NULL,	NULL,	0,	0.00,	0.00,	0.00),
(7726618929,	'tesing2314',	0,	0,	0,	0,	'2025-08-19 09:05:04.038529',	'2025-08-19 09:05:04.038529',	0,	0,	0,	0,	NULL,	NULL,	NULL,	0,	0.00,	0.00,	0.00),
(9386665495,	'ogbeimole',	0,	0,	0,	0,	'2025-07-26 12:31:22.196636',	'2025-07-26 12:31:22.196636',	0,	0,	0,	0,	NULL,	NULL,	NULL,	0,	0.00,	0.00,	0.00),
(1768433844,	'akash jjha',	0,	0,	0,	0,	'2025-07-18 20:07:43.152152',	'2025-07-18 20:07:43.152152',	0,	0,	0,	0,	NULL,	NULL,	NULL,	0,	0.00,	0.00,	0.00),
(5597196862,	'DaneJames',	0,	0,	0,	0,	'2025-07-18 14:15:32.593925',	'2025-07-18 14:15:32.593925',	0,	0,	0,	0,	NULL,	NULL,	NULL,	0,	0.00,	0.00,	0.00),
(3188277276,	'codescalerglobal',	0,	0,	0,	0,	'2025-09-01 09:16:35.845106',	'2025-09-01 09:16:35.845106',	0,	0,	0,	0,	NULL,	NULL,	NULL,	0,	0.00,	0.00,	0.00),
(9295213551,	'vinodRaj',	0,	0,	0,	0,	'2025-09-09 12:51:20.686598',	'2025-09-09 12:51:20.686598',	0,	0,	0,	0,	NULL,	NULL,	NULL,	0,	0.00,	0.00,	0.00),
(3335984248,	'PriyanshuBhatt',	0,	0,	0,	0,	'2025-09-10 14:24:26.811119',	'2025-09-10 14:24:26.811119',	0,	0,	0,	0,	NULL,	NULL,	NULL,	0,	0.00,	0.00,	0.00),
(7956922446,	'Kashifluckii',	0,	0,	0,	0,	'2025-09-01 21:20:10.426816',	'2025-09-01 21:20:10.426816',	0,	0,	0,	0,	NULL,	NULL,	NULL,	0,	0.00,	0.00,	0.00),
(9832983476,	'TechBhavesh',	0,	0,	0,	0,	'2025-09-04 21:54:49.9585',	'2025-09-04 21:54:49.9585',	0,	0,	0,	0,	NULL,	NULL,	NULL,	0,	0.00,	0.00,	0.00),
(9781337734,	'12yasir',	0,	0,	0,	0,	'2025-09-05 04:02:56.070494',	'2025-09-05 04:02:56.070494',	0,	0,	0,	0,	NULL,	NULL,	NULL,	0,	0.00,	0.00,	0.00),
(8429987324,	'test1to8',	0,	0,	0,	0,	'2025-07-17 07:35:42.553205',	'2025-07-17 07:35:42.553205',	0,	0,	0,	0,	NULL,	NULL,	NULL,	0,	0.00,	0.00,	0.00),
(4347672558,	'rakibkan',	0,	0,	0,	0,	'2025-07-08 15:12:18.785961',	'2025-07-08 15:12:18.785961',	0,	0,	0,	0,	NULL,	NULL,	NULL,	0,	0.00,	0.00,	0.00),
(3365469519,	'sumitsharma',	0,	0,	0,	0,	'2025-07-16 03:24:12.36285',	'2025-07-16 03:24:12.36285',	0,	0,	0,	0,	NULL,	NULL,	NULL,	0,	0.00,	0.00,	0.00),
(4218936684,	'MDRASEL',	0,	0,	0,	0,	'2025-07-08 15:42:46.966151',	'2025-07-08 15:42:46.966151',	0,	0,	0,	0,	NULL,	NULL,	NULL,	0,	0.00,	0.00,	0.00),
(2382971734,	'Sosi76',	0,	0,	0,	0,	'2025-07-16 13:40:03.843599',	'2025-07-16 13:40:03.843599',	0,	0,	0,	0,	NULL,	NULL,	NULL,	0,	0.00,	0.00,	0.00),
(9789891942,	'BabbluS',	0,	0,	0,	0,	'2025-07-14 05:18:01.627712',	'2025-07-14 05:18:01.627712',	0,	0,	0,	0,	NULL,	NULL,	NULL,	0,	0.00,	0.00,	0.00),
(4539961556,	'somilshah',	0,	0,	0,	0,	'2025-09-25 09:26:43.69066',	'2025-09-25 09:26:43.69066',	0,	0,	0,	0,	NULL,	NULL,	NULL,	0,	0.00,	0.00,	0.00),
(4256326981,	'Player007',	0,	0,	0,	0,	'2025-09-12 15:14:12.219944',	'2025-09-12 15:14:12.219944',	0,	0,	0,	0,	NULL,	NULL,	NULL,	0,	0.00,	0.00,	0.00),
(9294139522,	'sushilkr7',	0,	0,	0,	0,	'2025-06-24 05:07:12.919906',	'2025-06-24 05:07:12.919906',	0,	0,	0,	0,	NULL,	NULL,	NULL,	0,	0.00,	0.00,	0.00),
(1759223472,	'DexterKing',	0,	0,	0,	0,	'2025-07-23 05:07:57.873565',	'2025-07-23 05:07:57.873565',	0,	0,	0,	0,	NULL,	NULL,	NULL,	0,	0.00,	0.00,	0.00),
(2464655232,	'testaghori',	0,	0,	0,	0,	'2024-11-25 13:45:36.590302',	'2024-11-25 13:45:36.590302',	NULL,	0,	0,	0,	'1970-01-01 01:00:00+01',	'1970-01-01 01:00:00+01',	'1970-01-01 01:00:00+01',	0,	0.00,	0.00,	0.00),
(1967358267,	'designer Burj Al NoorAdvertising',	0,	0,	0,	0,	'2025-09-25 14:12:04.301541',	'2025-09-25 14:12:04.301541',	0,	0,	0,	0,	NULL,	NULL,	NULL,	0,	0.00,	0.00,	0.00),
(2548766346,	'tayyabaltaf881',	0,	0,	0,	0,	'2025-07-11 07:47:24.962762',	'2025-07-11 07:47:24.962762',	0,	0,	0,	0,	NULL,	NULL,	NULL,	0,	0.00,	0.00,	0.00),
(6183882183,	'Nasilaundefined',	0,	0,	0,	0,	'2025-07-19 11:22:39.516159',	'2025-07-19 11:22:39.516159',	0,	0,	0,	0,	NULL,	NULL,	NULL,	0,	0.00,	0.00,	0.00),
(2626926939,	'jatinverma',	0,	0,	0,	0,	'2025-07-15 12:01:39.5562',	'2025-07-15 12:01:39.5562',	0,	0,	0,	0,	NULL,	NULL,	NULL,	0,	0.00,	0.00,	0.00),
(6284677355,	'KhanMahfuj',	0,	0,	0,	0,	'2025-09-23 19:25:04.64634',	'2025-09-23 19:25:04.64634',	0,	0,	0,	0,	NULL,	NULL,	NULL,	0,	0.00,	0.00,	0.00),
(3388711311,	'test4to8',	0,	0,	0,	0,	'2025-07-17 08:21:05.041693',	'2025-07-17 08:21:05.041693',	0,	0,	0,	0,	NULL,	NULL,	NULL,	0,	0.00,	0.00,	0.00),
(6122486761,	'NaveenNain',	0,	0,	0,	0,	'2025-07-23 05:11:40.563506',	'2025-07-23 05:11:40.563506',	0,	0,	0,	0,	NULL,	NULL,	NULL,	0,	0.00,	0.00,	0.00),
(9918242816,	'marcop22',	0,	0,	0,	0,	'2025-07-28 16:31:04.186547',	'2025-07-28 16:31:04.186547',	0,	0,	0,	0,	NULL,	NULL,	NULL,	0,	0.00,	0.00,	0.00),
(5263326455,	'Raj4632929',	0,	0,	0,	0,	'2025-07-20 19:25:25.31404',	'2025-07-20 19:25:25.31404',	0,	0,	0,	0,	NULL,	NULL,	NULL,	0,	0.00,	0.00,	0.00),
(3593731659,	'NutriFruits',	0,	0,	0,	0,	'2025-09-23 19:42:46.984706',	'2025-09-23 19:42:46.984706',	0,	0,	0,	0,	NULL,	NULL,	NULL,	0,	0.00,	0.00,	0.00),
(9434945483,	'Namanbajaj',	0,	0,	0,	0,	'2025-09-24 07:35:13.755839',	'2025-09-24 07:35:13.755839',	0,	0,	0,	0,	NULL,	NULL,	NULL,	0,	0.00,	0.00,	0.00),
(9369294329,	'SenthurAlpharive',	0,	0,	0,	0,	'2025-09-24 13:07:45.762573',	'2025-09-24 13:07:45.762573',	0,	0,	0,	0,	NULL,	NULL,	NULL,	0,	0.00,	0.00,	0.00),
(9349549458,	'ATDEVLOPER',	0,	0,	0,	0,	'2025-09-26 02:40:39.01469',	'2025-09-26 02:40:39.01469',	0,	0,	0,	0,	NULL,	NULL,	NULL,	0,	0.00,	0.00,	0.00),
(7371829495,	'JULIAN RICARDOANGULO RAMOS',	0,	0,	0,	0,	'2025-09-26 02:42:18.148712',	'2025-09-26 02:42:18.148712',	0,	0,	0,	0,	NULL,	NULL,	NULL,	0,	0.00,	0.00,	0.00),
(9288225941,	'BajajNaman',	0,	0,	0,	0,	'2025-09-26 18:02:55.521282',	'2025-09-26 18:02:55.521282',	0,	0,	0,	0,	NULL,	NULL,	NULL,	0,	0.00,	0.00,	0.00),
(5762546633,	'test111',	0,	0,	0,	0,	'2025-09-27 05:55:21.097997',	'2025-09-27 05:55:21.097997',	0,	0,	0,	0,	NULL,	NULL,	NULL,	0,	0.00,	0.00,	0.00),
(8623683479,	'mitansh0016',	0,	0,	0,	0,	'2024-12-01 20:13:45.930899',	'2024-12-01 20:13:45.930899',	NULL,	0,	0,	0,	'1970-01-01 01:00:00+01',	'1970-01-01 01:00:00+01',	'1970-01-01 01:00:00+01',	0,	0.00,	0.00,	0.00),
(1774585152,	'presleyj067',	0,	0,	0,	0,	'2025-03-28 22:47:51.896983',	'2025-03-28 22:47:51.896983',	0,	0,	0,	0,	'1970-01-01 01:00:00+01',	'1970-01-01 01:00:00+01',	'1970-01-01 01:00:00+01',	0,	0.00,	0.00,	0.00),
(2386483727,	'testpro25',	0.004,	0,	0,	0,	'2025-05-25 09:56:00.536747',	'2025-05-25 09:56:00.536747',	0,	0,	0,	0,	'2025-11-24 19:30:01.279356+01',	'2025-11-22 19:30:00.850026+01',	'2025-10-30 19:30:00.328766+01',	0.004,	0.00,	0.00,	0.00),
(4548539872,	'Parthpatel5758',	0,	0,	0,	0,	'2025-06-02 08:12:18.946345',	'2025-06-02 08:12:18.946345',	0,	0,	0,	0,	'2025-11-24 19:30:00.984104+01',	'2025-11-22 19:30:00.845754+01',	'2025-10-30 19:30:00.324328+01',	0,	0.00,	0.00,	0.00),
(9725627553,	'RishuBajaj',	0,	0,	0,	0,	'2025-09-28 17:01:55.689274',	'2025-09-28 17:01:55.689274',	0,	0,	0,	0,	NULL,	NULL,	NULL,	0,	0.00,	0.00,	0.00),
(2579393191,	'cacc17099',	614.926251697889604,	0,	173,	0,	'2025-05-24 00:55:21.706875',	'2025-05-31 13:14:12.295158',	0,	0,	0,	0,	'2025-08-22 20:30:00.544778+02',	'2025-08-16 20:30:00.494114+02',	'2025-07-30 20:30:00.3891+02',	441.926251697889604,	1562.85,	492.00,	394.64),
(3136979185,	'Fasil',	20,	0,	0,	0,	'2024-12-09 14:32:52.119577',	'2024-12-09 14:32:52.119577',	20,	0,	0,	0,	'1970-01-01 01:00:00+01',	'1970-01-01 01:00:00+01',	'1970-01-01 01:00:00+01',	0,	0.00,	0.00,	0.00),
(9753636355,	'WebSupport',	0,	0,	0,	0,	'2025-03-29 19:35:28.26044',	'2025-03-29 19:35:28.26044',	0,	0,	0,	0,	'1970-01-01 01:00:00+01',	'1970-01-01 01:00:00+01',	'1970-01-01 01:00:00+01',	0,	0.00,	0.00,	0.00),
(3844627656,	'faridalado87',	0,	0,	0,	0,	'2025-03-30 11:39:25.534625',	'2025-03-30 11:39:25.534625',	0,	0,	0,	0,	'1970-01-01 01:00:00+01',	'1970-01-01 01:00:00+01',	'1970-01-01 01:00:00+01',	0,	0.00,	0.00,	0.00),
(7246352648,	'rahul63ga',	10,	0,	0,	0,	'2025-03-03 16:34:04.58547',	'2025-03-03 16:34:04.58547',	10,	0,	0,	0,	'1970-01-01 01:00:00+01',	'1970-01-01 01:00:00+01',	'1970-01-01 01:00:00+01',	0,	0.00,	0.00,	0.00),
(6445813198,	'amins123',	50,	0,	0,	0,	'2024-12-17 17:44:45.194451',	'2024-12-17 17:44:45.194451',	50,	0,	0,	0,	'1970-01-01 01:00:00+01',	'1970-01-01 01:00:00+01',	'1970-01-01 01:00:00+01',	0,	0.00,	0.00,	0.00),
(2971698891,	'steve86',	10,	0,	0,	0,	'2025-03-03 17:06:33.263601',	'2025-03-03 17:06:33.263601',	10,	0,	0,	0,	'1970-01-01 01:00:00+01',	'1970-01-01 01:00:00+01',	'1970-01-01 01:00:00+01',	0,	0.00,	0.00,	0.00),
(9173442326,	'testpro65',	10,	0,	0,	0,	'2025-03-04 19:40:29.440734',	'2025-03-04 19:40:29.440734',	10,	0,	0,	0,	'1970-01-01 01:00:00+01',	'1970-01-01 01:00:00+01',	'1970-01-01 01:00:00+01',	0,	0.00,	0.00,	0.00),
(8944651714,	'isamrawat',	10,	0,	0,	0,	'2025-03-05 20:49:57.331722',	'2025-03-05 20:49:57.331722',	10,	0,	0,	0,	'1970-01-01 01:00:00+01',	'1970-01-01 01:00:00+01',	'1970-01-01 01:00:00+01',	0,	0.00,	0.00,	0.00),
(1497512887,	'Dr.KabirS1ngh',	10,	0,	0,	0,	'2025-03-05 21:06:58.575588',	'2025-03-05 21:06:58.575588',	10,	0,	0,	0,	'1970-01-01 01:00:00+01',	'1970-01-01 01:00:00+01',	'1970-01-01 01:00:00+01',	0,	0.00,	0.00,	0.00),
(9436918228,	'testblue007',	0,	0,	0,	0,	'2025-10-20 09:33:46.268664',	'2025-10-20 09:33:46.268664',	0,	0,	0,	0,	NULL,	NULL,	NULL,	0,	0.00,	0.00,	0.00),
(6386245868,	'woofboof',	0,	0,	0,	0,	'2025-10-08 15:46:59.489666',	'2025-10-08 15:46:59.489666',	0,	0,	0,	0,	NULL,	NULL,	NULL,	0,	0.00,	0.00,	0.00),
(5958158887,	'RamJi',	0,	0,	0,	0,	'2025-10-02 04:26:32.721471',	'2025-10-02 04:26:32.721471',	0,	0,	0,	0,	NULL,	NULL,	NULL,	0,	0.00,	0.00,	0.00),
(5517596813,	'ShivamJha',	0,	0,	0,	0,	'2025-11-08 07:42:20.636826',	'2025-11-08 07:42:20.636826',	0,	0,	0,	0,	NULL,	NULL,	NULL,	0,	0.00,	0.00,	0.00),
(9577352165,	'JulianCalleja',	0,	0,	0,	0,	'2025-11-18 07:24:16.704704',	'2025-11-18 07:24:16.704704',	0,	0,	0,	0,	NULL,	NULL,	NULL,	0,	0.00,	0.00,	0.00),
(8568879898,	'SHIV@176262',	0,	0,	0,	0,	'2025-11-08 20:09:03.402066',	'2025-11-08 20:09:03.402066',	0,	0,	0,	0,	NULL,	NULL,	NULL,	0,	0.00,	0.00,	0.00),
(4449841712,	'RajuRajput',	0,	0,	0,	0,	'2025-10-09 08:03:31.53632',	'2025-10-09 08:03:31.53632',	0,	0,	0,	0,	NULL,	NULL,	NULL,	0,	0.00,	0.00,	0.00),
(5477473244,	'Ezze SoftLtd',	0,	0,	0,	0,	'2025-10-24 18:33:51.908662',	'2025-10-24 18:33:51.908662',	0,	0,	0,	0,	NULL,	NULL,	NULL,	0,	0.00,	0.00,	0.00),
(2543339259,	'AscendIn Success',	0,	0,	0,	0,	'2025-10-18 14:53:59.814851',	'2025-10-18 14:53:59.814851',	0,	0,	0,	0,	NULL,	NULL,	NULL,	0,	0.00,	0.00,	0.00),
(8318755823,	'pinaki121',	0,	0,	0,	0,	'2025-11-06 18:05:58.092402',	'2025-11-06 18:05:58.092402',	0,	0,	0,	0,	NULL,	NULL,	NULL,	0,	0.00,	0.00,	0.00),
(2588774416,	'akra77',	0,	0,	0,	0,	'2025-10-25 04:18:27.008146',	'2025-10-25 04:18:27.008146',	0,	0,	0,	0,	NULL,	NULL,	NULL,	0,	0.00,	0.00,	0.00),
(3728775796,	'Craigteese1234',	0,	0,	0,	0,	'2025-11-03 12:52:19.830015',	'2025-11-03 12:52:19.830015',	0,	0,	0,	0,	NULL,	NULL,	NULL,	0,	0.00,	0.00,	0.00),
(3128866684,	'NewnessFashion',	0,	0,	0,	0,	'2025-10-30 17:29:30.941801',	'2025-10-30 17:29:30.941801',	0,	0,	0,	0,	NULL,	NULL,	NULL,	0,	0.00,	0.00,	0.00),
(9447574157,	'RiazPolash',	0,	0,	0,	0,	'2025-11-09 16:52:21.482031',	'2025-11-09 16:52:21.482031',	0,	0,	0,	0,	NULL,	NULL,	NULL,	0,	0.00,	0.00,	0.00),
(9414758845,	'Username222',	0,	0,	0,	0,	'2025-10-23 12:40:10.515639',	'2025-10-23 12:40:10.515639',	0,	0,	0,	0,	NULL,	NULL,	NULL,	0,	0.00,	0.00,	0.00),
(8118748631,	'UpowerCloud',	0,	0,	0,	0,	'2025-11-12 11:03:17.784008',	'2025-11-12 11:03:17.784008',	0,	0,	0,	0,	NULL,	NULL,	NULL,	0,	0.00,	0.00,	0.00),
(7148754439,	'VijayLal',	0,	0,	0,	0,	'2025-11-07 14:39:41.311855',	'2025-11-07 14:39:41.311855',	0,	0,	0,	0,	NULL,	NULL,	NULL,	0,	0.00,	0.00,	0.00),
(3751324718,	'Boss12345',	0,	0,	0,	0,	'2025-10-20 08:00:27.941288',	'2025-10-20 08:00:27.941288',	0,	0,	0,	0,	NULL,	NULL,	NULL,	0,	0.00,	0.00,	0.00),
(7187826364,	'phantomzero',	0,	0,	0,	0,	'2025-11-04 15:53:51.607123',	'2025-11-04 15:53:51.607123',	0,	0,	0,	0,	NULL,	NULL,	NULL,	0,	0.00,	0.00,	0.00),
(2743887889,	'Rick',	0,	0,	0,	0,	'2025-11-17 20:01:46.957552',	'2025-11-17 20:01:46.957552',	0,	0,	0,	0,	NULL,	NULL,	NULL,	0,	0.00,	0.00,	0.00),
(2219676626,	'YASH001',	0.2333674,	0,	0,	0,	'2025-06-04 06:23:23.051461',	'2025-06-04 06:23:23.051461',	0,	0,	0,	0,	'2026-01-02 19:30:00.139017+01',	'2025-11-22 19:30:00.833408+01',	'2025-10-30 19:30:00.305516+01',	0.2333674,	0.00,	0.00,	0.00),
(7565738583,	'User 7565738583',	0,	0,	0,	0,	'2025-06-21 18:52:05.816507',	'2025-06-21 18:52:05.816507',	0,	0,	0,	0,	'2025-11-26 19:30:11.903152+01',	'2025-11-22 19:30:00.90998+01',	'2025-10-30 19:30:00.388178+01',	0,	0.00,	0.00,	0.00),
(1191946245,	'testpro16',	10,	0,	0,	0,	'2025-02-07 21:01:05.751114',	'2025-02-07 21:01:05.751114',	10,	0,	0,	0,	'2025-11-26 19:30:11.986067+01',	'2025-11-22 19:30:00.913943+01',	'2025-10-30 19:30:00.392986+01',	0,	0.00,	0.00,	0.00),
(2627859968,	'testpro100',	0,	0,	0,	0,	'2025-05-21 08:39:37.143657',	'2025-05-21 08:39:37.143657',	0,	0,	0,	0,	'2025-11-26 19:30:12.11396+01',	'2025-11-22 19:30:00.917667+01',	'2025-10-30 19:30:00.39898+01',	0,	0.00,	0.00,	0.00),
(5412528149,	'testpro55',	0,	0,	0,	0,	'2025-04-06 07:12:17.096209',	'2025-04-06 07:12:17.096209',	0,	0,	0,	0,	'2025-11-25 19:30:00.462985+01',	'2025-11-22 19:30:00.94476+01',	'2025-10-30 19:30:00.427467+01',	0,	0.00,	0.00,	0.00),
(4538199471,	'kavitmodi',	0.0070488,	0,	0,	0,	'2025-05-27 07:28:27.784479',	'2025-05-27 07:28:27.784479',	0,	0,	0,	0,	'2025-11-26 19:30:02.920412+01',	'2025-11-22 19:30:00.819635+01',	'2025-10-30 19:30:00.288682+01',	0.0070488,	0.00,	0.00,	0.00),
(4282877222,	'Fon123',	10,	0,	0,	10,	'2025-01-22 08:25:37.930025',	'2025-01-22 08:47:58.230529',	10,	0,	0,	0,	'2025-11-25 19:30:00.466629+01',	'2025-11-22 19:30:00.94836+01',	'2025-10-30 19:30:00.431767+01',	0,	0.00,	0.00,	0.00),
(1999615615,	'amjad_a17',	20,	0,	20,	0,	'2025-05-31 12:52:03.52132',	'2025-05-31 13:15:23.126736',	0,	0,	0,	0,	'2025-11-23 19:30:00.962173+01',	'2025-11-22 19:30:00.878974+01',	'2025-10-30 19:30:00.358649+01',	0,	0.00,	0.00,	0.00),
(9341739861,	'hifza009060',	0,	0,	0,	0,	'2025-05-04 08:10:11.048151',	'2025-05-04 08:10:11.048151',	0,	0,	0,	0,	'2025-11-25 19:30:00.473712+01',	'2025-11-22 19:30:00.952335+01',	'2025-10-30 19:30:00.436409+01',	0,	0.00,	0.00,	0.00),
(6734945268,	'testpro0020',	0,	0,	0,	0,	'2025-04-05 19:58:16.602614',	'2025-04-05 19:58:16.602614',	0,	0,	0,	0,	'2025-11-24 19:30:00.929661+01',	'2025-11-22 19:30:00.887989+01',	'2025-10-30 19:30:00.366609+01',	0,	0.00,	0.00,	0.00),
(1756955955,	'testpro6',	50,	50,	0,	0,	'2024-12-24 08:07:27.359066',	'2024-12-24 21:59:15.036323',	50,	0,	0,	0,	'2025-11-27 19:30:09.586535+01',	'2025-11-22 19:30:00.892711+01',	'2025-10-30 19:30:00.371394+01',	0,	0.00,	0.00,	0.00),
(4631193935,	'harnettkevin473',	1.212,	0,	0,	0,	'2025-06-27 01:37:47.113517',	'2025-06-27 01:37:47.113517',	0,	0,	0,	0,	'2025-11-26 19:30:09.459189+01',	'2025-11-22 19:30:00.858083+01',	'2025-10-30 19:30:00.336474+01',	1.212,	0.00,	0.00,	0.00),
(3194948292,	'pice2001',	0,	0,	0,	0,	'2025-10-08 06:12:02.685074',	'2025-10-08 06:12:02.685074',	0,	0,	0,	0,	'2025-11-27 19:30:10.621742+01',	'2025-11-22 19:30:00.93473+01',	'2025-10-30 19:30:00.418455+01',	0,	0.00,	0.00,	0.00),
(3539129629,	'Harshdeep',	0.01840903,	0,	0,	0,	'2025-05-26 13:17:41.211646',	'2025-05-26 13:17:41.211646',	0,	0,	0,	0,	'2025-11-23 19:30:00.994489+01',	'2025-11-22 19:30:00.939781+01',	'2025-10-30 19:30:00.422047+01',	0.01840903,	0.00,	0.00,	0.00),
(5622472729,	'User 5622472729',	0,	0,	0,	0,	'2025-06-21 18:52:05.810365',	'2025-06-21 18:52:05.810365',	0,	0,	0,	0,	'2025-11-26 19:30:09.475507+01',	'2025-11-22 19:30:00.861731+01',	'2025-10-30 19:30:00.341054+01',	0,	0.00,	0.00,	0.00),
(1595383755,	'ranasaimboss007',	0,	0,	0,	0,	'2025-05-04 03:23:26.261495',	'2025-05-04 03:23:26.261495',	0,	0,	0,	0,	'2026-01-03 19:30:00.258516+01',	'2025-11-22 19:30:00.829369+01',	'2025-10-30 19:30:00.300277+01',	0,	0.00,	0.00,	0.00),
(1518654639,	'Trao74331',	0,	0,	0,	0,	'2025-05-04 02:22:19.334958',	'2025-05-04 02:22:19.334958',	0,	0,	0,	0,	'2025-11-26 19:30:09.497729+01',	'2025-11-22 19:30:00.866313+01',	'2025-10-30 19:30:00.345786+01',	0,	0.00,	0.00,	0.00),
(8159361759,	'raojima98',	1.2,	0,	0,	0,	'2025-07-18 07:55:25.337251',	'2025-07-18 07:55:25.337251',	0,	0,	0,	0,	'2025-11-26 19:30:09.523925+01',	'2025-11-22 19:30:00.870657+01',	'2025-10-30 19:30:00.34958+01',	1.2,	0.00,	0.00,	0.00),
(5373186193,	'jeetLao',	0,	0,	0,	0,	'2025-11-16 02:52:11.473542',	'2025-11-16 02:52:11.473542',	0,	0,	0,	0,	NULL,	NULL,	NULL,	0,	0.00,	0.00,	0.00),
(5385576577,	'MdAmir Hossan',	0,	0,	0,	0,	'2025-11-16 03:02:50.530719',	'2025-11-16 03:02:50.530719',	0,	0,	0,	0,	NULL,	NULL,	NULL,	0,	0.00,	0.00,	0.00),
(5147277869,	'The Exit Interviewundefined',	0,	0,	0,	0,	'2025-11-17 20:08:54.89451',	'2025-11-17 20:08:54.89451',	0,	0,	0,	0,	NULL,	NULL,	NULL,	0,	0.00,	0.00,	0.00),
(5543524426,	'VijayLal',	0,	0,	0,	0,	'2025-11-22 07:40:39.204359',	'2025-11-22 07:40:39.204359',	0,	0,	0,	0,	NULL,	NULL,	NULL,	0,	0.00,	0.00,	0.00),
(8678764484,	'villafanluke',	0,	0,	0,	0,	'2025-06-21 02:58:14.543235',	'2025-06-21 02:58:14.543235',	0,	0,	0,	0,	'1970-01-01 01:00:00+01',	'1970-01-01 01:00:00+01',	'1970-01-01 01:00:00+01',	0,	0.00,	0.00,	0.00),
(5283519942,	'Rakesh95',	0,	0,	0,	0,	'2025-05-19 17:13:30.972761',	'2025-05-19 17:13:30.972761',	0,	0,	0,	0,	'1970-01-01 01:00:00+01',	'1970-01-01 01:00:00+01',	'1970-01-01 01:00:00+01',	0,	0.00,	0.00,	0.00),
(6616787719,	'Oisy tasnimRahman',	0,	0,	0,	0,	'2025-05-19 17:31:26.174768',	'2025-05-19 17:31:26.174768',	0,	0,	0,	0,	'1970-01-01 01:00:00+01',	'1970-01-01 01:00:00+01',	'1970-01-01 01:00:00+01',	0,	0.00,	0.00,	0.00),
(7521955765,	'Herry1234',	0,	0,	0,	0,	'2025-06-01 03:23:52.665239',	'2025-06-01 03:23:52.665239',	0,	0,	0,	0,	'1970-01-01 01:00:00+01',	'1970-01-01 01:00:00+01',	'1970-01-01 01:00:00+01',	0,	0.00,	0.00,	0.00),
(3495881647,	'MewnixIndia',	0,	0,	0,	0,	'2025-05-20 15:12:51.095872',	'2025-05-20 15:12:51.095872',	0,	0,	0,	0,	'1970-01-01 01:00:00+01',	'1970-01-01 01:00:00+01',	'1970-01-01 01:00:00+01',	0,	0.00,	0.00,	0.00),
(1817211822,	'skjha',	0,	0,	0,	0,	'2025-05-19 18:36:54.130506',	'2025-05-19 18:36:54.130506',	0,	0,	0,	0,	'1970-01-01 01:00:00+01',	'1970-01-01 01:00:00+01',	'1970-01-01 01:00:00+01',	0,	0.00,	0.00,	0.00),
(8758777338,	'Ram123',	20,	0,	0,	0,	'2024-12-05 07:43:54.823633',	'2024-12-05 07:43:54.823633',	20,	0,	0,	0,	'1970-01-01 01:00:00+01',	'1970-01-01 01:00:00+01',	'1970-01-01 01:00:00+01',	0,	0.00,	0.00,	0.00),
(8174712684,	'test0080',	30,	0,	0,	0,	'2024-12-02 21:12:47.475495',	'2024-12-05 18:00:15.860411',	20,	0,	0,	0,	'1970-01-01 01:00:00+01',	'1970-01-01 01:00:00+01',	'1970-01-01 01:00:00+01',	0,	0.00,	0.00,	0.00),
(4571615785,	'testPro',	100,	0,	0,	0,	'2024-11-18 20:52:57.7721',	'2024-12-07 18:59:46.034541',	NULL,	0,	0,	0,	'1970-01-01 01:00:00+01',	'1970-01-01 01:00:00+01',	'1970-01-01 01:00:00+01',	0,	0.00,	0.00,	0.00),
(7872469245,	'MstMim',	10,	0,	0,	0,	'2025-03-16 23:31:57.220807',	'2025-03-16 23:31:57.220807',	10,	0,	0,	0,	'1970-01-01 01:00:00+01',	'1970-01-01 01:00:00+01',	'1970-01-01 01:00:00+01',	0,	0.00,	0.00,	0.00),
(6882926582,	'ppimpp',	10,	0,	0,	0,	'2025-03-05 21:08:12.222081',	'2025-03-05 21:08:12.222081',	10,	0,	0,	0,	'1970-01-01 01:00:00+01',	'1970-01-01 01:00:00+01',	'1970-01-01 01:00:00+01',	0,	0.00,	0.00,	0.00),
(4196324562,	'SachinParmar',	10,	0,	0,	0,	'2025-03-07 17:55:04.285808',	'2025-03-07 17:55:04.285808',	10,	0,	0,	0,	'1970-01-01 01:00:00+01',	'1970-01-01 01:00:00+01',	'1970-01-01 01:00:00+01',	0,	0.00,	0.00,	0.00),
(7996992656,	'SahrunKhan',	10,	0,	0,	0,	'2025-03-08 03:46:49.889795',	'2025-03-08 03:46:49.889795',	10,	0,	0,	0,	'1970-01-01 01:00:00+01',	'1970-01-01 01:00:00+01',	'1970-01-01 01:00:00+01',	0,	0.00,	0.00,	0.00),
(7889664592,	'Pikuundefined',	10,	0,	0,	0,	'2025-03-08 03:47:13.568885',	'2025-03-08 03:47:13.568885',	10,	0,	0,	0,	'1970-01-01 01:00:00+01',	'1970-01-01 01:00:00+01',	'1970-01-01 01:00:00+01',	0,	0.00,	0.00,	0.00),
(2767951874,	'jayravan',	10,	0,	0,	0,	'2025-03-08 15:41:19.942355',	'2025-03-08 15:41:19.942355',	10,	0,	0,	0,	'1970-01-01 01:00:00+01',	'1970-01-01 01:00:00+01',	'1970-01-01 01:00:00+01',	0,	0.00,	0.00,	0.00),
(3583686998,	'GovindMeena',	10,	0,	0,	0,	'2025-03-09 18:37:51.476901',	'2025-03-09 18:37:51.476901',	10,	0,	0,	0,	'1970-01-01 01:00:00+01',	'1970-01-01 01:00:00+01',	'1970-01-01 01:00:00+01',	0,	0.00,	0.00,	0.00),
(3217426566,	'sabritobotev',	10,	0,	0,	0,	'2025-03-10 23:31:51.930175',	'2025-03-10 23:31:51.930175',	10,	0,	0,	0,	'1970-01-01 01:00:00+01',	'1970-01-01 01:00:00+01',	'1970-01-01 01:00:00+01',	0,	0.00,	0.00,	0.00),
(1348134248,	'testpro7',	50,	0,	0,	0,	'2024-12-25 19:04:49.920444',	'2024-12-25 19:04:49.920444',	50,	0,	0,	0,	'1970-01-01 01:00:00+01',	'1970-01-01 01:00:00+01',	'1970-01-01 01:00:00+01',	0,	0.00,	0.00,	0.00),
(8522683886,	'testpro8',	50,	0,	0,	0,	'2024-12-25 19:47:40.225296',	'2024-12-25 19:47:40.225296',	50,	0,	0,	0,	'1970-01-01 01:00:00+01',	'1970-01-01 01:00:00+01',	'1970-01-01 01:00:00+01',	0,	0.00,	0.00,	0.00),
(5197966837,	'ddosguru',	10,	0,	0,	0,	'2025-03-11 11:29:44.363491',	'2025-03-11 11:29:44.363491',	10,	0,	0,	0,	'1970-01-01 01:00:00+01',	'1970-01-01 01:00:00+01',	'1970-01-01 01:00:00+01',	0,	0.00,	0.00,	0.00),
(5441633818,	'ahadchutiyah099',	10,	0,	0,	0,	'2025-03-12 04:07:15.356343',	'2025-03-12 04:07:15.356343',	10,	0,	0,	0,	'1970-01-01 01:00:00+01',	'1970-01-01 01:00:00+01',	'1970-01-01 01:00:00+01',	0,	0.00,	0.00,	0.00),
(4677182119,	'Sid42',	500,	0,	0,	0,	'2024-12-27 15:18:22.139849',	'2024-12-27 15:18:22.139849',	500,	0,	0,	0,	'1970-01-01 01:00:00+01',	'1970-01-01 01:00:00+01',	'1970-01-01 01:00:00+01',	0,	0.00,	0.00,	0.00),
(3827796832,	'Nyoumi',	500,	0,	0,	0,	'2024-12-28 16:27:38.352101',	'2024-12-28 16:27:38.352101',	500,	0,	0,	0,	'1970-01-01 01:00:00+01',	'1970-01-01 01:00:00+01',	'1970-01-01 01:00:00+01',	0,	0.00,	0.00,	0.00),
(1435417912,	'6260192682',	500,	0,	0,	0,	'2024-12-30 21:57:43.191659',	'2024-12-30 21:57:43.191659',	500,	0,	0,	0,	'1970-01-01 01:00:00+01',	'1970-01-01 01:00:00+01',	'1970-01-01 01:00:00+01',	0,	0.00,	0.00,	0.00),
(2368145517,	'Safimk',	500,	0,	0,	0,	'2024-12-31 07:45:06.972467',	'2024-12-31 07:45:06.972467',	500,	0,	0,	0,	'1970-01-01 01:00:00+01',	'1970-01-01 01:00:00+01',	'1970-01-01 01:00:00+01',	0,	0.00,	0.00,	0.00),
(4926743853,	'Harish ',	500,	0,	0,	0,	'2025-01-02 12:54:21.586851',	'2025-01-02 12:54:21.586851',	500,	0,	0,	0,	'1970-01-01 01:00:00+01',	'1970-01-01 01:00:00+01',	'1970-01-01 01:00:00+01',	0,	0.00,	0.00,	0.00),
(7423727939,	'Rloks',	10,	0,	0,	0,	'2025-01-06 17:12:35.362041',	'2025-01-06 17:12:35.362041',	10,	0,	0,	0,	'1970-01-01 01:00:00+01',	'1970-01-01 01:00:00+01',	'1970-01-01 01:00:00+01',	0,	0.00,	0.00,	0.00),
(4842644782,	'1234567890',	10,	0,	0,	0,	'2025-01-11 07:50:33.35526',	'2025-01-11 07:50:33.35526',	10,	0,	0,	0,	'1970-01-01 01:00:00+01',	'1970-01-01 01:00:00+01',	'1970-01-01 01:00:00+01',	0,	0.00,	0.00,	0.00),
(9256947656,	'Bdbdj',	10,	0,	0,	0,	'2025-01-12 07:49:37.068828',	'2025-01-12 07:49:37.068828',	10,	0,	0,	0,	'1970-01-01 01:00:00+01',	'1970-01-01 01:00:00+01',	'1970-01-01 01:00:00+01',	0,	0.00,	0.00,	0.00),
(2845712296,	'Harish',	10,	0,	0,	0,	'2025-01-15 14:37:02.932977',	'2025-01-15 14:37:02.932977',	10,	0,	0,	0,	'1970-01-01 01:00:00+01',	'1970-01-01 01:00:00+01',	'1970-01-01 01:00:00+01',	0,	0.00,	0.00,	0.00),
(1935444455,	'Waqar',	10,	0,	0,	0,	'2025-01-17 13:10:10.246128',	'2025-01-17 13:10:10.246128',	10,	0,	0,	0,	'1970-01-01 01:00:00+01',	'1970-01-01 01:00:00+01',	'1970-01-01 01:00:00+01',	0,	0.00,	0.00,	0.00),
(2141756731,	'Ankit33',	10,	0,	0,	0,	'2025-01-19 04:50:37.108288',	'2025-01-19 04:50:37.108288',	10,	0,	0,	0,	'1970-01-01 01:00:00+01',	'1970-01-01 01:00:00+01',	'1970-01-01 01:00:00+01',	0,	0.00,	0.00,	0.00),
(5393914985,	'Kashan12',	10,	0,	0,	0,	'2025-01-21 15:29:49.915421',	'2025-01-21 15:29:49.915421',	10,	0,	0,	0,	'1970-01-01 01:00:00+01',	'1970-01-01 01:00:00+01',	'1970-01-01 01:00:00+01',	0,	0.00,	0.00,	0.00),
(9363245492,	'foneee',	10,	0,	0,	0,	'2025-01-22 08:22:26.716909',	'2025-01-22 08:22:26.716909',	10,	0,	0,	0,	'1970-01-01 01:00:00+01',	'1970-01-01 01:00:00+01',	'1970-01-01 01:00:00+01',	0,	0.00,	0.00,	0.00),
(9213228376,	'testPro1',	0,	2,	0,	0,	'2024-11-18 21:01:37.151071',	'2025-01-26 11:56:41.02355',	NULL,	0,	0,	0,	'1970-01-01 01:00:00+01',	'1970-01-01 01:00:00+01',	'1970-01-01 01:00:00+01',	0,	0.00,	0.00,	0.00),
(5571819262,	'BEALONE9929',	10,	0,	0,	0,	'2025-01-30 15:50:55.215233',	'2025-01-30 15:50:55.215233',	10,	0,	0,	0,	'1970-01-01 01:00:00+01',	'1970-01-01 01:00:00+01',	'1970-01-01 01:00:00+01',	0,	0.00,	0.00,	0.00),
(8136819336,	'Shbss',	10,	0,	0,	0,	'2025-02-02 18:13:28.327579',	'2025-02-02 18:13:28.327579',	10,	0,	0,	0,	'1970-01-01 01:00:00+01',	'1970-01-01 01:00:00+01',	'1970-01-01 01:00:00+01',	0,	0.00,	0.00,	0.00),
(8298391797,	'Timbul Jaya ',	10,	0,	0,	0,	'2025-02-04 17:55:42.735433',	'2025-02-04 17:55:42.735433',	10,	0,	0,	0,	'1970-01-01 01:00:00+01',	'1970-01-01 01:00:00+01',	'1970-01-01 01:00:00+01',	0,	0.00,	0.00,	0.00),
(1318985125,	'testpro55',	10,	0,	0,	0,	'2025-02-04 18:58:51.632505',	'2025-02-04 18:58:51.632505',	10,	0,	0,	0,	'1970-01-01 01:00:00+01',	'1970-01-01 01:00:00+01',	'1970-01-01 01:00:00+01',	0,	0.00,	0.00,	0.00),
(1828618959,	'samir34453',	10,	0,	0,	0,	'2025-02-07 12:16:51.096524',	'2025-02-07 12:16:51.096524',	10,	0,	0,	0,	'1970-01-01 01:00:00+01',	'1970-01-01 01:00:00+01',	'1970-01-01 01:00:00+01',	0,	0.00,	0.00,	0.00),
(2883351425,	'mitanshgambhir',	10,	0,	0,	0,	'2025-02-07 21:13:36.254868',	'2025-02-07 21:13:36.254868',	10,	0,	0,	0,	'1970-01-01 01:00:00+01',	'1970-01-01 01:00:00+01',	'1970-01-01 01:00:00+01',	0,	0.00,	0.00,	0.00),
(4957795371,	'testpro51',	10,	0,	0,	0,	'2025-02-08 13:55:49.948744',	'2025-02-08 13:55:49.948744',	10,	0,	0,	0,	'1970-01-01 01:00:00+01',	'1970-01-01 01:00:00+01',	'1970-01-01 01:00:00+01',	0,	0.00,	0.00,	0.00),
(7838253457,	'testpro61',	10,	0,	0,	0,	'2025-02-08 14:28:01.881497',	'2025-02-08 14:28:01.881497',	10,	0,	0,	0,	'1970-01-01 01:00:00+01',	'1970-01-01 01:00:00+01',	'1970-01-01 01:00:00+01',	0,	0.00,	0.00,	0.00),
(6987299466,	'MrX',	10,	0,	0,	0,	'2025-02-08 16:06:25.252257',	'2025-02-08 16:06:25.252257',	10,	0,	0,	0,	'1970-01-01 01:00:00+01',	'1970-01-01 01:00:00+01',	'1970-01-01 01:00:00+01',	0,	0.00,	0.00,	0.00),
(4795292979,	'testpro17',	10,	0,	0,	0,	'2025-02-09 09:15:51.271131',	'2025-02-09 09:15:51.271131',	10,	0,	0,	0,	'1970-01-01 01:00:00+01',	'1970-01-01 01:00:00+01',	'1970-01-01 01:00:00+01',	0,	0.00,	0.00,	0.00),
(3423432513,	'testmvr1',	10,	0,	0,	0,	'2025-02-09 18:54:59.835091',	'2025-02-09 18:54:59.835091',	10,	0,	0,	0,	'1970-01-01 01:00:00+01',	'1970-01-01 01:00:00+01',	'1970-01-01 01:00:00+01',	0,	0.00,	0.00,	0.00),
(6627954685,	'pinaki121',	10,	0,	0,	0,	'2025-02-13 17:36:10.575915',	'2025-02-13 17:36:10.575915',	10,	0,	0,	0,	'1970-01-01 01:00:00+01',	'1970-01-01 01:00:00+01',	'1970-01-01 01:00:00+01',	0,	0.00,	0.00,	0.00),
(1746571831,	'azizul12345',	10,	0,	0,	0,	'2025-02-13 18:00:30.850598',	'2025-02-13 18:00:30.850598',	10,	0,	0,	0,	'1970-01-01 01:00:00+01',	'1970-01-01 01:00:00+01',	'1970-01-01 01:00:00+01',	0,	0.00,	0.00,	0.00),
(9426825463,	'rajayash',	10,	0,	0,	0,	'2025-02-13 19:43:19.803029',	'2025-02-13 19:43:19.803029',	10,	0,	0,	0,	'1970-01-01 01:00:00+01',	'1970-01-01 01:00:00+01',	'1970-01-01 01:00:00+01',	0,	0.00,	0.00,	0.00),
(5392553412,	'testpro5mvr',	10,	0,	0,	0,	'2025-02-13 20:12:40.368825',	'2025-02-13 20:12:40.368825',	10,	0,	0,	0,	'1970-01-01 01:00:00+01',	'1970-01-01 01:00:00+01',	'1970-01-01 01:00:00+01',	0,	0.00,	0.00,	0.00),
(9493914714,	'betgohere',	10,	0,	0,	0,	'2025-02-15 09:16:05.192813',	'2025-02-15 09:16:05.192813',	10,	0,	0,	0,	'1970-01-01 01:00:00+01',	'1970-01-01 01:00:00+01',	'1970-01-01 01:00:00+01',	0,	0.00,	0.00,	0.00),
(2135886532,	'pinaki1222',	10,	0,	0,	0,	'2025-02-15 09:57:10.386339',	'2025-02-15 09:57:10.386339',	10,	0,	0,	0,	'1970-01-01 01:00:00+01',	'1970-01-01 01:00:00+01',	'1970-01-01 01:00:00+01',	0,	0.00,	0.00,	0.00),
(1633833479,	'test1',	10,	0,	0,	0,	'2025-02-15 13:53:44.800104',	'2025-02-15 13:53:44.800104',	10,	0,	0,	0,	'1970-01-01 01:00:00+01',	'1970-01-01 01:00:00+01',	'1970-01-01 01:00:00+01',	0,	0.00,	0.00,	0.00),
(6971885625,	'mauzamraaafiu',	10,	0,	0,	0,	'2025-02-19 19:12:53.16597',	'2025-02-19 19:12:53.16597',	10,	0,	0,	0,	'1970-01-01 01:00:00+01',	'1970-01-01 01:00:00+01',	'1970-01-01 01:00:00+01',	0,	0.00,	0.00,	0.00),
(6999979397,	'gam12345',	10,	0,	0,	0,	'2025-02-20 17:48:18.977204',	'2025-02-20 17:48:18.977204',	10,	0,	0,	0,	'1970-01-01 01:00:00+01',	'1970-01-01 01:00:00+01',	'1970-01-01 01:00:00+01',	0,	0.00,	0.00,	0.00),
(5847391558,	'webprakash33',	10,	0,	0,	0,	'2025-02-20 17:49:08.551133',	'2025-02-20 17:49:08.551133',	10,	0,	0,	0,	'1970-01-01 01:00:00+01',	'1970-01-01 01:00:00+01',	'1970-01-01 01:00:00+01',	0,	0.00,	0.00,	0.00),
(6128646483,	'isamrawat',	10,	0,	0,	0,	'2025-02-23 07:37:34.545749',	'2025-02-23 07:37:34.545749',	10,	0,	0,	0,	'1970-01-01 01:00:00+01',	'1970-01-01 01:00:00+01',	'1970-01-01 01:00:00+01',	0,	0.00,	0.00,	0.00),
(7316619519,	'Unais',	10,	0,	0,	0,	'2025-02-23 09:39:32.204797',	'2025-02-23 09:39:32.204797',	10,	0,	0,	0,	'1970-01-01 01:00:00+01',	'1970-01-01 01:00:00+01',	'1970-01-01 01:00:00+01',	0,	0.00,	0.00,	0.00),
(8297939969,	'suchi88',	10,	0,	0,	0,	'2025-02-23 16:49:15.528586',	'2025-02-23 16:49:15.528586',	10,	0,	0,	0,	'1970-01-01 01:00:00+01',	'1970-01-01 01:00:00+01',	'1970-01-01 01:00:00+01',	0,	0.00,	0.00,	0.00),
(8688598384,	'Kamil0011',	10,	0,	0,	0,	'2025-02-24 19:24:36.967425',	'2025-02-24 19:24:36.967425',	10,	0,	0,	0,	'1970-01-01 01:00:00+01',	'1970-01-01 01:00:00+01',	'1970-01-01 01:00:00+01',	0,	0.00,	0.00,	0.00),
(4435549811,	'banker777',	10,	0,	0,	0,	'2025-02-28 18:13:01.575239',	'2025-02-28 18:13:01.575239',	10,	0,	0,	0,	'1970-01-01 01:00:00+01',	'1970-01-01 01:00:00+01',	'1970-01-01 01:00:00+01',	0,	0.00,	0.00,	0.00),
(4127644642,	'MohammedShahin',	10,	0,	0,	0,	'2025-03-01 16:47:49.537889',	'2025-03-01 16:47:49.537889',	10,	0,	0,	0,	'1970-01-01 01:00:00+01',	'1970-01-01 01:00:00+01',	'1970-01-01 01:00:00+01',	0,	0.00,	0.00,	0.00),
(7733958291,	'ThinkCode',	10,	0,	0,	0,	'2025-03-12 19:03:33.831214',	'2025-03-12 19:03:33.831214',	10,	0,	0,	0,	'1970-01-01 01:00:00+01',	'1970-01-01 01:00:00+01',	'1970-01-01 01:00:00+01',	0,	0.00,	0.00,	0.00),
(4947991324,	'Atuldogar',	10,	0,	0,	0,	'2025-03-18 22:15:00.393535',	'2025-03-18 22:15:00.393535',	10,	0,	0,	0,	'1970-01-01 01:00:00+01',	'1970-01-01 01:00:00+01',	'1970-01-01 01:00:00+01',	0,	0.00,	0.00,	0.00),
(3694815195,	'admin ',	10,	0,	0,	0,	'2025-03-14 05:18:32.119025',	'2025-03-14 05:18:32.119025',	10,	0,	0,	0,	'1970-01-01 01:00:00+01',	'1970-01-01 01:00:00+01',	'1970-01-01 01:00:00+01',	0,	0.00,	0.00,	0.00),
(1193717168,	'rahuldkq',	10,	0,	0,	0,	'2025-03-14 05:18:56.649674',	'2025-03-14 05:18:56.649674',	10,	0,	0,	0,	'1970-01-01 01:00:00+01',	'1970-01-01 01:00:00+01',	'1970-01-01 01:00:00+01',	0,	0.00,	0.00,	0.00),
(9473459837,	'Bajisaj',	10,	0,	0,	0,	'2025-03-14 17:47:55.303641',	'2025-03-14 17:47:55.303641',	10,	0,	0,	0,	'1970-01-01 01:00:00+01',	'1970-01-01 01:00:00+01',	'1970-01-01 01:00:00+01',	0,	0.00,	0.00,	0.00),
(4761935237,	'astoneserr',	10,	0,	0,	0,	'2025-03-15 23:50:34.350215',	'2025-03-15 23:50:34.350215',	10,	0,	0,	0,	'1970-01-01 01:00:00+01',	'1970-01-01 01:00:00+01',	'1970-01-01 01:00:00+01',	0,	0.00,	0.00,	0.00),
(7679717551,	'nasrin',	10,	0,	0,	0,	'2025-03-16 02:07:18.040511',	'2025-03-16 02:07:18.040511',	10,	0,	0,	0,	'1970-01-01 01:00:00+01',	'1970-01-01 01:00:00+01',	'1970-01-01 01:00:00+01',	0,	0.00,	0.00,	0.00),
(6899293825,	'helalfokir',	10,	0,	0,	0,	'2025-03-16 10:12:08.5123',	'2025-03-16 10:12:08.5123',	10,	0,	0,	0,	'1970-01-01 01:00:00+01',	'1970-01-01 01:00:00+01',	'1970-01-01 01:00:00+01',	0,	0.00,	0.00,	0.00),
(2452876934,	'Ezze SoftLtd',	10,	0,	0,	0,	'2025-03-16 12:09:04.940207',	'2025-03-16 12:09:04.940207',	10,	0,	0,	0,	'1970-01-01 01:00:00+01',	'1970-01-01 01:00:00+01',	'1970-01-01 01:00:00+01',	0,	0.00,	0.00,	0.00),
(5818325999,	'briandiacon65',	10,	0,	0,	0,	'2025-03-19 03:37:07.776353',	'2025-03-19 03:37:07.776353',	10,	0,	0,	0,	'1970-01-01 01:00:00+01',	'1970-01-01 01:00:00+01',	'1970-01-01 01:00:00+01',	0,	0.00,	0.00,	0.00),
(1366498429,	'andrewcoombs70',	10,	0,	0,	0,	'2025-03-19 11:52:31.694746',	'2025-03-19 11:52:31.694746',	10,	0,	0,	0,	'1970-01-01 01:00:00+01',	'1970-01-01 01:00:00+01',	'1970-01-01 01:00:00+01',	0,	0.00,	0.00,	0.00),
(1632622523,	'mitansh543',	10,	0,	0,	0,	'2025-03-21 19:47:48.588785',	'2025-03-21 19:47:48.588785',	10,	0,	0,	0,	'1970-01-01 01:00:00+01',	'1970-01-01 01:00:00+01',	'1970-01-01 01:00:00+01',	0,	0.00,	0.00,	0.00),
(5829468524,	'mitanshgambhir',	10,	0,	0,	0,	'2025-03-21 20:07:16.717294',	'2025-03-21 20:07:16.717294',	10,	0,	0,	0,	'1970-01-01 01:00:00+01',	'1970-01-01 01:00:00+01',	'1970-01-01 01:00:00+01',	0,	0.00,	0.00,	0.00),
(8776327648,	'ankit',	0,	0,	0,	0,	'2025-05-25 12:25:21.633848',	'2025-05-25 12:25:21.633848',	0,	0,	0,	0,	'1970-01-01 01:00:00+01',	'1970-01-01 01:00:00+01',	'1970-01-01 01:00:00+01',	0,	0.00,	0.00,	0.00),
(8579348729,	'sandeep',	0,	0,	0,	0,	'2025-03-25 03:03:35.058452',	'2025-03-25 03:03:35.058452',	0,	0,	0,	0,	'1970-01-01 01:00:00+01',	'1970-01-01 01:00:00+01',	'1970-01-01 01:00:00+01',	0,	0.00,	0.00,	0.00),
(6978372914,	'NiteshKumar',	0,	0,	0,	0,	'2025-03-25 17:44:19.513719',	'2025-03-25 17:44:19.513719',	0,	0,	0,	0,	'1970-01-01 01:00:00+01',	'1970-01-01 01:00:00+01',	'1970-01-01 01:00:00+01',	0,	0.00,	0.00,	0.00),
(4743455857,	'Aghooriundefined',	0,	0,	0,	0,	'2025-05-25 20:37:34.968226',	'2025-05-25 20:37:34.968226',	0,	0,	0,	0,	'1970-01-01 01:00:00+01',	'1970-01-01 01:00:00+01',	'1970-01-01 01:00:00+01',	0,	0.00,	0.00,	0.00),
(5371693711,	'PinakiBiswas',	0,	0,	0,	0,	'2025-03-30 16:08:04.135337',	'2025-03-30 16:08:04.135337',	0,	0,	0,	0,	'1970-01-01 01:00:00+01',	'1970-01-01 01:00:00+01',	'1970-01-01 01:00:00+01',	0,	0.00,	0.00,	0.00),
(5336881362,	'Md Abdullahundefined',	0,	0,	0,	0,	'2025-03-30 16:38:41.022222',	'2025-03-30 16:38:41.022222',	0,	0,	0,	0,	'1970-01-01 01:00:00+01',	'1970-01-01 01:00:00+01',	'1970-01-01 01:00:00+01',	0,	0.00,	0.00,	0.00),
(3486891429,	'Chirag23',	0,	0,	0,	0,	'2025-06-04 05:49:53.649753',	'2025-06-04 05:49:53.649753',	0,	0,	0,	0,	'1970-01-01 01:00:00+01',	'1970-01-01 01:00:00+01',	'1970-01-01 01:00:00+01',	0,	0.00,	0.00,	0.00),
(7332411431,	'codeFactory',	0,	0,	0,	0,	'2025-04-03 04:31:17.855187',	'2025-04-03 04:31:17.855187',	0,	0,	0,	0,	'1970-01-01 01:00:00+01',	'1970-01-01 01:00:00+01',	'1970-01-01 01:00:00+01',	0,	0.00,	0.00,	0.00),
(5562218972,	'PinakiBiswas',	0,	0,	0,	0,	'2025-04-03 13:25:24.712563',	'2025-04-03 13:25:24.712563',	0,	0,	0,	0,	'1970-01-01 01:00:00+01',	'1970-01-01 01:00:00+01',	'1970-01-01 01:00:00+01',	0,	0.00,	0.00,	0.00),
(9418571134,	'PinakiBiswas',	0,	0,	0,	0,	'2025-04-03 23:29:31.943929',	'2025-04-03 23:29:31.943929',	0,	0,	0,	0,	'1970-01-01 01:00:00+01',	'1970-01-01 01:00:00+01',	'1970-01-01 01:00:00+01',	0,	0.00,	0.00,	0.00),
(5463546477,	'FredricHeriot',	0,	0,	0,	0,	'2025-04-04 06:20:14.872697',	'2025-04-04 06:20:14.872697',	0,	0,	0,	0,	'1970-01-01 01:00:00+01',	'1970-01-01 01:00:00+01',	'1970-01-01 01:00:00+01',	0,	0.00,	0.00,	0.00),
(8849567778,	'apylegend',	0,	0,	0,	0,	'2025-04-05 06:30:27.165864',	'2025-04-05 06:30:27.165864',	0,	0,	0,	0,	'1970-01-01 01:00:00+01',	'1970-01-01 01:00:00+01',	'1970-01-01 01:00:00+01',	0,	0.00,	0.00,	0.00),
(5145764163,	'alammakur2',	0,	0,	0,	0,	'2025-04-05 13:52:44.733894',	'2025-04-05 13:52:44.733894',	0,	0,	0,	0,	'1970-01-01 01:00:00+01',	'1970-01-01 01:00:00+01',	'1970-01-01 01:00:00+01',	0,	0.00,	0.00,	0.00),
(9241136655,	'kumisasali',	0,	0,	0,	0,	'2025-04-05 14:36:48.941343',	'2025-04-05 14:36:48.941343',	0,	0,	0,	0,	'1970-01-01 01:00:00+01',	'1970-01-01 01:00:00+01',	'1970-01-01 01:00:00+01',	0,	0.00,	0.00,	0.00),
(5383517425,	'dareklawrence19',	0,	0,	0,	0,	'2025-04-06 01:00:38.137906',	'2025-04-06 01:00:38.137906',	0,	0,	0,	0,	'1970-01-01 01:00:00+01',	'1970-01-01 01:00:00+01',	'1970-01-01 01:00:00+01',	0,	0.00,	0.00,	0.00),
(3768421269,	'Md Abdullahundefined',	0,	0,	0,	0,	'2025-04-06 11:50:58.226564',	'2025-04-06 11:50:58.226564',	0,	0,	0,	0,	'1970-01-01 01:00:00+01',	'1970-01-01 01:00:00+01',	'1970-01-01 01:00:00+01',	0,	0.00,	0.00,	0.00),
(5768423618,	'Hello222',	0,	0,	0,	0,	'2025-04-06 18:36:02.582043',	'2025-04-06 18:36:02.582043',	0,	0,	0,	0,	'1970-01-01 01:00:00+01',	'1970-01-01 01:00:00+01',	'1970-01-01 01:00:00+01',	0,	0.00,	0.00,	0.00),
(4129171566,	'garryezzy5',	0,	0,	0,	0,	'2025-04-07 05:10:42.357566',	'2025-04-07 05:10:42.357566',	0,	0,	0,	0,	'1970-01-01 01:00:00+01',	'1970-01-01 01:00:00+01',	'1970-01-01 01:00:00+01',	0,	0.00,	0.00,	0.00),
(5169196947,	'saleem bashashaik',	0,	0,	0,	0,	'2025-04-07 16:48:32.864079',	'2025-04-07 16:48:32.864079',	0,	0,	0,	0,	'1970-01-01 01:00:00+01',	'1970-01-01 01:00:00+01',	'1970-01-01 01:00:00+01',	0,	0.00,	0.00,	0.00),
(4452356787,	'SumitaFurlong',	0,	0,	0,	0,	'2025-04-08 00:29:48.112622',	'2025-04-08 00:29:48.112622',	0,	0,	0,	0,	'1970-01-01 01:00:00+01',	'1970-01-01 01:00:00+01',	'1970-01-01 01:00:00+01',	0,	0.00,	0.00,	0.00),
(5416228558,	'Oisy tasnimRahman',	0,	0,	0,	0,	'2025-04-08 13:01:25.966025',	'2025-04-08 13:01:25.966025',	0,	0,	0,	0,	'1970-01-01 01:00:00+01',	'1970-01-01 01:00:00+01',	'1970-01-01 01:00:00+01',	0,	0.00,	0.00,	0.00),
(4199891172,	'Vudooapp',	0,	0,	0,	0,	'2025-06-06 20:58:36.107843',	'2025-06-06 20:58:36.107843',	0,	0,	0,	0,	'1970-01-01 01:00:00+01',	'1970-01-01 01:00:00+01',	'1970-01-01 01:00:00+01',	0,	0.00,	0.00,	0.00),
(8215272485,	'BrockSchneider',	0,	0,	0,	0,	'2025-04-10 00:12:05.523644',	'2025-04-10 00:12:05.523644',	0,	0,	0,	0,	'1970-01-01 01:00:00+01',	'1970-01-01 01:00:00+01',	'1970-01-01 01:00:00+01',	0,	0.00,	0.00,	0.00),
(1995349981,	'faypenfold11',	0,	0,	0,	0,	'2025-04-13 01:35:43.855749',	'2025-04-13 01:35:43.855749',	0,	0,	0,	0,	'1970-01-01 01:00:00+01',	'1970-01-01 01:00:00+01',	'1970-01-01 01:00:00+01',	0,	0.00,	0.00,	0.00),
(1388785165,	'Akunj',	0,	0,	0,	0,	'2025-04-13 12:10:32.113917',	'2025-04-13 12:10:32.113917',	0,	0,	0,	0,	'1970-01-01 01:00:00+01',	'1970-01-01 01:00:00+01',	'1970-01-01 01:00:00+01',	0,	0.00,	0.00,	0.00),
(2537218243,	'Akhil45 ',	0,	0,	0,	0,	'2025-06-07 12:41:06.524898',	'2025-06-07 12:41:06.524898',	0,	0,	0,	0,	'1970-01-01 01:00:00+01',	'1970-01-01 01:00:00+01',	'1970-01-01 01:00:00+01',	0,	0.00,	0.00,	0.00),
(2143677797,	'Faridalado87',	0,	0,	0,	0,	'2025-04-18 00:01:39.846377',	'2025-04-18 00:01:39.846377',	0,	0,	0,	0,	'1970-01-01 01:00:00+01',	'1970-01-01 01:00:00+01',	'1970-01-01 01:00:00+01',	0,	0.00,	0.00,	0.00),
(7588699862,	'simramilano',	0,	0,	0,	0,	'2025-04-19 23:35:47.102456',	'2025-04-19 23:35:47.102456',	0,	0,	0,	0,	'1970-01-01 01:00:00+01',	'1970-01-01 01:00:00+01',	'1970-01-01 01:00:00+01',	0,	0.00,	0.00,	0.00),
(1193157913,	'dashing',	0,	0,	0,	0,	'2025-05-27 07:39:06.231329',	'2025-05-27 07:39:06.231329',	0,	0,	0,	0,	'1970-01-01 01:00:00+01',	'1970-01-01 01:00:00+01',	'1970-01-01 01:00:00+01',	0,	0.00,	0.00,	0.00),
(1286849428,	'Krupali Modi ',	0,	0,	0,	0,	'2025-05-27 11:59:05.831133',	'2025-05-27 11:59:05.831133',	0,	0,	0,	0,	'1970-01-01 01:00:00+01',	'1970-01-01 01:00:00+01',	'1970-01-01 01:00:00+01',	0,	0.00,	0.00,	0.00),
(8747477223,	'Razorshark',	0,	0,	0,	0,	'2025-05-04 08:52:32.658793',	'2025-05-04 08:52:32.658793',	0,	0,	0,	0,	'1970-01-01 01:00:00+01',	'1970-01-01 01:00:00+01',	'1970-01-01 01:00:00+01',	0,	0.00,	0.00,	0.00),
(7772627771,	'chtalha99',	0,	0,	0,	0,	'2025-05-04 10:33:11.666537',	'2025-05-04 10:33:11.666537',	0,	0,	0,	0,	'1970-01-01 01:00:00+01',	'1970-01-01 01:00:00+01',	'1970-01-01 01:00:00+01',	0,	0.00,	0.00,	0.00),
(2286573756,	'DhavalR',	0,	0,	0,	0,	'2025-05-04 16:51:41.176985',	'2025-05-04 16:51:41.176985',	0,	0,	0,	0,	'1970-01-01 01:00:00+01',	'1970-01-01 01:00:00+01',	'1970-01-01 01:00:00+01',	0,	0.00,	0.00,	0.00),
(8528383943,	'hhpp11',	0,	0,	0,	0,	'2025-06-09 04:43:36.773853',	'2025-06-09 04:43:36.773853',	0,	0,	0,	0,	'1970-01-01 01:00:00+01',	'1970-01-01 01:00:00+01',	'1970-01-01 01:00:00+01',	0,	0.00,	0.00,	0.00),
(5966576417,	'Harshdeep ',	0,	0,	0,	0,	'2025-06-09 05:28:38.029552',	'2025-06-09 05:28:38.029552',	0,	0,	0,	0,	'1970-01-01 01:00:00+01',	'1970-01-01 01:00:00+01',	'1970-01-01 01:00:00+01',	0,	0.00,	0.00,	0.00),
(9132512561,	'RazorShark',	0,	0,	0,	0,	'2025-05-04 21:07:55.420229',	'2025-05-04 21:07:55.420229',	0,	0,	0,	0,	'1970-01-01 01:00:00+01',	'1970-01-01 01:00:00+01',	'1970-01-01 01:00:00+01',	0,	0.00,	0.00,	0.00),
(1454754539,	'Slimshady',	0,	0,	0,	0,	'2025-06-02 19:28:21.967074',	'2025-06-02 19:28:21.967074',	0,	0,	0,	0,	'1970-01-01 01:00:00+01',	'1970-01-01 01:00:00+01',	'1970-01-01 01:00:00+01',	0,	0.00,	0.00,	0.00),
(4843155884,	'Alpa7899',	0,	0,	0,	0,	'2025-04-29 08:17:29.795285',	'2025-04-29 08:17:29.795285',	0,	0,	0,	0,	'1970-01-01 01:00:00+01',	'1970-01-01 01:00:00+01',	'1970-01-01 01:00:00+01',	0,	0.00,	0.00,	0.00),
(6764796748,	'MuhammadKashif',	0,	0,	0,	0,	'2025-05-05 01:41:21.465203',	'2025-05-05 01:41:21.465203',	0,	0,	0,	0,	'1970-01-01 01:00:00+01',	'1970-01-01 01:00:00+01',	'1970-01-01 01:00:00+01',	0,	0.00,	0.00,	0.00),
(7162912276,	'Alpa221122',	0,	0,	0,	0,	'2025-04-30 01:27:50.512867',	'2025-04-30 01:27:50.512867',	0,	0,	0,	0,	'1970-01-01 01:00:00+01',	'1970-01-01 01:00:00+01',	'1970-01-01 01:00:00+01',	0,	0.00,	0.00,	0.00),
(8219949787,	'Sameer',	0,	0,	0,	0,	'2025-04-30 09:35:51.890158',	'2025-04-30 09:35:51.890158',	0,	0,	0,	0,	'1970-01-01 01:00:00+01',	'1970-01-01 01:00:00+01',	'1970-01-01 01:00:00+01',	0,	0.00,	0.00,	0.00),
(9733727794,	'bs9090',	0,	0,	0,	0,	'2025-04-30 11:46:56.488679',	'2025-04-30 11:46:56.488679',	0,	0,	0,	0,	'1970-01-01 01:00:00+01',	'1970-01-01 01:00:00+01',	'1970-01-01 01:00:00+01',	0,	0.00,	0.00,	0.00),
(6345297769,	'bhaumikPatel',	0,	0,	0,	0,	'2025-05-06 02:01:29.577723',	'2025-05-06 02:01:29.577723',	0,	0,	0,	0,	'1970-01-01 01:00:00+01',	'1970-01-01 01:00:00+01',	'1970-01-01 01:00:00+01',	0,	0.00,	0.00,	0.00),
(5337925374,	'Artist ',	0,	0,	0,	0,	'2025-05-01 23:19:57.954787',	'2025-05-01 23:19:57.954787',	0,	0,	0,	0,	'1970-01-01 01:00:00+01',	'1970-01-01 01:00:00+01',	'1970-01-01 01:00:00+01',	0,	0.00,	0.00,	0.00),
(4552168448,	'testpro43',	0,	0,	0,	0,	'2025-05-02 07:38:56.741297',	'2025-05-02 07:38:56.741297',	0,	0,	0,	0,	'1970-01-01 01:00:00+01',	'1970-01-01 01:00:00+01',	'1970-01-01 01:00:00+01',	0,	0.00,	0.00,	0.00),
(7996366426,	'Princeundefined',	0,	0,	0,	0,	'2025-05-14 09:57:24.895081',	'2025-05-14 09:57:24.895081',	0,	0,	0,	0,	'1970-01-01 01:00:00+01',	'1970-01-01 01:00:00+01',	'1970-01-01 01:00:00+01',	0,	0.00,	0.00,	0.00),
(2225457775,	'BhaumikkumarPatel',	0,	0,	0,	0,	'2025-05-06 02:54:15.366903',	'2025-05-06 02:54:15.366903',	0,	0,	0,	0,	'1970-01-01 01:00:00+01',	'1970-01-01 01:00:00+01',	'1970-01-01 01:00:00+01',	0,	0.00,	0.00,	0.00),
(9736299442,	'PinakiBiswas',	0,	0,	0,	0,	'2025-05-14 17:56:47.872247',	'2025-05-14 17:56:47.872247',	0,	0,	0,	0,	'1970-01-01 01:00:00+01',	'1970-01-01 01:00:00+01',	'1970-01-01 01:00:00+01',	0,	0.00,	0.00,	0.00),
(9895645362,	'testprocode',	0,	0,	0,	0,	'2025-05-10 07:30:16.477142',	'2025-05-10 07:30:16.477142',	0,	0,	0,	0,	'1970-01-01 01:00:00+01',	'1970-01-01 01:00:00+01',	'1970-01-01 01:00:00+01',	0,	0.00,	0.00,	0.00),
(9313379137,	'Minesh Gandhi',	0,	0,	0,	0,	'2025-05-10 13:42:53.569205',	'2025-05-10 13:42:53.569205',	0,	0,	0,	0,	'1970-01-01 01:00:00+01',	'1970-01-01 01:00:00+01',	'1970-01-01 01:00:00+01',	0,	0.00,	0.00,	0.00),
(5211394534,	'testyop1',	0,	0,	0,	0,	'2025-05-15 13:25:56.920534',	'2025-05-15 13:25:56.920534',	0,	0,	0,	0,	'1970-01-01 01:00:00+01',	'1970-01-01 01:00:00+01',	'1970-01-01 01:00:00+01',	0,	0.00,	0.00,	0.00),
(2953312645,	'Talhasaab55',	0,	0,	0,	0,	'2025-05-16 05:15:49.114757',	'2025-05-16 05:15:49.114757',	0,	0,	0,	0,	'1970-01-01 01:00:00+01',	'1970-01-01 01:00:00+01',	'1970-01-01 01:00:00+01',	0,	0.00,	0.00,	0.00),
(2159655339,	'windsurfundefined',	0,	0,	0,	0,	'2025-05-16 08:32:16.444039',	'2025-05-16 08:32:16.444039',	0,	0,	0,	0,	'1970-01-01 01:00:00+01',	'1970-01-01 01:00:00+01',	'1970-01-01 01:00:00+01',	0,	0.00,	0.00,	0.00),
(9385154743,	'AnisKhan786',	0,	0,	0,	0,	'2025-05-16 11:33:34.008981',	'2025-05-16 11:33:34.008981',	0,	0,	0,	0,	'1970-01-01 01:00:00+01',	'1970-01-01 01:00:00+01',	'1970-01-01 01:00:00+01',	0,	0.00,	0.00,	0.00),
(7965963336,	'green51',	0,	0,	0,	0,	'2025-05-17 03:27:26.564952',	'2025-05-17 03:27:26.564952',	0,	0,	0,	0,	'1970-01-01 01:00:00+01',	'1970-01-01 01:00:00+01',	'1970-01-01 01:00:00+01',	0,	0.00,	0.00,	0.00),
(2946322851,	'akashMollik',	0,	0,	0,	0,	'2025-05-20 19:55:31.693946',	'2025-05-20 19:55:31.693946',	0,	0,	0,	0,	'1970-01-01 01:00:00+01',	'1970-01-01 01:00:00+01',	'1970-01-01 01:00:00+01',	0,	0.00,	0.00,	0.00),
(5337468153,	'AlexRodriguez',	0,	0,	0,	0,	'2025-06-01 17:43:55.688692',	'2025-06-01 17:43:55.688692',	0,	0,	0,	0,	'1970-01-01 01:00:00+01',	'1970-01-01 01:00:00+01',	'1970-01-01 01:00:00+01',	0,	0.00,	0.00,	0.00),
(6643293596,	'Mayank patel',	0,	0,	0,	0,	'2025-06-02 07:56:43.082246',	'2025-06-02 07:56:43.082246',	0,	0,	0,	0,	'1970-01-01 01:00:00+01',	'1970-01-01 01:00:00+01',	'1970-01-01 01:00:00+01',	0,	0.00,	0.00,	0.00),
(7941332911,	'123456',	0,	0,	0,	0,	'2025-05-23 06:03:05.964594',	'2025-05-23 06:03:05.964594',	0,	0,	0,	0,	'1970-01-01 01:00:00+01',	'1970-01-01 01:00:00+01',	'1970-01-01 01:00:00+01',	0,	0.00,	0.00,	0.00),
(2687995931,	'Denisha2408',	0,	0,	0,	0,	'2025-06-02 08:32:22.994496',	'2025-06-02 08:32:22.994496',	0,	0,	0,	0,	'1970-01-01 01:00:00+01',	'1970-01-01 01:00:00+01',	'1970-01-01 01:00:00+01',	0,	0.00,	0.00,	0.00),
(6366836619,	'RICARDOHINOJOSA',	0,	0,	0,	0,	'2025-05-23 15:51:17.712984',	'2025-05-23 15:51:17.712984',	0,	0,	0,	0,	'1970-01-01 01:00:00+01',	'1970-01-01 01:00:00+01',	'1970-01-01 01:00:00+01',	0,	0.00,	0.00,	0.00),
(1111288598,	'EXcentionsundefined',	0,	0,	0,	0,	'2025-05-24 16:44:55.601691',	'2025-05-24 16:44:55.601691',	0,	0,	0,	0,	'1970-01-01 01:00:00+01',	'1970-01-01 01:00:00+01',	'1970-01-01 01:00:00+01',	0,	0.00,	0.00,	0.00),
(7798283414,	'Valiantcodez',	0,	0,	0,	0,	'2025-06-02 17:02:59.914914',	'2025-06-02 17:02:59.914914',	0,	0,	0,	0,	'1970-01-01 01:00:00+01',	'1970-01-01 01:00:00+01',	'1970-01-01 01:00:00+01',	0,	0.00,	0.00,	0.00),
(6725662151,	'RahulA',	0,	0,	0,	0,	'2025-06-03 12:50:52.215916',	'2025-06-03 12:50:52.215916',	0,	0,	0,	0,	'1970-01-01 01:00:00+01',	'1970-01-01 01:00:00+01',	'1970-01-01 01:00:00+01',	0,	0.00,	0.00,	0.00),
(7775881532,	'Ravi Inder Singh',	0,	0,	0,	0,	'2025-06-17 10:57:37.341332',	'2025-06-17 10:57:37.341332',	0,	0,	0,	0,	'1970-01-01 01:00:00+01',	'1970-01-01 01:00:00+01',	'1970-01-01 01:00:00+01',	0,	0.00,	0.00,	0.00),
(6597287794,	'Rajni',	0,	0,	0,	0,	'2025-06-08 14:08:30.035742',	'2025-06-08 14:08:30.035742',	0,	0,	0,	0,	'1970-01-01 01:00:00+01',	'1970-01-01 01:00:00+01',	'1970-01-01 01:00:00+01',	0,	0.00,	0.00,	0.00),
(6141118769,	'VijaySharma',	0,	0,	0,	0,	'2025-06-10 17:19:13.152926',	'2025-06-10 17:19:13.152926',	0,	0,	0,	0,	'1970-01-01 01:00:00+01',	'1970-01-01 01:00:00+01',	'1970-01-01 01:00:00+01',	0,	0.00,	0.00,	0.00),
(2553923689,	'Raosaab',	0,	0,	0,	0,	'2025-05-30 19:02:21.487519',	'2025-05-30 19:02:21.487519',	0,	0,	0,	0,	'1970-01-01 01:00:00+01',	'1970-01-01 01:00:00+01',	'1970-01-01 01:00:00+01',	0,	0.00,	0.00,	0.00),
(2898162437,	'juswa',	0,	0,	0,	0,	'2025-05-31 03:48:09.734851',	'2025-05-31 03:48:09.734851',	0,	0,	0,	0,	'1970-01-01 01:00:00+01',	'1970-01-01 01:00:00+01',	'1970-01-01 01:00:00+01',	0,	0.00,	0.00,	0.00),
(3314427738,	'Asdf4415',	0,	0,	0,	0,	'2025-06-16 07:53:34.342565',	'2025-06-16 07:53:34.342565',	0,	0,	0,	0,	'1970-01-01 01:00:00+01',	'1970-01-01 01:00:00+01',	'1970-01-01 01:00:00+01',	0,	0.00,	0.00,	0.00),
(6752376979,	'Ashish6310',	0,	0,	0,	0,	'2025-06-15 13:21:43.640172',	'2025-06-15 13:21:43.640172',	0,	0,	0,	0,	'1970-01-01 01:00:00+01',	'1970-01-01 01:00:00+01',	'1970-01-01 01:00:00+01',	0,	0.00,	0.00,	0.00),
(6422427183,	'nike1717',	0,	0,	0,	0,	'2025-06-18 16:04:50.759233',	'2025-06-18 16:04:50.759233',	0,	0,	0,	0,	'1970-01-01 01:00:00+01',	'1970-01-01 01:00:00+01',	'1970-01-01 01:00:00+01',	0,	0.00,	0.00,	0.00),
(2966784646,	'Haider khushal ',	0,	0,	0,	0,	'2025-06-15 14:39:49.017399',	'2025-06-15 14:39:49.017399',	0,	0,	0,	0,	'1970-01-01 01:00:00+01',	'1970-01-01 01:00:00+01',	'1970-01-01 01:00:00+01',	0,	0.00,	0.00,	0.00),
(9595339986,	'motheradmin112',	0,	0,	0,	0,	'2025-06-16 12:56:33.280071',	'2025-06-16 12:56:33.280071',	0,	0,	0,	0,	'1970-01-01 01:00:00+01',	'1970-01-01 01:00:00+01',	'1970-01-01 01:00:00+01',	0,	0.00,	0.00,	0.00),
(3757433529,	'GazdaPL',	0,	0,	0,	0,	'2025-06-20 23:06:14.811899',	'2025-06-20 23:06:14.811899',	0,	0,	0,	0,	'1970-01-01 01:00:00+01',	'1970-01-01 01:00:00+01',	'1970-01-01 01:00:00+01',	0,	0.00,	0.00,	0.00),
(5316657942,	'Abc99000',	0,	0,	0,	0,	'2025-06-18 16:14:01.031607',	'2025-06-18 16:14:01.031607',	0,	0,	0,	0,	'1970-01-01 01:00:00+01',	'1970-01-01 01:00:00+01',	'1970-01-01 01:00:00+01',	0,	0.00,	0.00,	0.00),
(8979223287,	'muhammadrao',	0,	0,	0,	0,	'2025-05-04 06:21:32.395278',	'2025-05-04 06:21:32.395278',	0,	0,	0,	0,	'2025-11-23 19:30:00.987297+01',	'2025-11-22 19:30:00.925293+01',	'2025-10-30 19:30:00.409256+01',	0,	0.00,	0.00,	0.00),
(3628692674,	'Devang12345',	0.04814910,	0,	0,	0,	'2025-05-31 09:25:18.962158',	'2025-05-31 09:25:18.962158',	0,	0,	0,	0,	'2025-11-25 19:30:00.359398+01',	'2025-11-22 19:30:00.837774+01',	'2025-10-30 19:30:00.311283+01',	0.04814910,	0.00,	0.00,	0.00),
(7889918643,	'metijumila',	3.202,	0,	0,	0,	'2025-06-22 02:06:19.400483',	'2025-06-22 02:06:19.400483',	0,	0,	0,	0,	'2025-11-23 19:30:00.989624+01',	'2025-11-22 19:30:00.930026+01',	'2025-10-30 19:30:00.414222+01',	3.202,	2050.58,	615.17,	0.00),
(9549422455,	'Shreeg62',	0.12053303,	0,	0,	0,	'2025-04-29 07:05:45.353577',	'2025-04-29 07:05:45.353577',	0,	0,	0,	0,	'2025-11-25 19:30:00.367433+01',	'2025-11-22 19:30:00.841967+01',	'2025-10-30 19:30:00.31761+01',	0.12053303,	0.00,	0.00,	0.00),
(5736888845,	'hifza0090',	0,	0,	0,	0,	'2025-05-04 04:28:29.039422',	'2025-05-04 04:28:29.039422',	0,	0,	0,	0,	'2026-01-09 19:30:01.117228+01',	'2025-11-22 19:30:00.959299+01',	'2025-10-30 19:30:00.44677+01',	0,	0.00,	0.00,	0.00),
(2316169451,	'vpau1211',	2037.09786860245675,	0,	0,	0,	'2025-05-24 00:53:11.57328',	'2025-05-24 00:53:11.57328',	0,	0,	0,	0,	'2026-01-04 19:30:00.885877+01',	'2025-11-22 19:30:00.816175+01',	'2025-10-30 19:30:00.284206+01',	2037.09786860245675,	2293.21,	7218.34,	40271.31),
(3277514842,	'Kunal',	0.00632219,	0,	0,	0,	'2025-05-09 08:52:28.797747',	'2025-05-09 08:52:28.797747',	0,	0,	0,	0,	'2025-11-26 19:30:11.844165+01',	'2025-11-22 19:30:00.905684+01',	'2025-10-30 19:30:00.384255+01',	0.00632219,	0.00,	0.00,	0.00),
(5719817536,	'np1717',	0,	0,	0,	0,	'2025-05-25 16:59:37.75458',	'2025-05-25 16:59:37.75458',	0,	0,	0,	0,	'2025-11-27 19:30:06.397924+01',	'2025-11-22 19:30:00.854+01',	'2025-10-30 19:30:00.332513+01',	0,	0.00,	0.00,	0.00),
(2623884987,	'Bhaumik',	0,	0,	0,	0,	'2025-04-22 00:53:12.319433',	'2025-04-22 00:53:12.319433',	0,	0,	0,	0,	'2025-11-26 19:30:12.168037+01',	'2025-11-22 19:30:00.921436+01',	'2025-10-30 19:30:00.404654+01',	0,	0.00,	0.00,	0.00),
(2357156146,	'marharetparker',	0,	0,	0,	0,	'2025-04-05 13:50:17.504374',	'2025-04-05 13:50:17.504374',	0,	0,	0,	0,	'2026-01-08 19:30:02.71736+01',	'2025-11-22 19:30:00.963355+01',	'2025-10-30 19:30:00.451654+01',	0,	0.00,	0.00,	0.00),
(8518472181,	'PRAGNESHKUMAR',	0.00234958,	0,	0,	0,	'2025-05-26 15:35:33.079912',	'2025-05-26 15:35:33.079912',	0,	0,	0,	0,	'2025-11-23 19:30:00.964552+01',	'2025-11-22 19:30:00.884029+01',	'2025-10-30 19:30:00.36307+01',	0.00234958,	0.00,	0.00,	0.00),
(8761212418,	'RonaldFisher',	0,	0,	0,	0,	'2025-04-08 22:59:54.496036',	'2025-04-08 22:59:54.496036',	0,	0,	0,	0,	'2026-01-07 19:30:01.442633+01',	'2025-11-22 19:30:00.967177+01',	'2025-10-30 19:30:00.456291+01',	0,	0.00,	0.00,	0.00),
(4346516929,	'caremily725',	0,	0,	0,	0,	'2025-04-13 10:22:52.204355',	'2025-04-13 10:22:52.204355',	0,	0,	0,	0,	'2026-01-06 19:30:00.461996+01',	'2025-11-22 19:30:00.971391+01',	'2025-10-30 19:30:00.460552+01',	0,	0.00,	0.00,	0.00),
(2858765375,	'Glen Maxwell',	0.07097873,	0,	0,	0,	'2025-06-02 08:33:54.511382',	'2025-06-02 08:33:54.511382',	0,	0,	0,	0,	'2026-01-10 19:30:01.185254+01',	'2025-11-22 19:30:00.976004+01',	'2025-10-30 19:30:00.466084+01',	0.07097873,	0.00,	0.00,	0.00),
(8324343875,	'Rs Transportundefined',	0,	0,	0,	0,	'2025-04-11 22:29:35.760764',	'2025-04-11 22:29:35.760764',	0,	0,	0,	0,	'2026-01-06 19:30:00.18968+01',	'2025-11-22 19:30:00.806926+01',	'2025-10-30 19:30:00.269695+01',	0,	0.00,	0.00,	0.00),
(5664694811,	'testpro5',	4700.038,	360,	920,	20,	'2024-12-02 21:26:34.284677',	'2025-05-24 18:02:25.801827',	20,	0,	0,	0,	'2026-01-05 19:30:00.117901+01',	'2025-11-22 19:30:00.812327+01',	'2025-10-30 19:30:00.276604+01',	0.038,	178.00,	111.35,	15.13),
(9386944833,	'surgicalgoods',	0,	0,	0,	0,	'2025-03-31 01:10:57.303388',	'2025-03-31 01:10:57.303388',	0,	0,	0,	0,	'2025-11-26 19:30:05.810103+01',	'2025-11-22 19:30:00.823793+01',	'2025-10-30 19:30:00.294513+01',	0,	0.00,	0.00,	0.00),
(3392344192,	'RushitPrajapati',	0,	0,	0,	0,	'2025-04-30 23:58:33.844068',	'2025-04-30 23:58:33.844068',	0,	0,	0,	0,	'2026-01-12 19:30:00.640743+01',	'2025-11-22 19:30:00.87531+01',	'2025-10-30 19:30:00.354457+01',	0,	0.00,	0.00,	0.00),
(8437391727,	'astar129519',	2.0,	0,	0,	0,	'2025-06-22 03:25:21.010781',	'2025-06-22 03:25:21.010781',	0,	0,	0,	0,	'2025-11-27 19:30:09.886274+01',	'2025-11-22 19:30:00.897195+01',	'2025-10-30 19:30:00.375517+01',	2.0,	1024.66,	307.39,	0.00),
(8862468355,	'sahab7890',	1.2,	0,	0,	0,	'2025-07-18 08:10:42.309266',	'2025-07-18 08:10:42.309266',	0,	0,	0,	0,	'2025-11-26 19:30:11.284741+01',	'2025-11-22 19:30:00.901442+01',	'2025-10-30 19:30:00.379905+01',	1.2,	0.00,	0.00,	0.00),
(4628619788,	'Sabbirpatel',	0,	0,	0,	0,	'2025-04-06 01:15:27.798859',	'2025-04-06 01:15:27.798859',	0,	0,	0,	0,	'2026-01-10 19:30:00.990543+01',	'2025-11-22 19:30:00.95581+01',	'2025-10-30 19:30:00.441082+01',	0,	0.00,	0.00,	0.00),
(7275244327,	'stevemraja',	0,	0,	0,	0,	'2026-01-06 09:46:23.104088',	'2026-01-06 09:46:23.104088',	0,	0,	0,	0,	NULL,	NULL,	NULL,	0,	0.00,	0.00,	0.00),
(5156441594,	'xxcyprus',	0,	0,	0,	0,	'2025-12-27 13:38:43.309456',	'2025-12-27 13:38:43.309456',	0,	0,	0,	0,	NULL,	NULL,	NULL,	0,	0.00,	0.00,	0.00),
(1865381167,	'Georgem196060',	0,	0,	0,	0,	'2025-04-12 23:40:55.167518',	'2025-04-12 23:40:55.167518',	0,	0,	0,	0,	'2026-01-04 19:30:01.28354+01',	'2025-11-22 19:30:00.980742+01',	'2025-10-30 19:30:00.47011+01',	0,	0.00,	0.00,	0.00),
(1674515952,	'Sonik',	0,	0,	0,	0,	'2025-04-30 23:36:37.819948',	'2025-04-30 23:36:37.819948',	0,	0,	0,	0,	'2026-01-09 19:30:01.186029+01',	'2025-11-22 19:30:00.985058+01',	'2025-10-30 19:30:00.474224+01',	0,	0.00,	0.00,	0.00),
(4414779818,	'hjk8789',	0,	0,	0,	0,	'2025-12-02 07:24:31.860135',	'2025-12-02 07:24:31.860135',	0,	0,	0,	0,	NULL,	NULL,	NULL,	0,	0.00,	0.00,	0.00),
(1429468496,	'arif ',	0,	0,	0,	0,	'2025-10-09 19:44:06.768146',	'2025-10-09 19:44:06.768146',	0,	0,	0,	0,	'2026-01-08 19:30:03.402705+01',	'2025-11-22 19:30:00.989008+01',	'2025-10-30 19:30:00.479638+01',	0,	0.00,	0.00,	0.00),
(6898756516,	'jameswilson195',	0,	0,	0,	0,	'2025-04-06 00:41:52.006522',	'2025-04-06 00:41:52.006522',	0,	0,	0,	0,	'2026-01-07 19:30:02.158137+01',	'2025-11-22 19:30:00.992845+01',	'2025-10-30 19:30:00.48418+01',	0,	0.00,	0.00,	0.00),
(3638658674,	'Jjatinv',	0.01833546,	0,	0,	0,	'2025-07-07 12:50:25.436044',	'2025-07-07 12:50:25.436044',	0,	0,	0,	0,	'2026-01-06 19:30:00.518865+01',	'2025-11-22 19:30:00.996946+01',	'2025-10-30 19:30:00.488492+01',	0.01833546,	0.00,	0.00,	0.00);

CREATE TABLE "public"."userconfig" (
    "uid" bigint NOT NULL,
    "registerbonus" numeric DEFAULT '0' NOT NULL,
    "affiliatebonus" numeric DEFAULT '0' NOT NULL,
    "comissionpercent" numeric DEFAULT '0' NOT NULL,
    "clubrake" numeric DEFAULT '0' NOT NULL,
    "sports" boolean DEFAULT true NOT NULL,
    "inr" boolean DEFAULT true NOT NULL,
    "mvr" boolean DEFAULT true NOT NULL,
    "aed" boolean DEFAULT true NOT NULL,
    "pkr" boolean DEFAULT true NOT NULL,
    "cryptocoin" boolean DEFAULT true NOT NULL,
    "bjb" boolean DEFAULT true NOT NULL,
    "casino" boolean DEFAULT true NOT NULL,
    "lotto" boolean DEFAULT true NOT NULL,
    "vipclub" boolean DEFAULT true NOT NULL,
    "clubmembership" boolean DEFAULT true NOT NULL,
    "bonus" boolean DEFAULT true NOT NULL,
    "affiliate" boolean DEFAULT true NOT NULL,
    "crash" boolean DEFAULT true NOT NULL,
    "originals" boolean DEFAULT true NOT NULL,
    "livegames" boolean DEFAULT true NOT NULL,
    "slotsgames" boolean DEFAULT true NOT NULL,
    "alllivegames" boolean DEFAULT true NOT NULL,
    "allslotsgames" boolean DEFAULT true NOT NULL,
    "lotterygames" boolean DEFAULT true NOT NULL,
    "indiangames" boolean DEFAULT true NOT NULL,
    "cards" boolean DEFAULT true NOT NULL,
    "jilli" boolean DEFAULT true NOT NULL,
    "bdt" boolean DEFAULT true NOT NULL,
    "instantgames" boolean DEFAULT true NOT NULL,
    "btc" boolean DEFAULT true NOT NULL,
    "eth" boolean DEFAULT true NOT NULL,
    "ltc" boolean DEFAULT true NOT NULL,
    "bch" boolean DEFAULT true NOT NULL,
    "usdt" boolean DEFAULT true NOT NULL,
    "trx" boolean DEFAULT true NOT NULL,
    "doge" boolean DEFAULT true NOT NULL,
    "ada" boolean DEFAULT true NOT NULL,
    "xrp" boolean DEFAULT true NOT NULL,
    "bnb" boolean DEFAULT true NOT NULL,
    "usdp" boolean DEFAULT true NOT NULL,
    "nexo" boolean DEFAULT true NOT NULL,
    "mkr" boolean DEFAULT true NOT NULL,
    "tusd" boolean DEFAULT true NOT NULL,
    "usdc" boolean DEFAULT true NOT NULL,
    "busd" boolean DEFAULT true NOT NULL,
    "nc" boolean DEFAULT true NOT NULL,
    "npr" boolean DEFAULT true NOT NULL,
    "shib" boolean DEFAULT true NOT NULL,
    "matic" boolean DEFAULT true NOT NULL,
    "sc" boolean DEFAULT true NOT NULL,
    "spribe" boolean DEFAULT true NOT NULL,
    "evolution" boolean DEFAULT true NOT NULL,
    "pragmaticslots" boolean DEFAULT true NOT NULL,
    "pragmaticlive" boolean DEFAULT true NOT NULL,
    "ideal" boolean DEFAULT true NOT NULL,
    "microgaming" boolean DEFAULT true NOT NULL,
    "pgsoft" boolean DEFAULT true NOT NULL,
    "hacksawgaming" boolean DEFAULT true NOT NULL,
    "jili" boolean DEFAULT true NOT NULL,
    "netent" boolean DEFAULT true NOT NULL,
    "esports" boolean DEFAULT true NOT NULL,
    "provablyfair" boolean DEFAULT true NOT NULL,
    "createdat" timestamptz DEFAULT now() NOT NULL,
    "updatedat" timestamptz DEFAULT now() NOT NULL,
    CONSTRAINT "userconfig_pkey" PRIMARY KEY ("uid"),
    CONSTRAINT "userconfig_uid_fkey" FOREIGN KEY (uid) REFERENCES users(id) ON DELETE CASCADE NOT DEFERRABLE
) WITH (oids = false);

INSERT INTO "userconfig" ("uid", "registerbonus", "affiliatebonus", "comissionpercent", "clubrake", "sports", "inr", "mvr", "aed", "pkr", "cryptocoin", "bjb", "casino", "lotto", "vipclub", "clubmembership", "bonus", "affiliate", "crash", "originals", "livegames", "slotsgames", "alllivegames", "allslotsgames", "lotterygames", "indiangames", "cards", "jilli", "bdt", "instantgames", "btc", "eth", "ltc", "bch", "usdt", "trx", "doge", "ada", "xrp", "bnb", "usdp", "nexo", "mkr", "tusd", "usdc", "busd", "nc", "npr", "shib", "matic", "sc", "spribe", "evolution", "pragmaticslots", "pragmaticlive", "ideal", "microgaming", "pgsoft", "hacksawgaming", "jili", "netent", "esports", "provablyfair", "createdat", "updatedat") VALUES
(2386483727,	0,	0,	0,	0,	't',	't',	't',	't',	't',	't',	't',	't',	't',	't',	't',	't',	't',	't',	't',	't',	't',	't',	't',	't',	't',	't',	't',	't',	't',	't',	't',	't',	't',	't',	't',	't',	't',	't',	't',	't',	't',	't',	't',	't',	't',	't',	't',	't',	't',	't',	't',	't',	't',	't',	't',	't',	't',	't',	't',	't',	't',	't',	'2025-07-29 08:06:12.239169+02',	'2025-07-29 08:06:12.239169+02');

CREATE TABLE "public"."users" (
    "id" bigint NOT NULL,
    "name" text NOT NULL,
    "email" text,
    "password" text NOT NULL,
    "balance" json,
    "created" timestamptz DEFAULT now(),
    "profit" json,
    "avatar" text,
    "wallet" json,
    "profit_high" json,
    "profit_low" json,
    "muted" boolean DEFAULT false,
    "games_played" bigint DEFAULT '0' NOT NULL,
    "level" bigint DEFAULT '1' NOT NULL,
    "friends" text,
    "slot_uid" bigint DEFAULT '0',
    "slot_coin" text,
    "password2" character varying,
    "isb" boolean DEFAULT false,
    "two_fa" text,
    "two_fa_status" boolean DEFAULT false,
    "rakeback" numeric DEFAULT '0',
    "rakeamount" numeric DEFAULT '0',
    "referalcode" text,
    "refree" text,
    "referral_link" text,
    "phone" text,
    "country" text,
    "parent_staff_id" integer,
    "role_id" integer,
    "bonus_type" text,
    CONSTRAINT "unique_email" UNIQUE ("email"),
    CONSTRAINT "users_pkey" PRIMARY KEY ("id"),
    CONSTRAINT "users_parent_staff_id_fkey" FOREIGN KEY (parent_staff_id) REFERENCES staff(id) NOT DEFERRABLE
) WITH (oids = false);

INSERT INTO "users" ("id", "name", "email", "password", "balance", "created", "profit", "avatar", "wallet", "profit_high", "profit_low", "muted", "games_played", "level", "friends", "slot_uid", "slot_coin", "password2", "isb", "two_fa", "two_fa_status", "rakeback", "rakeamount", "referalcode", "refree", "referral_link", "phone", "country", "parent_staff_id", "role_id", "bonus_type") VALUES
(4414779818,	'hjk8789',	'yoyeyih538@besenica.com',	'$2a$10$6g4FKvHHz3hmDpVLXUExXueM8e9fNMGrIGYippXFWA1cae0fyO2Bi',	NULL,	'2025-12-02 07:24:31.850826+01',	'{"btc":"0.00000000","eth":"0.00000000","usdt":"0.00000000","bch":"0.00000000","ltc":"0.00000000","trx":"0.00000000","doge":"0.00000000","ada":"0.00000000","xrp":"0.00000000","bnb":"0.00000000","usdp":"0.00000000","nexo":"0.00000000","mkr":"0.00000000","tusd":"0.00000000","usdc":"0.00000000","busd":"0.00000000","inr":"0.00000000","sc":"0.00000000","mvr":"0.00000000","bjt":"0.00000000","aed":"0.00000000","npr":"0.00000000","pkr":"0.00000000"}',	'http://localhost:9005/uploads/avatar.png',	'{"btc":null,"eth":null,"ltc":null,"bch":null,"usdt":null,"trx":null,"nc":null,"doge":null,"ada":null,"xrp":null,"bnb":null,"usdp":null,"nexo":null,"mkr":null,"tusd":null,"usdc":null,"busd":null,"inr":null,"sc":null,"mvr":null,"bjt":null,"aed":null,"npr":null,"pkr":null}',	'{"btc":"0.00000000","eth":"0.00000000","usdt":"0.00000000","bch":"0.00000000","ltc":"0.00000000","trx":"0.00000000","doge":"0.00000000","ada":"0.00000000","xrp":"0.00000000","bnb":"0.00000000","usdp":"0.00000000","nexo":"0.00000000","mkr":"0.00000000","tusd":"0.00000000","usdc":"0.00000000","busd":"0.00000000","inr":"0.00000000","sc":"0.00000000","mvr":"0.00000000","bjt":"0.00000000","aed":"0.00000000","npr":"0.00000000","pkr":"0.00000000"}',	'{"btc":"0.00000000","eth":"0.00000000","usdt":"0.00000000","bch":"0.00000000","ltc":"0.00000000","trx":"0.00000000","doge":"0.00000000","ada":"0.00000000","xrp":"0.00000000","bnb":"0.00000000","usdp":"0.00000000","nexo":"0.00000000","mkr":"0.00000000","tusd":"0.00000000","usdc":"0.00000000","busd":"0.00000000","inr":"0.00000000","sc":"0.00000000","mvr":"0.00000000","bjt":"0.00000000","aed":"0.00000000","npr":"0.00000000","pkr":"0.00000000"}',	'f',	0,	1,	'Support,',	0,	NULL,	'Nitesh@1998',	'f',	NULL,	'f',	0,	0,	'hjkR0RaI',	NULL,	'https://bitcoinjito.com/referal/hjkR0RaI',	'9876543210',	'IN',	NULL,	NULL,	NULL),
(5234034987,	'tesall',	'testUser1@gmail.com',	'$2b$10$rJjYxDHwXUPZ2KmynXPQ9OypXTbaCYmfKoC3qoEVDCfMdu4KX2q3m',	NULL,	'2025-12-18 12:05:56.535777+01',	'{"btc":"0.00000000","eth":"0.00000000","usdt":"0.00000000","bch":"0.00000000","ltc":"0.00000000","trx":"0.00000000","doge":"0.00000000","ada":"0.00000000","xrp":"0.00000000","bnb":"0.00000000","usdp":"0.00000000","nexo":"0.00000000","mkr":"0.00000000","tusd":"0.00000000","usdc":"0.00000000","busd":"0.00000000","inr":"0.00000000","sc":"0.00000000","mvr":"0.00000000","bjt":"0.00000000","aed":"0.00000000","npr":"0.00000000","pkr":"0.00000000"}',	NULL,	'{"btc":null,"eth":null,"ltc":null,"bch":null,"usdt":null,"trx":null,"nc":null,"doge":null,"ada":null,"xrp":null,"bnb":null,"usdp":null,"nexo":null,"mkr":null,"tusd":null,"usdc":null,"busd":null,"inr":null,"sc":null,"mvr":null,"bjt":null,"aed":null,"npr":null,"pkr":null}',	'{"btc":"0.00000000","eth":"0.00000000","usdt":"0.00000000","bch":"0.00000000","ltc":"0.00000000","trx":"0.00000000","doge":"0.00000000","ada":"0.00000000","xrp":"0.00000000","bnb":"0.00000000","usdp":"0.00000000","nexo":"0.00000000","mkr":"0.00000000","tusd":"0.00000000","usdc":"0.00000000","busd":"0.00000000","inr":"0.00000000","sc":"0.00000000","mvr":"0.00000000","bjt":"0.00000000","aed":"0.00000000","npr":"0.00000000","pkr":"0.00000000"}',	'{"btc":"0.00000000","eth":"0.00000000","usdt":"0.00000000","bch":"0.00000000","ltc":"0.00000000","trx":"0.00000000","doge":"0.00000000","ada":"0.00000000","xrp":"0.00000000","bnb":"0.00000000","usdp":"0.00000000","nexo":"0.00000000","mkr":"0.00000000","tusd":"0.00000000","usdc":"0.00000000","busd":"0.00000000","inr":"0.00000000","sc":"0.00000000","mvr":"0.00000000","bjt":"0.00000000","aed":"0.00000000","npr":"0.00000000","pkr":"0.00000000"}',	'f',	0,	1,	'Support,',	0,	NULL,	'Test@123',	'f',	NULL,	'f',	0,	0,	'tesJ2Fjm',	NULL,	'https://wwtitans.com/referal/tesJ2Fjm',	'7623615236',	'IN',	1,	6,	NULL),
(5156441594,	'xxcyprus',	'miketorresseo@gmail.com',	'$2a$10$2GIb2EbgwvSzq4/37W4FwukJ0W6KYPQarPbXw84o1pc4p9rXWaus.',	NULL,	'2025-12-27 13:38:43.299263+01',	'{"btc":"0.00000000","eth":"0.00000000","usdt":"0.00000000","bch":"0.00000000","ltc":"0.00000000","trx":"0.00000000","doge":"0.00000000","ada":"0.00000000","xrp":"0.00000000","bnb":"0.00000000","usdp":"0.00000000","nexo":"0.00000000","mkr":"0.00000000","tusd":"0.00000000","usdc":"0.00000000","busd":"0.00000000","inr":"0.00000000","sc":"0.00000000","mvr":"0.00000000","bjt":"0.00000000","aed":"0.00000000","npr":"0.00000000","pkr":"0.00000000"}',	'http://localhost:9005/uploads/avatar.png',	'{"btc":null,"eth":null,"ltc":null,"bch":null,"usdt":null,"trx":null,"nc":null,"doge":null,"ada":null,"xrp":null,"bnb":null,"usdp":null,"nexo":null,"mkr":null,"tusd":null,"usdc":null,"busd":null,"inr":null,"sc":null,"mvr":null,"bjt":null,"aed":null,"npr":null,"pkr":null}',	'{"btc":"0.00000000","eth":"0.00000000","usdt":"0.00000000","bch":"0.00000000","ltc":"0.00000000","trx":"0.00000000","doge":"0.00000000","ada":"0.00000000","xrp":"0.00000000","bnb":"0.00000000","usdp":"0.00000000","nexo":"0.00000000","mkr":"0.00000000","tusd":"0.00000000","usdc":"0.00000000","busd":"0.00000000","inr":"0.00000000","sc":"0.00000000","mvr":"0.00000000","bjt":"0.00000000","aed":"0.00000000","npr":"0.00000000","pkr":"0.00000000"}',	'{"btc":"0.00000000","eth":"0.00000000","usdt":"0.00000000","bch":"0.00000000","ltc":"0.00000000","trx":"0.00000000","doge":"0.00000000","ada":"0.00000000","xrp":"0.00000000","bnb":"0.00000000","usdp":"0.00000000","nexo":"0.00000000","mkr":"0.00000000","tusd":"0.00000000","usdc":"0.00000000","busd":"0.00000000","inr":"0.00000000","sc":"0.00000000","mvr":"0.00000000","bjt":"0.00000000","aed":"0.00000000","npr":"0.00000000","pkr":"0.00000000"}',	'f',	0,	1,	'Support,',	0,	NULL,	'JAckpot12@@',	'f',	NULL,	'f',	0,	0,	'xxcXSLIt',	NULL,	'https://bitcoinjito.com/referal/xxcXSLIt',	'4334343443',	'US',	NULL,	NULL,	NULL),
(7275244327,	'stevemraja',	'stevemcaliber@gmail.com',	'$2a$10$uThbM0uqZKTT3CJSgpFIrO4Wb6TZrrqCFzZO94vWBlBRJ8JrtIKt.',	NULL,	'2026-01-06 09:46:23.062011+01',	'{"btc":"0.00000000","eth":"0.00000000","usdt":"0.00000000","bch":"0.00000000","ltc":"0.00000000","trx":"0.00000000","doge":"0.00000000","ada":"0.00000000","xrp":"0.00000000","bnb":"0.00000000","usdp":"0.00000000","nexo":"0.00000000","mkr":"0.00000000","tusd":"0.00000000","usdc":"0.00000000","busd":"0.00000000","inr":"0.00000000","sc":"0.00000000","mvr":"0.00000000","bjt":"0.00000000","aed":"0.00000000","npr":"0.00000000","pkr":"0.00000000"}',	'http://localhost:9005/uploads/avatar.png',	'{"btc":null,"eth":null,"ltc":null,"bch":null,"usdt":null,"trx":null,"nc":null,"doge":null,"ada":null,"xrp":null,"bnb":null,"usdp":null,"nexo":null,"mkr":null,"tusd":null,"usdc":null,"busd":null,"inr":null,"sc":null,"mvr":null,"bjt":null,"aed":null,"npr":null,"pkr":null}',	'{"btc":"0.00000000","eth":"0.00000000","usdt":"0.00000000","bch":"0.00000000","ltc":"0.00000000","trx":"0.00000000","doge":"0.00000000","ada":"0.00000000","xrp":"0.00000000","bnb":"0.00000000","usdp":"0.00000000","nexo":"0.00000000","mkr":"0.00000000","tusd":"0.00000000","usdc":"0.00000000","busd":"0.00000000","inr":"0.00000000","sc":"0.00000000","mvr":"0.00000000","bjt":"0.00000000","aed":"0.00000000","npr":"0.00000000","pkr":"0.00000000"}',	'{"btc":"0.00000000","eth":"0.00000000","usdt":"0.00000000","bch":"0.00000000","ltc":"0.00000000","trx":"0.00000000","doge":"0.00000000","ada":"0.00000000","xrp":"0.00000000","bnb":"0.00000000","usdp":"0.00000000","nexo":"0.00000000","mkr":"0.00000000","tusd":"0.00000000","usdc":"0.00000000","busd":"0.00000000","inr":"0.00000000","sc":"0.00000000","mvr":"0.00000000","bjt":"0.00000000","aed":"0.00000000","npr":"0.00000000","pkr":"0.00000000"}',	'f',	0,	1,	'Support,',	0,	NULL,	'Secure@123',	'f',	NULL,	'f',	0,	0,	'steMZ3Ec',	NULL,	'https://bitcoinjito.com/referal/steMZ3Ec',	'7836827933',	'IN',	NULL,	NULL,	NULL),
(2386483727,	'testpro25',	'tgsh@gmail.com',	'$2a$10$2beRDxQe50JrErd8yVKSv.nB8v6ASVIG3nealoIEY/e74wD/290vG',	NULL,	'2025-05-25 11:56:00.534828+02',	'{"btc":"0.00000000","eth":"0.00000000","usdt":"-90000.00000000","bch":"0.00000000","ltc":"0.00000000","trx":"0.00000000","doge":"0.00000000","ada":"0.00000000","xrp":"0.00000000","bnb":"0.00000000","usdp":"0.00000000","nexo":"0.00000000","mkr":"0.00000000","tusd":"0.00000000","usdc":"0.00000000","busd":"0.00000000","inr":"0.00000000","sc":"0.00000000","mvr":"0.00000000","bjt":"0.00000000","aed":"0.00000000","npr":"0.00000000","pkr":"0.00000000"}',	'http://localhost:3005/uploads/avatar.png',	'{"btc":null,"eth":null,"ltc":null,"bch":null,"usdt":null,"trx":null,"nc":null,"doge":null,"ada":null,"xrp":null,"bnb":null,"usdp":null,"nexo":null,"mkr":null,"tusd":null,"usdc":null,"busd":null,"inr":null,"sc":null,"mvr":null,"bjt":null,"aed":null,"npr":null,"pkr":null}',	'{"btc":"0.00000000","eth":"0.00000000","usdt":"0.00000000","bch":"0.00000000","ltc":"0.00000000","trx":"0.00000000","doge":"0.00000000","ada":"0.00000000","xrp":"0.00000000","bnb":"0.00000000","usdp":"0.00000000","nexo":"0.00000000","mkr":"0.00000000","tusd":"0.00000000","usdc":"0.00000000","busd":"0.00000000","inr":"0.00000000","sc":"0.00000000","mvr":"0.00000000","bjt":"0.00000000","aed":"0.00000000","npr":"0.00000000","pkr":"0.00000000"}',	'{"btc":"0.00000000","eth":"0.00000000","usdt":"0.00000000","bch":"0.00000000","ltc":"0.00000000","trx":"0.00000000","doge":"0.00000000","ada":"0.00000000","xrp":"0.00000000","bnb":"0.00000000","usdp":"0.00000000","nexo":"0.00000000","mkr":"0.00000000","tusd":"0.00000000","usdc":"0.00000000","busd":"0.00000000","inr":"0.00000000","sc":"0.00000000","mvr":"0.00000000","bjt":"0.00000000","aed":"0.00000000","npr":"0.00000000","pkr":"0.00000000"}',	'f',	0,	1,	'Support,',	0,	NULL,	'Prameet@234',	'f',	NULL,	'f',	11,	0,	'tesPxpgs',	NULL,	'https://jackpot.com/referal/tesPxpgs',	'07317655523',	'IN',	NULL,	6,	NULL);

CREATE TABLE "public"."userwager" (
    "uid" bigint NOT NULL,
    "wager" text NOT NULL,
    CONSTRAINT "unique_uid" UNIQUE ("uid")
) WITH (oids = false);

CREATE INDEX "idx_userwager_uid" ON "public"."userwager" USING btree ("uid");

INSERT INTO "userwager" ("uid", "wager") VALUES
(7565738583,	'43,211.33237'),
(8437391727,	'212,984.00000'),
(1756955955,	'2,950.36867'),
(5622472729,	'16,740,588.43156'),
(4282877222,	'176.12600'),
(1674515952,	'24.05583'),
(6734945268,	'43,981.34400'),
(8979223287,	'149.80000'),
(9341739861,	'190.95000'),
(2357156146,	'2.99875'),
(4628619788,	'39.98480'),
(3392344192,	'83.92694'),
(2316169451,	'1,362,728.61395'),
(9386944833,	'50,200.90000'),
(3638658674,	'10.91460'),
(4538199471,	'3.50460'),
(8761212418,	'86,428.87680'),
(3277514842,	'283.43986'),
(6898756516,	'124,139.53332'),
(8518472181,	'1.17479'),
(5412528149,	'5000'),
(4702136905,	'1.70253'),
(3539129629,	'9.20450'),
(8324343875,	'163,768.40192'),
(3628692674,	'23.95769'),
(8159361759,	'359,529.00000'),
(5736888845,	'261.20000'),
(8862468355,	'358,890.60000'),
(4346516929,	'601,405.69327'),
(1999615615,	'30.40000'),
(2623884987,	'1,259.58614'),
(2219676626,	'116.28090'),
(1865381167,	'178,081.31628'),
(4548539872,	'308.40005'),
(2858765375,	'34.69501'),
(1191946245,	'1,132.62000'),
(1518654639,	'92.70000'),
(1595383755,	'121.70000'),
(9549422455,	'298.96673'),
(5719817536,	'13.19789'),
(2579393191,	'0.00000'),
(4631193935,	'320,742.31000'),
(4216414382,	'1.13388'),
(1429468496,	'12.00000'),
(3194948292,	'93.00000'),
(7889918643,	'981,852.94893'),
(2627859968,	'116,092.75768'),
(5664694811,	'979,596.42707'),
(2386483727,	'89,893.71000');

DROP SEQUENCE IF EXISTS userwager_history_id_seq;
CREATE SEQUENCE userwager_history_id_seq INCREMENT 1 MINVALUE 1 MAXVALUE 9223372036854775807 START 1 CACHE 1;

CREATE TABLE "public"."userwager_history" (
    "id" bigint DEFAULT nextval('userwager_history_id_seq') NOT NULL,
    "uid" bigint NOT NULL,
    "previous_wager" text NOT NULL,
    "new_wager" text NOT NULL,
    "updated_at" timestamptz DEFAULT now(),
    CONSTRAINT "userwager_history_pkey" PRIMARY KEY ("id"),
    CONSTRAINT "userwager_history_uid_fkey" FOREIGN KEY (uid) REFERENCES userwager(uid) ON DELETE CASCADE NOT DEFERRABLE
) WITH (oids = false);

CREATE INDEX "idx_userwager_history_uid_updated_at" ON "public"."userwager_history" USING btree ("uid", "updated_at");

COMMENT ON TABLE "public"."userwager_history" IS 'Stores history of user wager updates';

COMMENT ON COLUMN "public"."userwager_history"."uid" IS 'User ID from userwager table';

COMMENT ON COLUMN "public"."userwager_history"."previous_wager" IS 'Wager amount before update';

COMMENT ON COLUMN "public"."userwager_history"."new_wager" IS 'Wager amount after update';

COMMENT ON COLUMN "public"."userwager_history"."updated_at" IS 'Timestamp of the update';

INSERT INTO "userwager_history" ("id", "uid", "previous_wager", "new_wager", "updated_at") VALUES
(1,	5664694811,	'1222545.55091',	'981,468.42806',	'2025-11-25 10:19:50.502695+01'),
(2,	5664694811,	'981468.42806',	'979,596.42707',	'2025-11-25 10:28:38.807605+01'),
(3,	5664694811,	'981468.42806',	'979,596.42707',	'2025-11-25 10:28:38.807605+01'),
(4,	2386483727,	'89988.76971',	'89,987.76000',	'2025-11-25 13:09:07.410099+01'),
(5,	2386483727,	'89988.76971',	'89,987.76000',	'2025-11-25 13:09:07.410099+01'),
(6,	2386483727,	'89987.76',	'89,983.26000',	'2025-11-25 13:21:04.699645+01'),
(7,	2386483727,	'89983.26',	'89,986.50000',	'2025-11-25 13:31:05.787379+01'),
(8,	2386483727,	'89986.5',	'89,994.51000',	'2025-11-25 13:40:09.890229+01'),
(10,	2386483727,	'89994.51',	'89,987.40000',	'2025-11-25 14:23:21.421384+01'),
(11,	2386483727,	'89987.4',	'89,979.12000',	'2025-11-25 14:30:31.92041+01'),
(12,	2386483727,	'89987.4',	'89,979.12000',	'2025-11-25 14:30:31.92041+01'),
(13,	2386483727,	'89979.12',	'89,985.42000',	'2025-11-25 14:41:38.362929+01'),
(14,	2386483727,	'89985.42',	'89,980.74000',	'2025-11-25 14:53:57.097413+01'),
(15,	2386483727,	'89980.74',	'89,982.18000',	'2025-11-25 15:10:12.9128+01'),
(16,	2386483727,	'89982.18',	'89,969.85000',	'2025-11-25 15:30:58.83871+01'),
(17,	2386483727,	'89982.18',	'89,969.85000',	'2025-11-25 15:30:58.83871+01'),
(19,	2386483727,	'89969.85',	'89,966.43000',	'2025-11-25 15:41:28.215871+01'),
(21,	2386483727,	'89966.43',	'89,974.89000',	'2025-11-25 15:52:32.899163+01'),
(22,	2386483727,	'89974.89',	'89,962.20000',	'2025-11-25 16:04:20.465274+01'),
(23,	2386483727,	'89962.2',	'89,959.95000',	'2025-11-25 16:11:31.290146+01'),
(24,	2386483727,	'89959.95',	'89,973.45000',	'2025-11-25 16:57:46.728507+01'),
(25,	2386483727,	'89973.45',	'89,965.35000',	'2025-11-25 17:06:48.21551+01'),
(26,	2386483727,	'89973.45',	'89,965.35000',	'2025-11-25 17:06:48.21551+01'),
(27,	2386483727,	'89965.35',	'89,961.93000',	'2025-11-25 17:27:33.709943+01'),
(28,	2386483727,	'89965.35',	'89,961.93000',	'2025-11-25 17:27:33.709943+01'),
(29,	2386483727,	'89961.93',	'89,961.39000',	'2025-11-25 17:35:09.496447+01'),
(30,	2386483727,	'89961.39',	'89,967.06000',	'2025-11-25 17:41:09.209953+01'),
(31,	2386483727,	'89967.06',	'89,970.66000',	'2025-11-25 17:50:08.146254+01'),
(32,	2386483727,	'89970.66',	'89,958.69000',	'2025-11-25 18:00:35.316969+01'),
(33,	2386483727,	'89958.69',	'89,966.52000',	'2025-11-25 18:11:46.107631+01'),
(34,	2386483727,	'89966.52',	'89,970.57000',	'2025-11-25 18:30:04.05451+01'),
(35,	2386483727,	'89966.52',	'89,970.57000',	'2025-11-25 18:30:04.05451+01'),
(36,	2386483727,	'89970.57',	'89,963.91000',	'2025-11-25 18:40:48.580405+01'),
(37,	2386483727,	'89963.91',	'89,967.42000',	'2025-11-25 18:53:09.731054+01'),
(38,	2386483727,	'89963.91',	'89,967.42000',	'2025-11-25 18:53:09.731054+01'),
(39,	2386483727,	'89967.42',	'89,971.47000',	'2025-11-25 19:00:20.207445+01'),
(40,	2386483727,	'89971.47',	'89,970.48000',	'2025-11-25 19:20:00.929088+01'),
(41,	2386483727,	'89971.47',	'89,970.48000',	'2025-11-25 19:20:00.929088+01'),
(42,	2386483727,	'89970.48',	'89,973.00000',	'2025-11-25 20:22:18.632196+01'),
(43,	2386483727,	'89970.48',	'89,973.00000',	'2025-11-25 20:22:18.632196+01'),
(44,	2386483727,	'89973',	'89,967.42000',	'2025-11-25 20:46:40.571154+01'),
(45,	2386483727,	'89973',	'89,967.42000',	'2025-11-25 20:46:40.571154+01'),
(46,	2386483727,	'89967.42',	'89,968.86000',	'2025-11-25 20:57:07.672832+01'),
(47,	2386483727,	'89967.42',	'89,968.86000',	'2025-11-25 20:57:07.672832+01'),
(48,	2386483727,	'89968.86',	'89,970.93000',	'2025-11-26 04:44:15.84508+01'),
(49,	2386483727,	'89968.86',	'89,970.93000',	'2025-11-26 04:44:15.84508+01'),
(50,	2386483727,	'89970.93',	'89,976.06000',	'2025-11-26 05:22:00.894457+01'),
(51,	2386483727,	'89976.06',	'89,973.72000',	'2025-11-26 05:45:18.916069+01'),
(52,	2386483727,	'89976.06',	'89,973.72000',	'2025-11-26 05:45:18.916069+01'),
(53,	2386483727,	'89973.72',	'89,977.23000',	'2025-11-26 06:00:28.294942+01'),
(54,	2386483727,	'89977.23',	'89,977.77000',	'2025-11-26 06:27:07.922858+01'),
(55,	2386483727,	'89977.23',	'89,977.77000',	'2025-11-26 06:27:07.922858+01'),
(56,	2386483727,	'89977.77',	'89,974.98000',	'2025-11-26 06:53:22.460709+01'),
(57,	2386483727,	'89977.77',	'89,974.98000',	'2025-11-26 06:53:22.460709+01'),
(58,	2386483727,	'89974.98',	'89,976.51000',	'2025-11-26 09:30:21.894376+01'),
(60,	2386483727,	'89976.51',	'89,978.49000',	'2025-11-26 12:20:40.665948+01'),
(61,	2386483727,	'89978.49',	'89,980.29000',	'2025-11-26 15:57:06.6004+01'),
(62,	2386483727,	'89978.49',	'89,980.29000',	'2025-11-26 15:57:06.6004+01'),
(63,	2386483727,	'89980.29',	'89,993.52000',	'2025-11-27 02:30:52.784019+01'),
(64,	2386483727,	'89980.29',	'89,993.52000',	'2025-11-27 02:30:52.784019+01'),
(65,	2386483727,	'89993.52',	'89,997.12000',	'2025-11-27 12:56:13.387791+01'),
(68,	2386483727,	'89997.12',	'89,993.88000',	'2025-11-27 18:24:19.777604+01'),
(69,	2386483727,	'89993.88',	'90,000.00000',	'2025-11-28 16:17:38.69174+01'),
(70,	2386483727,	'90000',	'89,994.42000',	'2025-12-01 13:57:38.642772+01'),
(71,	2386483727,	'90000',	'89,994.42000',	'2025-12-01 13:57:38.642772+01'),
(72,	2386483727,	'89994.42',	'89,981.91000',	'2025-12-01 14:16:37.246247+01'),
(73,	2386483727,	'89981.91',	'89,977.86000',	'2025-12-01 14:23:15.751075+01'),
(74,	2386483727,	'89981.91',	'89,977.86000',	'2025-12-01 14:23:15.751075+01'),
(75,	2386483727,	'89977.86',	'89,985.42000',	'2025-12-01 14:51:14.86343+01'),
(76,	2386483727,	'89985.42',	'89,997.12000',	'2025-12-01 16:26:23.367593+01'),
(77,	2386483727,	'89985.42',	'89,997.12000',	'2025-12-01 16:26:23.367593+01'),
(78,	2386483727,	'89997.12',	'90,000.00000',	'2025-12-01 16:32:59.481123+01'),
(79,	2386483727,	'90000',	'89,999.46000',	'2025-12-01 16:47:24.786245+01'),
(80,	2386483727,	'89999.46',	'89,997.57000',	'2025-12-01 17:42:06.376725+01'),
(81,	2386483727,	'89999.46',	'89,997.57000',	'2025-12-01 17:42:06.376725+01'),
(82,	2386483727,	'89997.57',	'90,000.00000',	'2025-12-01 18:02:40.968623+01'),
(83,	2386483727,	'90000',	'89,980.74000',	'2025-12-17 17:36:22.36718+01'),
(84,	2386483727,	'89980.74',	'89,947.71000',	'2025-12-19 09:27:04.440775+01'),
(85,	2386483727,	'89980.74',	'89,947.71000',	'2025-12-19 09:27:04.440775+01'),
(86,	2386483727,	'89947.71',	'89,949.51000',	'2025-12-19 09:39:16.985195+01'),
(87,	2386483727,	'89949.51',	'89,946.90000',	'2025-12-19 09:40:26.28531+01'),
(88,	2386483727,	'89946.9',	'89,947.71000',	'2025-12-19 10:11:07.738232+01'),
(89,	2386483727,	'89947.71',	'89,956.53000',	'2025-12-19 10:30:18.886665+01'),
(90,	2386483727,	'89947.71',	'89,956.53000',	'2025-12-19 10:30:18.886665+01'),
(91,	2386483727,	'89956.53',	'89,961.39000',	'2025-12-19 11:48:35.465387+01'),
(92,	2386483727,	'89961.39',	'89,958.24000',	'2025-12-19 14:36:46.427814+01'),
(93,	2386483727,	'89958.24',	'89,961.57000',	'2025-12-20 12:43:50.257392+01'),
(94,	2386483727,	'89961.57',	'89,974.35000',	'2025-12-21 12:25:24.354119+01'),
(95,	2386483727,	'89961.57',	'89,974.35000',	'2025-12-21 12:25:24.354119+01'),
(96,	2386483727,	'89974.35',	'89,970.57000',	'2025-12-21 12:48:09.347101+01'),
(97,	2386483727,	'89970.57',	'89,975.61000',	'2025-12-21 12:52:45.034557+01'),
(98,	2386483727,	'89975.61',	'89,967.60000',	'2025-12-22 10:44:55.925981+01'),
(99,	2386483727,	'89967.6',	'89,961.93000',	'2025-12-22 11:07:11.567589+01'),
(100,	2386483727,	'89961.93',	'89,966.25000',	'2025-12-22 11:12:42.127338+01'),
(101,	2386483727,	'89966.25',	'89,967.42000',	'2025-12-22 11:40:18.692334+01'),
(102,	2386483727,	'89967.42',	'89,965.35000',	'2025-12-22 11:57:08.270385+01'),
(103,	2386483727,	'89965.35',	'89,968.14000',	'2025-12-22 12:02:42.3193+01'),
(104,	2386483727,	'89965.35',	'89,968.14000',	'2025-12-22 12:02:42.3193+01'),
(105,	2386483727,	'89968.14',	'89,966.43000',	'2025-12-22 14:41:24.088158+01'),
(106,	2386483727,	'89968.14',	'89,966.43000',	'2025-12-22 14:41:24.088158+01'),
(107,	2386483727,	'89966.43',	'89,964.45000',	'2025-12-22 19:06:15.438982+01'),
(108,	2386483727,	'89964.45',	'89,967.42000',	'2025-12-22 19:11:15.863972+01'),
(109,	2386483727,	'89967.42',	'89,966.25000',	'2025-12-22 22:03:25.009228+01'),
(110,	2386483727,	'89967.42',	'89,966.25000',	'2025-12-22 22:03:25.009228+01'),
(111,	2386483727,	'89966.25',	'89,943.93000',	'2025-12-23 06:07:21.452083+01'),
(112,	2386483727,	'89943.93',	'89,940.87000',	'2025-12-23 08:31:10.516537+01'),
(113,	2386483727,	'89940.87',	'89,943.12000',	'2025-12-23 11:42:19.29289+01'),
(114,	2386483727,	'89943.12',	'89,957.07000',	'2025-12-23 14:07:00.045296+01'),
(115,	2386483727,	'89943.12',	'89,957.07000',	'2025-12-23 14:07:00.045296+01'),
(116,	2386483727,	'89957.07',	'89,957.61000',	'2025-12-23 14:12:23.845672+01'),
(117,	2386483727,	'89957.61',	'89,949.87000',	'2025-12-24 11:17:57.749631+01'),
(118,	2386483727,	'89949.87',	'89,952.03000',	'2025-12-24 11:22:31.943779+01'),
(119,	2386483727,	'89952.03',	'89,930.43000',	'2025-12-26 06:59:40.020248+01'),
(120,	2386483727,	'89930.43',	'89,943.03000',	'2025-12-26 09:27:00.672701+01'),
(121,	2386483727,	'89930.43',	'89,943.03000',	'2025-12-26 09:27:00.672701+01'),
(122,	2386483727,	'89943.03',	'89,943.57000',	'2025-12-26 09:30:07.105791+01'),
(123,	2386483727,	'89943.03',	'89,943.57000',	'2025-12-26 09:30:07.105791+01'),
(124,	2386483727,	'89943.57',	'89,937.81000',	'2025-12-26 20:30:42.151944+01'),
(125,	2386483727,	'89937.81',	'89,938.71000',	'2025-12-26 20:53:52.526974+01'),
(126,	2386483727,	'89938.71',	'89,939.61000',	'2025-12-26 21:23:47.964193+01'),
(127,	2386483727,	'89939.61',	'89,941.14000',	'2025-12-26 21:40:28.073043+01'),
(128,	2386483727,	'89941.14',	'89,965.62000',	'2025-12-27 14:38:17.076067+01'),
(129,	2386483727,	'89965.62',	'89,942.22000',	'2025-12-28 14:00:09.310427+01'),
(130,	2386483727,	'89965.62',	'89,942.22000',	'2025-12-28 14:00:09.310427+01'),
(131,	2386483727,	'89942.22',	'89,907.66000',	'2025-12-29 09:46:20.194745+01'),
(132,	2386483727,	'89907.66',	'89,906.04000',	'2025-12-29 12:06:06.468326+01'),
(133,	2386483727,	'89907.66',	'89,906.04000',	'2025-12-29 12:06:06.468326+01'),
(134,	2386483727,	'89906.04',	'89,906.58000',	'2025-12-29 12:10:34.949838+01'),
(135,	2386483727,	'89906.58',	'89,916.93000',	'2025-12-29 18:30:49.399256+01'),
(136,	2386483727,	'89916.93',	'89,922.06000',	'2025-12-29 18:45:29.706151+01'),
(137,	2386483727,	'89922.06',	'89,923.14000',	'2025-12-29 19:17:21.416052+01'),
(138,	2386483727,	'89923.14',	'89,914.95000',	'2025-12-29 20:44:21.327005+01'),
(139,	2386483727,	'89923.14',	'89,914.95000',	'2025-12-29 20:44:21.327005+01'),
(140,	2386483727,	'89914.95',	'89,906.22000',	'2025-12-30 01:57:02.268039+01'),
(141,	2386483727,	'89906.22',	'89,895.87000',	'2025-12-30 03:57:02.89034+01'),
(142,	2386483727,	'89895.87',	'89,898.75000',	'2025-12-30 11:10:01.966563+01'),
(143,	2386483727,	'89898.75',	'89,897.22000',	'2025-12-30 12:56:10.355645+01'),
(144,	2386483727,	'89897.22',	'89,895.69000',	'2025-12-30 13:03:45.953866+01'),
(145,	2386483727,	'89897.22',	'89,895.69000',	'2025-12-30 13:03:45.953866+01'),
(146,	2386483727,	'89895.69',	'89,875.08000',	'2026-01-01 11:40:09.746919+01'),
(147,	2386483727,	'89895.69',	'89,875.08000',	'2026-01-01 11:40:09.746919+01'),
(148,	2386483727,	'89875.08',	'89,888.31000',	'2026-01-01 20:15:06.078716+01'),
(149,	2386483727,	'89875.08',	'89,888.31000',	'2026-01-01 20:15:06.078716+01'),
(150,	2386483727,	'89888.31',	'89,973.54000',	'2026-01-03 10:40:21.754599+01'),
(151,	2386483727,	'89888.31',	'89,973.54000',	'2026-01-03 10:40:21.754599+01'),
(152,	2386483727,	'89973.54',	'89,971.83000',	'2026-01-03 10:51:11.231551+01'),
(153,	2386483727,	'89973.54',	'89,971.83000',	'2026-01-03 10:51:11.231551+01'),
(154,	2386483727,	'89973.54',	'89,971.83000',	'2026-01-03 10:51:11.231551+01'),
(155,	2386483727,	'89973.54',	'89,971.83000',	'2026-01-03 10:51:11.231551+01'),
(156,	2386483727,	'89973.54',	'89,971.83000',	'2026-01-03 10:51:11.231551+01'),
(157,	2386483727,	'89973.54',	'89,971.83000',	'2026-01-03 10:51:11.231551+01'),
(158,	2386483727,	'89973.54',	'89,971.83000',	'2026-01-03 10:51:11.231551+01'),
(159,	2386483727,	'89973.54',	'89,971.83000',	'2026-01-03 10:51:11.231551+01'),
(160,	2386483727,	'89971.83',	'89,952.03000',	'2026-01-03 14:15:19.76435+01'),
(161,	2386483727,	'89952.03',	'89,950.68000',	'2026-01-03 14:37:36.291204+01'),
(162,	2386483727,	'89952.03',	'89,950.68000',	'2026-01-03 14:37:36.291204+01'),
(163,	2386483727,	'89950.68',	'89,946.09000',	'2026-01-05 12:14:33.736922+01'),
(164,	2386483727,	'89946.09',	'89,883.72000',	'2026-01-08 09:36:48.302035+01'),
(165,	2386483727,	'89883.72',	'89,896.23000',	'2026-01-08 10:49:22.375622+01'),
(166,	2386483727,	'89896.23',	'89,892.36000',	'2026-01-09 10:13:25.563285+01'),
(167,	2386483727,	'89892.36',	'89,902.89000',	'2026-01-09 21:42:30.828598+01'),
(168,	2386483727,	'89902.89',	'89,888.76000',	'2026-01-10 14:37:27.210855+01'),
(169,	2386483727,	'89888.76',	'89,893.71000',	'2026-01-11 15:06:13.479309+01');

DROP VIEW IF EXISTS "v_fx";
CREATE TABLE "v_fx" ("cc" text, "usd_rate" numeric);


DROP VIEW IF EXISTS "v_staff_rollup";
CREATE TABLE "v_staff_rollup" ("staff_id" bigint, "tree_balance" numeric, "own_balance" numeric);


CREATE TABLE "public"."vault_pro" (
    "userid" bigint NOT NULL,
    "vaultBalance" bigint NOT NULL,
    "coin" text NOT NULL,
    "createdAt" timestamp NOT NULL,
    "updatedAt" timestamp NOT NULL,
    "incomeDate" timestamp NOT NULL
) WITH (oids = false);

INSERT INTO "vault_pro" ("userid", "vaultBalance", "coin", "createdAt", "updatedAt", "incomeDate") VALUES
(5622472729,	1000,	'USDT',	'2024-10-15 17:53:50.452167',	'2024-10-15 17:53:50.452167',	'2024-11-14 17:53:50.455'),
(7565738583,	100,	'USDT',	'2024-10-21 08:08:22.291431',	'2024-10-21 08:08:22.291431',	'2024-11-20 08:08:22.294');

DROP SEQUENCE IF EXISTS wallet_history_id_seq;
CREATE SEQUENCE wallet_history_id_seq INCREMENT 1 MINVALUE 1 MAXVALUE 2147483647 START 1 CACHE 1;

CREATE TABLE "public"."wallet_history" (
    "id" integer DEFAULT nextval('wallet_history_id_seq') NOT NULL,
    "uid" bigint NOT NULL,
    "username" text NOT NULL,
    "coin" text NOT NULL,
    "operation" text NOT NULL,
    "amount" numeric NOT NULL,
    "previous_balance" numeric NOT NULL,
    "new_balance" numeric NOT NULL,
    "transaction_time" timestamptz DEFAULT now(),
    "description" text,
    CONSTRAINT "wallet_history_pkey" PRIMARY KEY ("id")
) WITH (oids = false);

INSERT INTO "wallet_history" ("id", "uid", "username", "coin", "operation", "amount", "previous_balance", "new_balance", "transaction_time", "description") VALUES
(191,	3277514842,	'Kunal',	'inr',	'credit',	1000,	2065.8881796978317,	3065.8881796978317,	'2025-05-10 12:29:14.77+02',	NULL),
(4,	1191946245,	'testpro16',	'btc',	'credit',	2,	0,	2,	'2025-04-03 04:36:27.575092+02',	NULL),
(5,	1191946245,	'testpro16',	'btc',	'debit',	2,	2,	0,	'2025-04-03 04:37:03.91846+02',	NULL),
(197,	5664694811,	'testpro5',	'usdt',	'credit',	20000,	198.47,	20198.47,	'2025-05-12 08:46:17.560656+02',	NULL),
(198,	9313379137,	'Minesh Gandhi',	'inr',	'credit',	2000,	0,	2000,	'2025-05-12 13:04:19.598512+02',	NULL),
(202,	8219949787,	'Sameer',	'inr',	'credit',	2000,	0,	2000,	'2025-05-16 04:26:03.024631+02',	NULL),
(12,	5145764163,	'alammakur2',	'btc',	'credit',	2,	0,	2,	'2025-04-05 15:55:19.11127+02',	NULL),
(13,	5145764163,	'alammakur2',	'eth',	'credit',	2,	0,	2,	'2025-04-05 15:55:26.973562+02',	NULL),
(14,	5145764163,	'alammakur2',	'usdt',	'credit',	200000,	0,	200000,	'2025-04-05 15:55:38.746422+02',	NULL),
(15,	5145764163,	'alammakur2',	'inr',	'credit',	1000000,	0,	1000000,	'2025-04-05 15:56:09.312261+02',	NULL),
(16,	2357156146,	'marharetparker',	'btc',	'credit',	2,	0,	2,	'2025-04-05 15:56:22.808203+02',	NULL),
(17,	2357156146,	'marharetparker',	'eth',	'credit',	2,	0,	2,	'2025-04-05 15:56:39.263595+02',	NULL),
(18,	2357156146,	'marharetparker',	'usdt',	'credit',	200000,	0,	200000,	'2025-04-05 15:56:48.902805+02',	NULL),
(19,	2357156146,	'marharetparker',	'inr',	'credit',	1000000,	0,	1000000,	'2025-04-05 15:57:10.60453+02',	NULL),
(20,	2357156146,	'marharetparker',	'inr',	'credit',	1098,	1000000,	1001098,	'2025-04-05 15:57:19.824392+02',	NULL),
(21,	9241136655,	'kumisasali',	'btc',	'credit',	2,	0,	2,	'2025-04-05 16:37:26.807652+02',	NULL),
(22,	9241136655,	'kumisasali',	'eth',	'credit',	2,	0,	2,	'2025-04-05 16:37:34.810761+02',	NULL),
(23,	9241136655,	'kumisasali',	'usdt',	'credit',	200000,	0,	200000,	'2025-04-05 16:37:48.58753+02',	NULL),
(24,	9241136655,	'kumisasali',	'inr',	'credit',	1000000,	0,	1000000,	'2025-04-05 16:38:04.832384+02',	NULL),
(25,	6734945268,	'testpro0020',	'usdt',	'credit',	1000,	0,	1000,	'2025-04-05 21:59:31.265467+02',	NULL),
(26,	6734945268,	'testpro0020',	'usdt',	'credit',	9000,	1000,	10000,	'2025-04-05 21:59:53.452326+02',	NULL),
(27,	6734945268,	'testpro0020',	'usdt',	'credit',	90000000,	10000,	90010000,	'2025-04-05 22:00:01.876279+02',	NULL),
(28,	4628619788,	'Sabbirpatel',	'btc',	'credit',	1,	0,	1,	'2025-04-06 03:21:12.997095+02',	NULL),
(29,	4628619788,	'Sabbirpatel',	'usdt',	'credit',	5000,	0,	5000,	'2025-04-06 03:21:29.028785+02',	NULL),
(30,	4628619788,	'Sabbirpatel',	'usdt',	'credit',	100,	5000,	5100,	'2025-04-06 03:21:37.120365+02',	NULL),
(31,	4628619788,	'Sabbirpatel',	'xrp',	'credit',	1000,	0,	1000,	'2025-04-06 03:21:55.236867+02',	NULL),
(32,	4628619788,	'Sabbirpatel',	'doge',	'credit',	5000,	0,	5000,	'2025-04-06 03:22:06.409287+02',	NULL),
(33,	4628619788,	'Sabbirpatel',	'inr',	'credit',	200000,	0,	200000,	'2025-04-06 03:22:17.017391+02',	NULL),
(34,	4628619788,	'Sabbirpatel',	'eth',	'credit',	2,	0,	2,	'2025-04-06 03:22:24.943331+02',	NULL),
(35,	5383517425,	'dareklawrence19',	'usdt',	'credit',	20000,	0,	20000,	'2025-04-06 03:39:07.948249+02',	NULL),
(36,	5383517425,	'dareklawrence19',	'btc',	'credit',	1,	0,	1,	'2025-04-06 03:39:21.782397+02',	NULL),
(37,	5412528149,	'testpro55',	'usdt',	'credit',	50000,	0,	50000,	'2025-04-06 09:14:25.416559+02',	NULL),
(38,	6898756516,	'jameswilson195',	'btc',	'credit',	2,	0,	2,	'2025-04-07 02:33:36.497385+02',	NULL),
(39,	6898756516,	'jameswilson195',	'inr',	'credit',	1000000,	0,	1000000,	'2025-04-07 02:35:07.828366+02',	NULL),
(40,	5664694811,	'testpro5',	'btc',	'debit',	1018.8000,	1018.8,	0,	'2025-04-07 18:51:17.063987+02',	NULL),
(41,	5664694811,	'testpro5',	'usdt',	'debit',	999368.7728,	999368.7727528744,	0,	'2025-04-07 18:52:44.902034+02',	NULL),
(42,	5664694811,	'testpro5',	'inr',	'debit',	107785.9207,	107785.92073331046,	0.00003331045445520431,	'2025-04-07 18:53:04.249335+02',	NULL),
(44,	5664694811,	'testpro5',	'inr',	'credit',	1000,	0.0000333104539,	1000.0000333104539,	'2025-04-07 21:35:54.377079+02',	NULL),
(203,	3277514842,	'Kunal',	'inr',	'credit',	80,	-34.078206228724866,	45.921793771275134,	'2025-05-16 13:39:47.386602+02',	NULL),
(211,	2627859968,	'testpro100',	'usdt',	'credit',	50000,	0,	50000,	'2025-05-21 10:41:57.677253+02',	NULL),
(52,	8761212418,	'RonaldFisher',	'btc',	'credit',	2,	0,	2,	'2025-04-09 01:01:23.39308+02',	NULL),
(53,	8761212418,	'RonaldFisher',	'usdt',	'credit',	100000,	0,	100000,	'2025-04-09 01:01:39.981615+02',	NULL),
(54,	8761212418,	'RonaldFisher',	'eth',	'credit',	2,	0,	2,	'2025-04-09 01:01:56.670772+02',	NULL),
(55,	8761212418,	'RonaldFisher',	'inr',	'credit',	1000000,	0,	1000000,	'2025-04-09 01:02:38.882195+02',	NULL),
(224,	4538199471,	'kavitmodi',	'inr',	'credit',	575,	0,	575,	'2025-05-27 09:57:56.183829+02',	NULL),
(225,	1193157913,	'dashing',	'inr',	'credit',	974,	0,	974,	'2025-05-27 09:58:13.079684+02',	NULL),
(58,	5664694811,	'testpro5',	'inr',	'credit',	1000000000,	1500.000033310454,	1000001500.0000333,	'2025-04-09 08:15:38.864112+02',	NULL),
(59,	5664694811,	'testpro5',	'inr',	'debit',	10000015,	1000001500.0000333,	990001485.0000333,	'2025-04-09 08:17:44.598499+02',	NULL),
(60,	5664694811,	'testpro5',	'inr',	'debit',	990001485,	990001485.0000333,	0.00003325939178466797,	'2025-04-09 08:17:55.063537+02',	NULL),
(61,	5664694811,	'testpro5',	'usdt',	'credit',	10000,	0,	10000,	'2025-04-09 08:18:16.690321+02',	NULL),
(62,	5664694811,	'testpro5',	'usdt',	'debit',	1365,	1365.29367455,	0.29367455000010523,	'2025-04-09 21:12:42.407559+02',	NULL),
(63,	5664694811,	'testpro5',	'usdt',	'debit',	1.2649,	1.264919732364115,	0.00001973236411512147,	'2025-04-09 21:15:29.690932+02',	NULL),
(64,	5664694811,	'testpro5',	'usdt',	'debit',	9.7125,	9.712471556202367,	0,	'2025-04-09 21:17:11.336422+02',	NULL),
(65,	5664694811,	'testpro5',	'usdt',	'debit',	21.0240,	21.023990435558353,	0,	'2025-04-09 21:26:10.802159+02',	NULL),
(66,	8324343875,	'Rs Transportundefined',	'btc',	'credit',	2,	0,	2,	'2025-04-12 00:32:36.531005+02',	NULL),
(67,	8324343875,	'Rs Transportundefined',	'eth',	'credit',	2,	0,	2,	'2025-04-12 00:32:51.571032+02',	NULL),
(68,	8324343875,	'Rs Transportundefined',	'ltc',	'credit',	10,	0,	10,	'2025-04-12 00:33:07.009874+02',	NULL),
(69,	8324343875,	'Rs Transportundefined',	'usdt',	'credit',	1000000,	0,	1000000,	'2025-04-12 00:33:25.090733+02',	NULL),
(70,	8324343875,	'Rs Transportundefined',	'inr',	'credit',	1000000,	0,	1000000,	'2025-04-12 00:33:41.806476+02',	NULL),
(226,	4538199471,	'kavitmodi',	'inr',	'credit',	100,	13.3,	113.3,	'2025-05-27 10:24:37.622788+02',	NULL),
(227,	8776327648,	'ankit',	'inr',	'credit',	240,	0,	240,	'2025-05-27 11:02:20.184268+02',	NULL),
(242,	2219676626,	'YASH001',	'inr',	'credit',	10000,	0,	10000,	'2025-06-04 09:07:10.195689+02',	NULL),
(261,	2579393191,	'cacc17099',	'btc',	'credit',	1,	0,	1,	'2025-06-07 10:36:35.343831+02',	NULL),
(263,	2316169451,	'vpau1211',	'btc',	'credit',	1,	0,	1,	'2025-06-07 10:41:45.646202+02',	NULL),
(264,	2316169451,	'vpau1211',	'btc',	'credit',	1,	0,	1,	'2025-06-07 10:43:42.686956+02',	NULL),
(265,	2316169451,	'vpau1211',	'usdt',	'debit',	25000,	32307.95,	7307.950000000001,	'2025-06-07 10:46:14.336531+02',	NULL),
(266,	2316169451,	'vpau1211',	'bjb',	'debit',	4087.4529,	4087.452948558671,	0.0000485586706417962,	'2025-06-07 10:46:38.519613+02',	NULL),
(200,	5664694811,	'testpro5',	'usdt',	'debit',	20000,	20198.47,	198.47000000000116,	'2025-05-13 06:09:20.10535+02',	NULL),
(81,	5664694811,	'testpro5',	'usdt',	'credit',	1000000,	1768.7502423931628,	1001768.7502423931,	'2025-04-12 20:57:39.883109+02',	NULL),
(82,	5664694811,	'testpro5',	'usdt',	'debit',	1000310.9715,	1000310.97149438,	0,	'2025-04-13 00:37:38.625386+02',	NULL),
(83,	5664694811,	'testpro5',	'usdt',	'credit',	100,	0,	100,	'2025-04-13 00:37:45.283836+02',	NULL),
(84,	5664694811,	'testpro5',	'usdt',	'debit',	999945.8587,	999581.87837221,	0,	'2025-04-13 00:40:06.354331+02',	NULL),
(85,	5664694811,	'testpro5',	'usdt',	'credit',	100,	0,	100,	'2025-04-13 00:40:36.685281+02',	NULL),
(86,	5664694811,	'testpro5',	'usdt',	'debit',	97.8930,	97.89302281,	0.000022810000004369613,	'2025-04-13 00:49:09.053166+02',	NULL),
(87,	5664694811,	'testpro5',	'usdt',	'credit',	100,	0.00002281,	100.00002281,	'2025-04-13 00:49:13.320676+02',	NULL),
(204,	1388785165,	'Akunj',	'inr',	'credit',	660,	1800.69840429,	2460.6984042900003,	'2025-05-17 02:54:44.18619+02',	NULL),
(90,	1865381167,	'Georgem196060',	'btc',	'credit',	2,	0,	2,	'2025-04-13 01:51:14.17229+02',	NULL),
(91,	1865381167,	'Georgem196060',	'inr',	'credit',	5000000,	0,	5000000,	'2025-04-13 01:51:32.551431+02',	NULL),
(92,	1865381167,	'Georgem196060',	'bnb',	'credit',	50,	0,	50,	'2025-04-13 01:52:05.951841+02',	NULL),
(93,	1995349981,	'faypenfold11',	'btc',	'credit',	1,	0,	1,	'2025-04-13 05:15:57.121853+02',	NULL),
(94,	1995349981,	'faypenfold11',	'usdt',	'credit',	10000,	0,	10000,	'2025-04-13 05:16:09.006362+02',	NULL),
(95,	1995349981,	'faypenfold11',	'inr',	'credit',	20000,	0,	20000,	'2025-04-13 05:16:22.50888+02',	NULL),
(96,	1995349981,	'faypenfold11',	'inr',	'credit',	980000,	20000,	1000000,	'2025-04-13 05:16:34.011614+02',	NULL),
(97,	4346516929,	'caremily725',	'btc',	'credit',	2,	0,	2,	'2025-04-13 12:23:04.354557+02',	NULL),
(98,	4346516929,	'caremily725',	'inr',	'credit',	2000000,	0,	2000000,	'2025-04-13 12:23:20.487043+02',	NULL),
(99,	4346516929,	'caremily725',	'usdt',	'credit',	100000,	0,	100000,	'2025-04-13 12:23:32.362397+02',	NULL),
(100,	4346516929,	'caremily725',	'usdt',	'credit',	100000,	7976.04,	107976.04,	'2025-04-13 13:04:36.821498+02',	NULL),
(215,	2579393191,	'cacc17099',	'usdt',	'credit',	200000,	0,	200000,	'2025-05-24 02:58:02.1954+02',	NULL),
(216,	2316169451,	'vpau1211',	'usdt',	'credit',	200000,	0,	200000,	'2025-05-24 02:58:24.012799+02',	NULL),
(217,	2579393191,	'cacc17099',	'usdt',	'debit',	100000,	123984.24,	23984.240000000005,	'2025-05-24 11:29:05.279264+02',	NULL),
(218,	8776327648,	'ankit',	'inr',	'credit',	2000,	0,	2000,	'2025-05-25 14:40:04.574369+02',	NULL),
(219,	5719817536,	'np1717',	'inr',	'credit',	5000,	0,	5000,	'2025-05-25 22:47:27.99997+02',	NULL),
(221,	2386483727,	'testpro25',	'usdt',	'credit',	1000,	0,	1000,	'2025-05-26 21:39:45.497964+02',	NULL),
(228,	5664694811,	'testpro5',	'btc',	'credit',	100000,	0,	100000,	'2025-05-29 15:58:54.182487+02',	NULL),
(229,	5664694811,	'testpro5',	'usdt',	'credit',	10000,	19.97,	10019.97,	'2025-05-29 15:59:19.032904+02',	NULL),
(230,	3628692674,	'Devang12345',	'inr',	'credit',	2000,	0,	2000,	'2025-05-31 11:48:47.626508+02',	NULL),
(231,	1999615615,	'amjad_a17',	'usdt',	'credit',	19.8,	0,	19.8,	'2025-05-31 15:23:02.594352+02',	NULL),
(113,	5664694811,	'testpro5',	'inr',	'debit',	719804.8442,	719804.8442300427,	0.000030042603611946106,	'2025-04-13 16:21:22.442868+02',	NULL),
(232,	1999615615,	'amjad_a17',	'usdt',	'credit',	19.8,	0,	19.8,	'2025-05-31 23:29:30.3047+02',	NULL),
(233,	3628692674,	'Devang12345',	'inr',	'credit',	10,	-8.2,	1.8000000000000007,	'2025-05-31 23:34:25.978697+02',	NULL),
(234,	9549422455,	'Shreeg62',	'inr',	'credit',	1000,	2006.97440606,	3006.97440606,	'2025-06-02 03:43:16.086213+02',	NULL),
(235,	6643293596,	'Mayank patel',	'inr',	'credit',	30000,	0,	30000,	'2025-06-02 09:58:15.614783+02',	NULL),
(236,	4548539872,	'Parthpatel5758',	'inr',	'credit',	15230,	0,	15230,	'2025-06-02 10:12:49.443086+02',	NULL),
(237,	2858765375,	'Glen Maxwell',	'inr',	'credit',	10000,	0,	10000,	'2025-06-02 10:39:35.917383+02',	NULL),
(238,	2687995931,	'Denisha2408',	'inr',	'credit',	22000,	0,	22000,	'2025-06-02 10:40:01.895379+02',	NULL),
(239,	2858765375,	'Glen Maxwell',	'inr',	'credit',	100,	80,	180,	'2025-06-02 10:55:05.673099+02',	NULL),
(243,	2219676626,	'YASH001',	'inr',	'credit',	8000,	2000,	10000,	'2025-06-04 09:15:10.899435+02',	NULL),
(278,	2316169451,	'vpau1211',	'inr',	'credit',	200000,	63869.92450199,	263869.92450198997,	'2025-06-12 02:26:35.946078+02',	NULL),
(279,	2316169451,	'vpau1211',	'usdt',	'credit',	200000,	7437.2583955,	207437.2583955,	'2025-06-12 02:28:39.126581+02',	NULL),
(282,	5664694811,	'testpro5',	'usdt',	'credit',	100000,	9919.99,	109919.99,	'2025-06-13 15:23:23.457438+02',	NULL),
(134,	1388785165,	'Akunj',	'usdt',	'credit',	150,	0,	150,	'2025-04-17 11:30:07.498064+02',	NULL),
(338,	9173442326,	'testpro65',	'inr',	'credit',	200,	0,	200,	'2025-09-08 03:10:14.718408+02',	NULL),
(138,	5664694811,	'testpro5',	'usdt',	'credit',	100,	6.69987915,	106.69987915,	'2025-04-18 17:17:54.579367+02',	NULL),
(348,	1633833479,	'test1',	'inr',	'credit',	10000,	0,	10000,	'2025-09-15 20:53:00.411265+02',	NULL),
(349,	1633833479,	'test1',	'inr',	'credit',	620,	9380,	10000,	'2025-09-15 21:06:51.479736+02',	NULL),
(141,	1388785165,	'Akunj',	'inr',	'credit',	2600,	1296.75840429,	3896.75840429,	'2025-04-19 12:09:32.455451+02',	NULL),
(350,	1259666316,	'codeFactory',	'inr',	'credit',	10000,	0,	10000,	'2025-09-15 23:09:24.838357+02',	NULL),
(352,	2627859968,	'testpro100',	'inr',	'debit',	9009690.8000,	9009690.8,	0,	'2025-09-17 20:09:38.339081+02',	NULL),
(353,	2627859968,	'testpro100',	'inr',	'credit',	100000,	0,	100000,	'2025-09-17 20:09:48.145135+02',	NULL),
(354,	7276114412,	'salvin24',	'inr',	'credit',	10000,	0,	10000,	'2025-09-18 16:39:09.111933+02',	NULL),
(355,	2627859968,	'testpro100',	'inr',	'debit',	2790,	102790,	100000,	'2025-09-18 18:09:53.751063+02',	NULL),
(150,	2623884987,	'Bhaumik',	'usdt',	'credit',	250,	0,	250,	'2025-04-22 03:39:09.703272+02',	NULL),
(151,	2623884987,	'Bhaumik',	'usdt',	'credit',	250,	0,	250,	'2025-04-22 04:37:25.776146+02',	NULL),
(358,	9173442326,	'testpro65',	'inr',	'credit',	300,	200,	500,	'2025-09-24 19:25:15.937218+02',	NULL),
(153,	5664694811,	'testpro5',	'usdt',	'credit',	150,	75.93,	225.93,	'2025-04-22 09:02:56.268517+02',	NULL),
(359,	1694695872,	'ParkashKumar',	'inr',	'credit',	100,	0,	100,	'2025-09-24 21:45:57.595623+02',	NULL),
(360,	9173442326,	'testpro65',	'inr',	'credit',	500,	459,	959,	'2025-09-27 22:30:18.981929+02',	NULL),
(361,	4539961556,	'somilshah',	'inr',	'credit',	500,	0,	500,	'2025-09-28 18:44:01.212252+02',	NULL),
(362,	2627859968,	'testpro100',	'inr',	'credit',	122,	99878,	100000,	'2025-10-06 18:56:01.547176+02',	NULL),
(363,	4216414382,	'testall',	'inr',	'credit',	25.5,	73.5,	99,	'2025-10-09 08:48:33.215937+02',	NULL),
(364,	4216414382,	'testall',	'inr',	'credit',	1,	99,	100,	'2025-10-09 08:48:41.520247+02',	NULL),
(365,	1191946245,	'testpro16',	'inr',	'credit',	100,	900,	1000,	'2025-10-09 09:09:16.058552+02',	NULL),
(366,	4216414382,	'testall',	'inr',	'credit',	500,	100,	600,	'2025-10-13 14:33:03.577407+02',	NULL),
(367,	3728775796,	'Craigteese1234',	'usdt',	'credit',	100,	0,	100,	'2025-11-03 13:53:14.198873+01',	NULL),
(368,	3728775796,	'Craigteese1234',	'inr',	'credit',	1000,	0,	1000,	'2025-11-03 13:53:24.762521+01',	NULL),
(369,	9895645362,	'testprocode',	'inr',	'credit',	500,	0,	500,	'2025-11-13 13:02:32.746584+01',	NULL),
(370,	2627859968,	'testpro100',	'inr',	'credit',	10000000,	99844,	10099844,	'2025-11-14 11:06:00.464478+01',	NULL),
(371,	2627859968,	'testpro100',	'inr',	'debit',	10099844.0000,	10099844,	0,	'2025-11-14 11:08:10.810274+01',	NULL),
(372,	2627859968,	'testpro100',	'inr',	'credit',	10000,	0,	10000,	'2025-11-14 11:08:17.85576+01',	NULL),
(373,	8387323103,	'Willy1211',	'inr',	'credit',	649000,	2911500,	3560500,	'2025-11-21 15:45:03.476411+01',	NULL),
(201,	1388785165,	'Akunj',	'inr',	'credit',	625,	0.00840429,	625.00840429,	'2025-05-15 05:58:50.568537+02',	NULL),
(158,	9549422455,	'Shreeg62',	'inr',	'credit',	10000,	0,	10000,	'2025-04-29 09:13:51.589172+02',	NULL),
(159,	9549422455,	'Shreeg62',	'inr',	'credit',	2500,	0,	2500,	'2025-04-29 10:08:44.401281+02',	NULL),
(222,	3539129629,	'Harshdeep',	'inr',	'credit',	2000,	0,	2000,	'2025-05-26 22:31:12.484835+02',	NULL),
(223,	8518472181,	'PRAGNESHKUMAR',	'inr',	'credit',	2000,	0,	2000,	'2025-05-26 22:32:13.148375+02',	NULL),
(241,	1454754539,	'Slimshady',	'inr',	'credit',	2000,	0,	2000,	'2025-06-03 10:44:03.844179+02',	NULL),
(250,	2579393191,	'cacc17099',	'usdt',	'credit',	100000,	2903.55,	102903.55,	'2025-06-05 10:24:48.134078+02',	NULL),
(251,	2579393191,	'cacc17099',	'usdt',	'debit',	128735,	131735.55,	3000.5499999999884,	'2025-06-05 10:30:18.971845+02',	NULL),
(173,	1674515952,	'Sonik',	'inr',	'credit',	1000,	0,	1000,	'2025-05-01 01:51:26.932131+02',	NULL),
(174,	3392344192,	'RushitPrajapati',	'inr',	'debit',	1000,	0,	0,	'2025-05-01 02:08:25.782911+02',	NULL),
(175,	3392344192,	'RushitPrajapati',	'inr',	'credit',	1000,	0,	1000,	'2025-05-01 02:08:46.219172+02',	NULL),
(178,	1518654639,	'Trao74331',	'usdt',	'credit',	50,	0,	50,	'2025-05-04 04:55:10.781739+02',	NULL),
(179,	1518654639,	'Trao74331',	'usdt',	'credit',	20,	20,	40,	'2025-05-04 05:17:25.070874+02',	NULL),
(180,	1595383755,	'ranasaimboss007',	'usdt',	'credit',	50,	0,	50,	'2025-05-04 05:34:07.103066+02',	NULL),
(181,	5736888845,	'hifza0090',	'usdt',	'credit',	50,	0,	50,	'2025-05-04 06:33:36.63205+02',	NULL),
(182,	8979223287,	'muhammadrao',	'usdt',	'credit',	50,	0,	50,	'2025-05-04 08:28:49.613559+02',	NULL),
(183,	9341739861,	'hifza009060',	'usdt',	'credit',	50,	0,	50,	'2025-05-04 10:56:12.763949+02',	NULL),
(184,	9341739861,	'hifza009060',	'usdt',	'credit',	5.1,	0.0083,	5.1083,	'2025-05-05 04:22:14.38938+02',	NULL),
(185,	9341739861,	'hifza009060',	'usdt',	'credit',	6.49,	1.3983,	7.8883,	'2025-05-05 04:56:59.814701+02',	NULL),
(186,	2623884987,	'Bhaumik',	'usdt',	'credit',	92.5,	0.0938,	92.5938,	'2025-05-07 23:13:27.149154+02',	NULL),
(187,	3277514842,	'Kunal',	'usdt',	'credit',	15,	0,	15,	'2025-05-09 11:03:21.888833+02',	NULL),
(188,	3277514842,	'Kunal',	'inr',	'credit',	1271,	0.1695188314784,	1271.1695188314784,	'2025-05-09 11:45:41.080195+02',	NULL),
(256,	1388785165,	'Akunj',	'inr',	'credit',	3000,	0.00840429,	3000.00840429,	'2025-06-05 22:48:14.682378+02',	NULL),
(286,	6752376979,	'Ashish6310',	'inr',	'credit',	3000,	0,	3000,	'2025-06-16 00:38:06.348436+02',	NULL),
(287,	5664694811,	'testpro5',	'usdt',	'credit',	1000000,	109919.99,	1109919.99,	'2025-06-16 12:46:45.271051+02',	NULL),
(288,	5664694811,	'testpro5',	'btc',	'debit',	100000.0000,	100000,	0,	'2025-06-17 20:15:30.339167+02',	NULL),
(289,	2627859968,	'testpro100',	'btc',	'credit',	10,	0,	10,	'2025-06-17 20:17:07.344604+02',	NULL),
(290,	2627859968,	'testpro100',	'inr',	'credit',	10000,	0,	10000,	'2025-06-17 20:17:21.601452+02',	NULL),
(291,	8776327648,	'ankit',	'inr',	'credit',	5,	240,	245,	'2025-06-18 18:48:06.813098+02',	NULL),
(292,	6422427183,	'nike1717',	'inr',	'credit',	50,	99.75,	149.75,	'2025-06-18 18:50:17.171529+02',	NULL),
(293,	2316169451,	'vpau1211',	'bjb',	'debit',	39333,	39333.73117708746,	0.7311770874584909,	'2025-06-19 10:52:25.837897+02',	NULL),
(294,	2579393191,	'cacc17099',	'usdt',	'credit',	1000,	457.91,	1457.91,	'2025-06-22 03:50:55.500266+02',	NULL),
(295,	2579393191,	'cacc17099',	'usdt',	'credit',	100000,	1465.91,	101465.91,	'2025-06-22 03:54:13.81775+02',	NULL),
(296,	7889918643,	'metijumila',	'btc',	'credit',	2,	0,	2,	'2025-06-22 04:07:42.806147+02',	NULL),
(297,	7889918643,	'metijumila',	'usdt',	'credit',	10000,	0,	10000,	'2025-06-22 04:07:55.535597+02',	NULL),
(298,	7889918643,	'metijumila',	'inr',	'credit',	1000000,	0,	1000000,	'2025-06-22 04:08:04.106482+02',	NULL),
(299,	8437391727,	'astar129519',	'btc',	'credit',	2,	0,	2,	'2025-06-22 05:25:46.635795+02',	NULL),
(300,	8437391727,	'astar129519',	'usdt',	'credit',	1000,	0,	1000,	'2025-06-22 05:25:55.90417+02',	NULL),
(301,	2579393191,	'cacc17099',	'btc',	'credit',	2.56,	0,	2.56,	'2025-06-22 05:36:31.719292+02',	NULL),
(304,	4631193935,	'harnettkevin473',	'btc',	'credit',	3,	0,	3,	'2025-06-27 03:38:23.873247+02',	NULL),
(305,	5664694811,	'testpro5',	'inr',	'credit',	100000,	340.56,	100340.56,	'2025-07-14 14:38:02.578816+02',	NULL),
(306,	5664694811,	'testpro5',	'inr',	'credit',	100000,	340.56,	100340.56,	'2025-07-14 14:38:02.578816+02',	NULL),
(307,	5664694811,	'testpro5',	'inr',	'credit',	100000,	200340.56,	300340.56,	'2025-07-14 14:38:02.660386+02',	NULL),
(308,	5664694811,	'testpro5',	'inr',	'credit',	100000,	300340.56,	400340.56,	'2025-07-14 14:38:02.664542+02',	NULL),
(309,	5664694811,	'testpro5',	'inr',	'credit',	100000,	400340.56,	500340.56,	'2025-07-14 14:38:02.674028+02',	NULL),
(310,	5664694811,	'testpro5',	'inr',	'credit',	100000,	500340.56,	600340.56,	'2025-07-14 14:38:02.723714+02',	NULL),
(311,	5664694811,	'testpro5',	'inr',	'credit',	100000,	600340.56,	700340.56,	'2025-07-14 14:38:02.745121+02',	NULL),
(312,	5664694811,	'testpro5',	'inr',	'credit',	100000,	700340.56,	800340.56,	'2025-07-14 14:38:02.842782+02',	NULL),
(317,	8159361759,	'raojima98',	'btc',	'credit',	3,	0,	3,	'2025-07-18 09:56:44.987911+02',	NULL),
(318,	8159361759,	'raojima98',	'usdt',	'credit',	600,	0,	600,	'2025-07-18 09:56:57.571803+02',	NULL),
(319,	2316169451,	'vpau1211',	'btc',	'credit',	2,	0.000000004557866196,	2.000000004557866,	'2025-07-18 10:02:27.692665+02',	NULL),
(320,	8862468355,	'sahab7890',	'btc',	'credit',	3,	0,	3,	'2025-07-18 10:12:03.493613+02',	NULL),
(321,	8862468355,	'sahab7890',	'usdt',	'credit',	600,	0,	600,	'2025-07-18 10:12:13.143877+02',	NULL),
(322,	2316169451,	'vpau1211',	'btc',	'credit',	0.09,	0.000000004557866196,	0.09000000455786619,	'2025-07-24 13:43:31.916092+02',	NULL),
(323,	5664694811,	'testpro5',	'inr',	'credit',	10000,	375,	10375,	'2025-07-29 21:07:16.153182+02',	NULL),
(324,	2627859968,	'testpro100',	'inr',	'credit',	10000000,	10038.8,	10010038.8,	'2025-08-07 13:37:55.036432+02',	NULL),
(325,	2627859968,	'testpro100',	'usdt',	'credit',	55000,	51892.43999975,	106892.43999975,	'2025-08-07 14:55:36.969394+02',	NULL),
(326,	5664694811,	'testpro5',	'inr',	'credit',	1000000,	10375,	1010375,	'2025-08-08 00:46:42.546387+02',	NULL),
(327,	2627859968,	'testpro100',	'inr',	'debit',	1000000,	10010038.8,	9010038.8,	'2025-08-11 11:27:15.542276+02',	NULL),
(328,	5664694811,	'testpro5',	'inr',	'debit',	1010375,	1010375,	0,	'2025-08-12 09:18:29.553001+02',	NULL),
(329,	5664694811,	'testpro5',	'inr',	'credit',	100000,	0,	100000,	'2025-08-12 09:18:46.436468+02',	NULL),
(330,	5664694811,	'testpro5',	'inr',	'debit',	90000,	99998,	9998,	'2025-08-13 13:32:59.051668+02',	NULL),
(331,	5664694811,	'testpro5',	'usdt',	'debit',	30,	50,	20,	'2025-08-13 13:33:32.555459+02',	NULL),
(332,	1633833479,	'test1',	'usdt',	'credit',	20,	0,	20,	'2025-08-13 13:37:55.236155+02',	NULL),
(333,	1633833479,	'test1',	'inr',	'credit',	2000,	0,	2000,	'2025-08-13 13:38:11.430047+02',	NULL),
(334,	1633833479,	'test1',	'inr',	'debit',	1500,	2000,	500,	'2025-08-13 13:39:28.234368+02',	NULL),
(335,	5664694811,	'testpro5',	'inr',	'credit',	4000,	401.1999999999998,	4401.2,	'2025-08-19 21:40:55.937064+02',	NULL),
(336,	4216414382,	'agentwork@gmail.com',	'inr',	'credit',	800,	0,	800,	'2025-09-03 15:02:18.532015+02',	NULL),
(337,	9173442326,	'testpro65',	'inr',	'debit',	100,	0,	0,	'2025-09-08 03:09:38.393991+02',	NULL),
(339,	3653799128,	'sinvitilla1211',	'inr',	'credit',	10000,	0,	10000,	'2025-09-08 07:17:31.040234+02',	NULL),
(340,	3653799128,	'sinvitilla1211',	'usdt',	'credit',	1000,	0,	1000,	'2025-09-08 07:17:42.174818+02',	NULL),
(341,	2316169451,	'vpau1211',	'inr',	'credit',	20000,	0.47575032,	20000.47575032,	'2025-09-09 00:24:35.266343+02',	NULL),
(342,	5664694811,	'testpro5',	'inr',	'credit',	1000,	9542.1,	10542.1,	'2025-09-09 10:14:49.465887+02',	NULL),
(343,	3653799128,	'sinvitilla1211',	'inr',	'credit',	50000,	159.00000000000003,	50159,	'2025-09-10 06:30:55.062983+02',	NULL),
(344,	3653799128,	'sinvitilla1211',	'usdt',	'credit',	2000,	1000,	3000,	'2025-09-10 06:31:21.780579+02',	NULL),
(345,	2316169451,	'vpau1211',	'inr',	'debit',	21.3758,	21.3757503199998,	0,	'2025-09-13 01:59:32.948645+02',	NULL),
(346,	2316169451,	'vpau1211',	'inr',	'credit',	100000,	0,	100000,	'2025-09-13 01:59:48.808537+02',	NULL),
(347,	2316169451,	'vpau1211',	'inr',	'debit',	127910,	227910,	100000,	'2025-09-13 10:51:57.329566+02',	NULL),
(1,	2386483727,	'testpro25',	'inr',	'credit',	200,	0,	200,	'2025-11-25 13:13:57.884754+01',	NULL),
(2,	2386483727,	'testpro25',	'usdt',	'debit',	910200,	910300.02,	100.02000000001863,	'2025-11-25 18:50:03.416791+01',	NULL),
(3,	2386483727,	'testpro25',	'inr',	'credit',	3000,	0,	3000,	'2025-12-01 14:00:30.561583+01',	NULL),
(6,	2386483727,	'testpro25',	'inr',	'debit',	4913,	5013,	100,	'2025-12-17 17:44:32.633095+01',	NULL),
(7,	2386483727,	'testpro25',	'usdt',	'debit',	100,	100.02,	0.01999999999999602,	'2025-12-17 17:45:12.191923+01',	NULL),
(8,	2386483727,	'testpro25',	'inr',	'debit',	100,	100,	0,	'2025-12-17 17:45:34.892124+01',	NULL);

CREATE TABLE "public"."wallets" (
    "address" text NOT NULL,
    "uid" bigint NOT NULL,
    "coin" text NOT NULL,
    "date" timestamptz DEFAULT now()
) WITH (oids = false);


CREATE TABLE "public"."windata_1m" (
    "uid" character varying(250),
    "sessionid" character varying(250),
    "winamount" bigint,
    "cointype" character varying(50)
) WITH (oids = false);

INSERT INTO "windata_1m" ("uid", "sessionid", "winamount", "cointype") VALUES
('5622472729',	'1729794146450',	95,	'usdt');

CREATE TABLE "public"."windata_2m" (
    "uid" character varying(250),
    "sessionid" character varying(250),
    "winamount" bigint,
    "cointype" character varying(50)
) WITH (oids = false);

INSERT INTO "windata_2m" ("uid", "sessionid", "winamount", "cointype") VALUES
('5622472729',	'1729710747953',	95,	'inr'),
('5622472729',	'1729710747953',	95,	'usdt'),
('5622472729',	'1729712550571',	95,	'usdt'),
('5622472729',	'1729794165062',	95,	'usdt'),
('5622472729',	'1729794285249',	95,	'usdt'),
('5622472729',	'1729797650430',	95,	'usdt');

CREATE TABLE "public"."windata_30s" (
    "uid" character varying(250),
    "sessionid" character varying(250),
    "winamount" bigint,
    "cointype" character varying(50)
) WITH (oids = false);

INSERT INTO "windata_30s" ("uid", "sessionid", "winamount", "cointype") VALUES
('9233277782',	'1729021496348',	20,	'usdt'),
('9233277782',	'1729021526456',	20,	'usdt'),
('9233277782',	'1729021526456',	95,	'usdt'),
('9233277782',	'1729021556559',	200,	'usdt'),
('9233277782',	'1729021606649',	950,	'usdt'),
('5622472729',	'1729021636824',	0,	'usdt'),
('5622472729',	'1729021636824',	0,	'usdt'),
('5622472729',	'1729021636824',	0,	'usdt'),
('5622472729',	'1729021697011',	0,	'usdt'),
('5622472729',	'1729021697011',	0,	'usdt'),
('5622472729',	'1729021697011',	0,	'usdt'),
('5622472729',	'1729021697011',	0,	'usdt'),
('5622472729',	'1729021697011',	0,	'usdt'),
('5622472729',	'1729021697011',	95,	'usdt'),
('5622472729',	'1729021697011',	0,	'usdt'),
('5622472729',	'1729021697011',	0,	'usdt'),
('5622472729',	'1729021697011',	0,	'usdt'),
('5622472729',	'1729021727146',	0,	'usdt'),
('5622472729',	'1729021727146',	0,	'usdt'),
('5622472729',	'1729021727146',	0,	'usdt'),
('5622472729',	'1729021727146',	0,	'usdt'),
('5622472729',	'1729021727146',	0,	'usdt'),
('5622472729',	'1729021727146',	0,	'usdt'),
('5622472729',	'1729021727146',	0,	'usdt'),
('5622472729',	'1729021727146',	0,	'usdt'),
('5622472729',	'1729021727146',	0,	'usdt'),
('5622472729',	'1729021727146',	0,	'usdt'),
('5622472729',	'1729021727146',	0,	'usdt'),
('5622472729',	'1729021727146',	0,	'usdt'),
('5622472729',	'1729021727146',	0,	'usdt'),
('5622472729',	'1729021727146',	0,	'usdt'),
('5622472729',	'1729021727146',	0,	'usdt'),
('5622472729',	'1729027493509',	95,	'usdt'),
('5622472729',	'1729027493509',	20,	'usdt'),
('5622472729',	'1729027583795',	0,	'usdt'),
('5622472729',	'1729027583795',	0,	'usdt'),
('5622472729',	'1729028396246',	95,	'usdt'),
('5622472729',	'1729028396246',	0,	'usdt'),
('5622472729',	'1729107605385',	0,	'usdt'),
('5622472729',	'1729107605385',	0,	'usdt'),
('9233277782',	'1729412604454',	20,	'trx'),
('9233277782',	'1729412604454',	20,	'trx'),
('7565738583',	'1729498192841',	95,	'usdt'),
('7565738583',	'1729498192841',	0,	'usdt'),
('7565738583',	'1729498192841',	0,	'usdt'),
('7565738583',	'1729498192841',	0,	'usdt'),
('7565738583',	'1729498192841',	0,	'usdt'),
('7565738583',	'1729498192841',	0,	'usdt'),
('5622472729',	'1729539809609',	0,	'usdt'),
('5622472729',	'1729539809609',	0,	'usdt'),
('5622472729',	'1729539870122',	95,	'usdt'),
('5622472729',	'1729539870122',	0,	'usdt'),
('5622472729',	'1729539870122',	0,	'usdt'),
('5622472729',	'1729540232330',	0,	'usdt'),
('5622472729',	'1729540232330',	95,	'usdt'),
('5622472729',	'1729541892805',	0,	'usdt'),
('5622472729',	'1729541892805',	0,	'usdt'),
('5622472729',	'1729541892805',	0,	'usdt'),
('5622472729',	'1729541892805',	0,	'usdt'),
('5622472729',	'1729541892805',	0,	'usdt'),
('5622472729',	'1729541892805',	0,	'usdt'),
('5622472729',	'1729541923057',	0,	'usdt'),
('5622472729',	'1729541923057',	0,	'usdt'),
('5622472729',	'1729541923057',	0,	'usdt'),
('5622472729',	'1729541953281',	95,	'usdt'),
('5622472729',	'1729541953281',	0,	'usdt'),
('5622472729',	'1729541953281',	20,	'usdt'),
('5622472729',	'1729541983492',	95,	'usdt'),
('5622472729',	'1729542043876',	95,	'usdt'),
('5622472729',	'1729542043876',	0,	'usdt'),
('5622472729',	'1729542043876',	20,	'usdt'),
('5622472729',	'1729542074052',	0,	'usdt'),
('5622472729',	'1729542074052',	0,	'usdt'),
('5622472729',	'1729542074052',	0,	'usdt'),
('5622472729',	'1729542074052',	0,	'usdt'),
('5622472729',	'1729542074052',	0,	'usdt'),
('5622472729',	'1729542074052',	0,	'usdt'),
('5622472729',	'1729542074052',	0,	'usdt'),
('5622472729',	'1729542074052',	0,	'usdt'),
('5622472729',	'1729542074052',	0,	'usdt'),
('5622472729',	'1729542074052',	0,	'usdt'),
('5622472729',	'1729542074052',	0,	'usdt'),
('5622472729',	'1729542074052',	0,	'usdt'),
('5622472729',	'1729542074052',	0,	'usdt'),
('5622472729',	'1729542164639',	0,	'usdt'),
('5622472729',	'1729542164639',	0,	'usdt'),
('5622472729',	'1729542164639',	0,	'usdt'),
('5622472729',	'1729542164639',	0,	'usdt'),
('5622472729',	'1729542164639',	0,	'usdt'),
('5622472729',	'1729542949651',	0,	'usdt'),
('5622472729',	'1729542949651',	0,	'usdt'),
('5622472729',	'1729542949651',	0,	'usdt'),
('5622472729',	'1729542949651',	0,	'usdt'),
('5622472729',	'1729542949651',	0,	'usdt'),
('5622472729',	'1729542949651',	0,	'usdt'),
('5622472729',	'1729542949651',	0,	'usdt'),
('5622472729',	'1729542949651',	0,	'usdt'),
('5622472729',	'1729542949651',	0,	'usdt'),
('5622472729',	'1729542949651',	0,	'usdt'),
('5622472729',	'1729542949651',	0,	'usdt'),
('5622472729',	'1729542949651',	0,	'usdt'),
('5622472729',	'1729542949651',	0,	'usdt'),
('5622472729',	'1729543070472',	0,	'usdt'),
('5622472729',	'1729543070472',	0,	'usdt'),
('5622472729',	'1729543070472',	0,	'usdt'),
('5622472729',	'1729543070472',	0,	'usdt'),
('5622472729',	'1729543070472',	0,	'usdt'),
('5622472729',	'1729543312051',	0,	'eth'),
('5622472729',	'1729543312051',	0,	'eth'),
('5622472729',	'1729543312051',	0,	'eth'),
('5622472729',	'1729543312051',	95,	'eth'),
('5622472729',	'1729543312051',	0,	'eth'),
('5622472729',	'1729543312051',	0,	'eth'),
('5622472729',	'1729543312051',	0,	'eth'),
('5622472729',	'1729543312051',	0,	'eth'),
('5622472729',	'1729543312051',	0,	'eth'),
('5622472729',	'1729543312051',	0,	'eth'),
('5622472729',	'1729543312051',	0,	'eth'),
('5622472729',	'1729543312051',	0,	'eth'),
('5622472729',	'1729543312051',	0,	'eth'),
('5622472729',	'1729543312051',	20,	'eth'),
('5622472729',	'1729543312051',	0,	'eth'),
('5622472729',	'1729543312051',	0,	'eth'),
('5622472729',	'1729545184707',	0,	'usdt'),
('5622472729',	'1729545184707',	0,	'usdt'),
('5622472729',	'1729545184707',	0,	'usdt'),
('5622472729',	'1729545184707',	0,	'usdt'),
('5622472729',	'1729545184707',	0,	'usdt'),
('5622472729',	'1729545184707',	0,	'usdt'),
('5622472729',	'1729545184707',	0,	'usdt'),
('5622472729',	'1729545184707',	0,	'usdt'),
('5622472729',	'1729545184707',	0,	'usdt'),
('5622472729',	'1729545184707',	0,	'usdt'),
('5622472729',	'1729545184707',	0,	'usdt'),
('5622472729',	'1729545184707',	0,	'usdt'),
('5622472729',	'1729545184707',	0,	'usdt'),
('5622472729',	'1729545335751',	0,	'usdt'),
('5622472729',	'1729545335751',	0,	'usdt'),
('5622472729',	'1729545335751',	0,	'usdt'),
('5622472729',	'1729545335751',	0,	'usdt'),
('5622472729',	'1729545335751',	0,	'usdt'),
('5622472729',	'1729545335751',	0,	'usdt'),
('5622472729',	'1729545335751',	0,	'usdt'),
('5622472729',	'1729545335751',	0,	'usdt'),
('5622472729',	'1729545335751',	0,	'usdt'),
('5622472729',	'1729545335751',	0,	'usdt'),
('5622472729',	'1729545396359',	0,	'usdt'),
('5622472729',	'1729545396359',	0,	'usdt'),
('5622472729',	'1729545396359',	0,	'usdt'),
('5622472729',	'1729545396359',	0,	'usdt'),
('5622472729',	'1729545396359',	0,	'usdt'),
('5622472729',	'1729545396359',	0,	'usdt'),
('5622472729',	'1729545396359',	0,	'usdt'),
('5622472729',	'1729545396359',	0,	'usdt'),
('5622472729',	'1729545396359',	0,	'usdt'),
('5622472729',	'1729545396359',	0,	'usdt'),
('5622472729',	'1729545396359',	0,	'usdt'),
('5622472729',	'1729545396359',	0,	'usdt'),
('5622472729',	'1729545396359',	0,	'usdt'),
('5622472729',	'1729545396359',	0,	'usdt'),
('5622472729',	'1729545396359',	0,	'usdt'),
('5622472729',	'1729545396359',	0,	'usdt'),
('5622472729',	'1729545396359',	0,	'usdt'),
('5622472729',	'1729545396359',	0,	'usdt'),
('5622472729',	'1729545396359',	0,	'usdt'),
('5622472729',	'1729545396359',	0,	'usdt'),
('5622472729',	'1729545426719',	95,	'usdt'),
('5622472729',	'1729793243792',	95,	'usdt'),
('5622472729',	'1729793243792',	0,	'usdt'),
('5622472729',	'1729794905887',	95,	'usdt'),
('5622472729',	'1729798986181',	95,	'usdt');

DROP SEQUENCE IF EXISTS withdrawals_id_seq;
CREATE SEQUENCE withdrawals_id_seq INCREMENT 1 MINVALUE 1 MAXVALUE 2147483647 START 1 CACHE 1;

CREATE TABLE "public"."withdrawals" (
    "uid" bigint NOT NULL,
    "date" timestamptz DEFAULT now() NOT NULL,
    "amount" numeric NOT NULL,
    "wallet" text NOT NULL,
    "status" text NOT NULL,
    "coin" text NOT NULL,
    "id" integer DEFAULT nextval('withdrawals_id_seq') NOT NULL,
    "chain" text,
    CONSTRAINT "withdrawals_pkey" PRIMARY KEY ("id")
) WITH (oids = false);

INSERT INTO "withdrawals" ("uid", "date", "amount", "wallet", "status", "coin", "id", "chain") VALUES
(8979223287,	'2025-05-04 08:50:50.087363+02',	51.00000000,	'TR27K7QTbnt6iNRXV1GLpv6iEMryXCmBWP',	'Done',	'usdt',	36,	'TRON TRC 20'),
(9341739861,	'2025-05-04 11:15:59.887799+02',	55.00000000,	'0x0081e68De669C910B0dE05C30Cf7B873bed15609',	'Done',	'usdt',	37,	'Ethereum ERC20'),
(9341739861,	'2025-05-05 03:58:07.641357+02',	5.10000000,	'0x05433df17D2B1b9F3096292EFe94d3B71912084F',	'Wager Not Completed',	'usdt',	38,	'Ethereum Network'),
(9341739861,	'2025-05-05 04:54:00.424717+02',	6.49000000,	'0x05433df17D2B1b9F3096292EFe94d3B71912084F',	'Wager Not Completed',	'usdt',	39,	'Ethereum ERC-20'),
(2623884987,	'2025-05-06 04:24:04.298548+02',	255.00000000,	'TXagtpS6JJsf5PSw4iVqyyVDcp8TryTmPH',	'Done',	'usdt',	40,	'Tron'),
(5664694811,	'2025-05-02 21:28:27.867031+02',	100.00000000,	'Hhavanaka',	'Done',	'usdt',	30,	'Gakjavavabaj'),
(1518654639,	'2025-05-04 05:12:01.605439+02',	20.00000000,	'TR27K7QTbnt6iNRXV1GLpv6iEMryXCmBWP',	'Wager Not Completed',	'usdt',	31,	'Tron TRC20'),
(1999615615,	'2025-05-31 15:21:53.737194+02',	19.80000000,	'0x8b0e356cf056bc868710cb25dfac5c49194d9d5a',	'Rejected',	'usdt',	43,	'BEP20'),
(1999615615,	'2025-05-31 16:23:06.992204+02',	19.80000000,	'0x8b0e356cf056bc868710cb25dfac5c49194d9d5a',	'Rejected',	'usdt',	44,	'BEP20 (BSC)'),
(2579393191,	'2025-06-03 12:08:17.009766+02',	20.00000000,	'qdbqs sanbghvcxzuktrewdsxzcv',	'Done',	'usdt',	45,	'trc20'),
(2316169451,	'2025-07-17 05:31:38.042346+02',	452.00000000,	'TK8RWoqK36e8hUaDwgyxoYBe2oKRZoAN3B',	'Done',	'usdt',	46,	'TRC20'),
(1633833479,	'2025-08-14 20:39:32.69754+02',	24.85698075,	'TAeEwD8MtVDhJwkuhNie7v8ZDqwYmd8ffE',	'Done',	'usdt',	47,	'Tron'),
(5736888845,	'2025-05-04 06:44:20.284661+02',	12.00000000,	'0x471013c2684752416c318576fDD412b06d6c494b',	'Done',	'usdt',	35,	'Ethereum Network');

CREATE VIEW "prioritized_gis_compat" AS SELECT p.id,
    p.provider,
    string_agg(i.uuid, ','::text ORDER BY i."position") AS game_uuids,
    p.created_at,
    p.updated_at
   FROM (prioritized_gis_games p
     JOIN prioritized_gis_game_items i ON ((i.prioritized_id = p.id)))
  GROUP BY p.id, p.provider, p.created_at, p.updated_at;

CREATE VIEW "v_fx" AS SELECT upper((exchangerate.currency)::text) AS cc,
    (exchangerate.usd_rate)::numeric AS usd_rate
   FROM exchangerate;

CREATE VIEW "v_staff_rollup" AS WITH RECURSIVE t AS (
         SELECT staff.id AS ancestor_id,
            staff.id AS descendant_id
           FROM staff
        UNION ALL
         SELECT t_1.ancestor_id,
            s.id
           FROM (t t_1
             JOIN staff s ON ((s.parent_id = t_1.descendant_id)))
        )
 SELECT t.ancestor_id AS staff_id,
    sum(sb.inr) AS tree_balance,
    max(sb2.inr) AS own_balance
   FROM ((t
     LEFT JOIN staff_balances sb ON ((sb.staff_id = t.descendant_id)))
     LEFT JOIN staff_balances sb2 ON ((sb2.staff_id = t.ancestor_id)))
  GROUP BY t.ancestor_id;

-- 2026-01-13 20:16:23.842804+01
